000
CXUS51 KLWX 030117
CF6MRB
PRELIMINARY LOCAL CLIMATOLOGICAL DATA (WS FORM: F-6)
STATION: MARTINSBURG WV
MONTH: APRIL
YEAR: 2020
LATITUDE: 39 24 N
LONGITUDE: 77 58 W
TEMPERATURE IN F: :PCPN: SNOW: WIND :SUNSHINE: SKY :PK WND
================================================================================
1 2 3 4 5 6A 6B 7 8 9 10 11 12 13 14 15 16 17 18
12Z AVG MX 2MIN
DY MAX MIN AVG DEP HDD CDD WTR SNW DPTH SPD SPD DIR MIN PSBL S-S WX SPD DR
================================================================================
1 55 39 47 -1 18 0 0.06 M M 7.9 22 290 M M 8 1 28 280
2 61 39 50 2 15 0 0.00 M M 15.3 28 320 M M 0 37 310
3 65 44 55 7 10 0 0.00 M M 15.6 31 320 M M 0 45 310
4 60 41 51 2 14 0 0.00 M M 4.7 13 20 M M 7 18 30
5 69 36 53 4 12 0 T M M 3.1 20 260 M M 5 1 22 260
6 69 45 57 8 8 0 0.00 M M 5.9 16 340 M M 2 22 330
7 68 47 58 8 7 0 0.16 M M 2.4 13 360 M M 7 12 18 290
8 74 49 62 12 3 0 0.11 M M 9.5 32 330 M M 4 13 42 340
9 64 38 51 1 14 0 0.35 M M 15.9 43 280 M M 5 1 55 280
10 49 39 44 -7 21 0 0.00 M M 17.3 37 290 M M 5 52 280
11 60 36 48 -3 17 0 0.00 M M 8.6 22 270 M M 3 28 280
12 68 34 51 0 14 0 0.35 M M 5.8 17 160 M M 6 18 23 170
13 75 47 61 9 4 0 0.49 M M 16.2 40 270 M M 6 13 56 270
14 54 37 46 -6 19 0 0.16 M M 6.1 17 330 M M 6 1 24 320
15 53 32 43 -9 22 0 0.00 M M 6.8 20 310 M M 2 24 320
16 50 31 41 -12 24 0 0.00 M M 10.3 26 270 M M 5 35 270
17 58 28 43 -10 22 0 0.05 M M 4.4 18 160 M M 7 1 25 160
18 53 34 44 -9 21 0 0.04 M M 7.7 21 290 M M 7 1 27 320
19 63 28 46 -8 19 0 0.00 M M 5.1 13 160 M M 0 8 25 230
20 63 40 52 -2 13 0 0.00 M M 4.2 14 10 M M 3 19 340
21 63 38 51 -3 14 0 T M M 14.5 41 300 M M 4 52 280
22 58 37 48 -6 17 0 0.00 M M 13.1 26 260 M M 2 34 260
23 58 37 48 -7 17 0 0.19 M M 4.4 12 140 M M 5 1 16 100
24 57 48 53 -2 12 0 0.40 M M 6.3 13 30 M M 10 1 17 20
25 64 45 55 0 10 0 0.09 M M 4.9 15 150 M M 7 12 20 170
26 51 44 48 -8 17 0 0.59 M M 6.9 16 10 M M 10 1 20 10
27 60 39 50 -6 15 0 0.05 M M 8.8 22 330 M M 7 1 30 300
28 51 38 45 -11 20 0 0.15 M M 2.6 9 180 M M 8 1 13 160
29 71 39 55 -1 10 0 T M M 6.7 18 170 M M 4 12 26 100
30 65 51 58 1 7 0 1.16 M M 5.6 20 160 M M 9 1 27 150
================================================================================
SM 1829 1180 436 0 4.40 M 246.6 M 154
================================================================================
AV 61.0 39.3 8.2 FASTST M M 5 MAX(MPH)
MISC ----> 43 280 56 270
================================================================================
NOTES:
# LAST OF SEVERAL OCCURRENCES
COLUMN 17 PEAK WIND IN M.P.H.
PRELIMINARY LOCAL CLIMATOLOGICAL DATA (WS FORM: F-6) , PAGE 2
STATION: MARTINSBURG WV
MONTH: APRIL
YEAR: 2020
LATITUDE: 39 24 N
LONGITUDE: 77 58 W
[TEMPERATURE DATA] [PRECIPITATION DATA] SYMBOLS USED IN COLUMN 16
AVERAGE MONTHLY: 50.2 TOTAL FOR MONTH: 4.40 1 = FOG OR MIST
DPTR FM NORMAL: -2.2 DPTR FM NORMAL: 1.06 2 = FOG REDUCING VISIBILITY
HIGHEST: 75 ON 13 GRTST 24HR 1.16 ON 30-30 TO 1/4 MILE OR LESS
LOWEST: 28 ON 19,17 3 = THUNDER
SNOW, ICE PELLETS, HAIL 4 = ICE PELLETS
TOTAL MONTH: M 5 = HAIL
GRTST 24HR M ON M 6 = FREEZING RAIN OR DRIZZLE
GRTST DEPTH: M ON M 7 = DUSTSTORM OR SANDSTORM:
VSBY 1/2 MILE OR LESS
8 = SMOKE OR HAZE
[NO. OF DAYS WITH] [WEATHER - DAYS WITH] 9 = BLOWING SNOW
X = TORNADO
MAX 32 OR BELOW: 0 0.01 INCH OR MORE: 16
MAX 90 OR ABOVE: 0 0.10 INCH OR MORE: 11
MIN 32 OR BELOW: 4 0.50 INCH OR MORE: 2
MIN 0 OR BELOW: 0 1.00 INCH OR MORE: 1
[HDD (BASE 65) ]
TOTAL THIS MO. 436 CLEAR (SCALE 0-3) 8
DPTR FM NORMAL 49 PTCLDY (SCALE 4-7) 17
TOTAL FM JUL 1 4391 CLOUDY (SCALE 8-10) 5
DPTR FM NORMAL -664
[CDD (BASE 65) ]
TOTAL THIS MO. 0
DPTR FM NORMAL -8 [PRESSURE DATA]
TOTAL FM JAN 1 1 HIGHEST SLP 30.34 ON 17
DPTR FM NORMAL -8 LOWEST SLP 29.32 ON 9
[REMARKS]
#FINAL-04-20#