557
CXUS54 KMAF 011210
CF6MRF
PRELIMINARY LOCAL CLIMATOLOGICAL DATA (WS FORM: F-6)
STATION: MARFA
MONTH: DECEMBER
YEAR: 2020
LATITUDE: 30 22 N
LONGITUDE: 104 1 W
TEMPERATURE IN F: :PCPN: SNOW: WIND :SUNSHINE: SKY :PK WND
================================================================================
1 2 3 4 5 6A 6B 7 8 9 10 11 12 13 14 15 16 17 18
12Z AVG MX 2MIN
DY MAX MIN AVG DEP HDD CDD WTR SNW DPTH SPD SPD DIR MIN PSBL S-S WX SPD DR
================================================================================
1 61 20 41 M 24 0 M M M 7.7 20 250 M M 0 26 250
2 43 27 35 M 30 0 M M M 18.0 26 360 M M 0 33 10
3 40 20 30 M 35 0 M M M 12.5 20 10 M M 0 24 10
4 50 14 32 M 33 0 M M M 7.3 14 50 M M 1 17 40
5 36 21 29 M 36 0 0.27 M M 4.4 10 190 M M 8 12 M M
6 55 16 36 M 29 0 M M M 4.8 10 260 M M 0 M M
7 61 22 42 M 23 0 M M M 4.6 10 40 M M 0 M M
8 63 26 45 M 20 0 M M M 4.7 8 330 M M 0 M M
9 70 26 48 M 17 0 M M M 5.8 13 240 M M 0 21 220
10 72 33 53 M 12 0 0.05 M M 10.1 22 180 M M 4 35 270
11 59 37 48 M 17 0 M M M 13.6 24 240 M M 0 32 260
12 65 22 44 M 21 0 M M M 8.1 20 200 M M 0 25 200
13 49 28 39 M 26 0 M M M 14.1 29 300 M M 0 40 300
14 53 14 34 M 31 0 M M M 8.1 18 170 M M 0 21 180
15 51 20 36 M 29 0 M M M 11.7 25 280 M M 0 40 260
16 53 12 33 M 32 0 M M M 8.9 21 260 M M 0 31 280
17 58 15 37 M 28 0 M M M 6.2 13 160 M M 0 M M
18 64 20 42 M 23 0 M M M 7.0 15 240 M M 0 M M
19 57 22 40 M 25 0 M M M 9.6 20 280 M M 0 28 270
20 60 20 40 M 25 0 M M M 8.0 20 280 M M 0 M M
21 67 21 44 M 21 0 M M M 5.7 12 160 M M 0 M M
22 68 22 45 M 20 0 0.00 M M 7.2 18 260 M M 0 24 260
23 63 28 46 M 19 0 M M M 15.4 29 260 M M 0 40 260
24 51 9 30 M 35 0 M M M 10.3 23 10 M M 0 M M
25 56 11 34 M 31 0 T M M 5.8 10 170 M M 2 M M
26 64 26 45 M 20 0 M M M 10.4 23 260 M M 0 30 230
27 69 29 49 M 16 0 M M M 7.7 14 260 M M 0 17 260
28 70 31 51 M 14 0 M M M 6.9 13 140 M M 0 16 170
29 72 29 51 M 14 0 M M M 9.1 25 180 M M 1 32 180
30 43 27 35 M 30 0 T M M 22.0 39 20 M M 7 12 46 20
31 37 15 26 M 39 0 0.02 M M 10.3 26 10 M M 7 1 32 10
================================================================================
SM 1780 683 775 0 0.34 M 286.0 M 30
================================================================================
AV 57.4 22.0 9.2 FASTST M M 1 MAX(MPH)
MISC ----> 39 20 46 20
================================================================================
NOTES:
# LAST OF SEVERAL OCCURRENCES
COLUMN 17 PEAK WIND IN M.P.H.
PRELIMINARY LOCAL CLIMATOLOGICAL DATA (WS FORM: F-6) , PAGE 2
STATION: MARFA
MONTH: DECEMBER
YEAR: 2020
LATITUDE: 30 22 N
LONGITUDE: 104 1 W
[TEMPERATURE DATA] [PRECIPITATION DATA] SYMBOLS USED IN COLUMN 16
AVERAGE MONTHLY: 39.7 TOTAL FOR MONTH: 0.34 1 = FOG OR MIST
DPTR FM NORMAL: 0.0 DPTR FM NORMAL: M 2 = FOG REDUCING VISIBILITY
HIGHEST: 72 ON 29,10 GRTST 24HR 0.27 ON 5- 5 TO 1/4 MILE OR LESS
LOWEST: 9 ON 24 3 = THUNDER
SNOW, ICE PELLETS, HAIL 4 = ICE PELLETS
TOTAL MONTH: M 5 = HAIL
GRTST 24HR M ON M 6 = FREEZING RAIN OR DRIZZLE
GRTST DEPTH: M ON M 7 = DUSTSTORM OR SANDSTORM:
VSBY 1/2 MILE OR LESS
8 = SMOKE OR HAZE
[NO. OF DAYS WITH] [WEATHER - DAYS WITH] 9 = BLOWING SNOW
X = TORNADO
MAX 32 OR BELOW: 0 0.01 INCH OR MORE: 3
MAX 90 OR ABOVE: 0 0.10 INCH OR MORE: 1
MIN 32 OR BELOW: 29 0.50 INCH OR MORE: 0
MIN 0 OR BELOW: 0 1.00 INCH OR MORE: 0
[HDD (BASE 65) ]
TOTAL THIS MO. 775 CLEAR (SCALE 0-3) 27
DPTR FM NORMAL M PTCLDY (SCALE 4-7) 4
TOTAL FM JUL 1 1324 CLOUDY (SCALE 8-10) 0
DPTR FM NORMAL M
[CDD (BASE 65) ]
TOTAL THIS MO. 0
DPTR FM NORMAL M [PRESSURE DATA]
TOTAL FM JAN 1 1325 HIGHEST SLP M ON M
DPTR FM NORMAL M LOWEST SLP M ON M
[REMARKS]
#FINAL-12-20#