000
CXUS53 KMPX 011923
CLMMSP
CLIMATE REPORT
NATIONAL WEATHER SERVICE TWIN CITIES/CHANHASSEN MN
123 PM CST FRI DEC 01 2023
...................................
...THE TWIN CITIES MN CLIMATE SUMMARY FOR THE MONTH OF NOVEMBER 2023...
CLIMATE NORMAL PERIOD 1991 TO 2020
CLIMATE RECORD PERIOD 1871 TO 2023
WEATHER OBSERVED NORMAL DEPART LAST YEAR`S
VALUE DATE(S) VALUE FROM VALUE DATE(S)
NORMAL
................................................................
TEMPERATURE (F)
RECORD
HIGH 77 11/08/1999
LOW -25 11/29/1875
HIGHEST 69 11/16 55 14 76 11/02
LOWEST 8 11/28 15 -7 10 11/20
AVG. MAXIMUM 47.2 41.9 5.3 42.3
AVG. MINIMUM 29.8 27.7 2.1 27.8
MEAN 38.5 34.8 3.7 35.0
DAYS MAX >= 90 0 0.0 0.0 0
DAYS MAX <= 32 4 6.6 -2.6 9
DAYS MIN <= 32 18 20.9 -2.9 22
DAYS MIN <= 0 0 0.4 -0.4 0
PRECIPITATION (INCHES)
RECORD
MAXIMUM 5.29 1991
MINIMUM 0.02 1939
TOTALS 0.04 1.61 -1.57 2.40
DAILY AVG. 0.00 0.05 -0.05 0.08
DAYS >= .01 4 8.3 -4.3 12
DAYS >= .10 0 3.6 -3.6 6
DAYS >= .50 0 1.0 -1.0 2
DAYS >= 1.00 0 0.3 -0.3 0
GREATEST
24 HR. TOTAL 0.01 11/26 TO 11/26
11/25 TO 11/25
11/07 TO 11/07
SNOWFALL (INCHES)
RECORDS
TOTAL 46.9 5
TOTALS 0.5 6.8 -6.3 13.0
SINCE 7/1 3.2 7.6 -4.4 MM
SNOWDEPTH AVG. T 1
DAYS >= 1.0 0 1.9 -1.9 2
GREATEST
SNOW DEPTH MM 7 11/30
24 HR TOTAL 0.4 11/25 TO 11/25
DEGREE DAYS
HEATING TOTAL 788 906 -118 893
SINCE 7/1 1251 1537 -286 MM
COOLING TOTAL 0 0 0 0
SINCE 1/1 1232 830 402 MM
................................................................
WIND (MPH)
AVERAGE WIND SPEED 8.8
HIGHEST WIND SPEED/DIRECTION 35/310 DATE 11/26
HIGHEST GUST SPEED/DIRECTION 48/270 DATE 11/16
SKY COVER
POSSIBLE SUNSHINE (PERCENT) MM
AVERAGE SKY COVER 0.50
NUMBER OF DAYS FAIR 11
NUMBER OF DAYS PC 11
NUMBER OF DAYS CLOUDY 8
AVERAGE RH (PERCENT) 61
WEATHER CONDITIONS. NUMBER OF DAYS WITH
THUNDERSTORM 0 MIXED PRECIP 0
HEAVY RAIN 0 RAIN 0
LIGHT RAIN 2 FREEZING RAIN 0
LT FREEZING RAIN 0 HAIL 0
HEAVY SNOW 0 SNOW 0
LIGHT SNOW 2 SLEET 0
FOG 5 FOG W/VIS <= 1/4 MILE 0
HAZE 3
- INDICATES NEGATIVE NUMBERS.
R INDICATES RECORD WAS SET OR TIED.
MM INDICATES DATA IS MISSING.
T INDICATES TRACE AMOUNT.
$$