000
CXUS52 KKEY 011549 CCA
CF6MTH
PRELIMINARY LOCAL CLIMATOLOGICAL DATA (WS FORM: F-6)...CORRECTED
STATION: MARATHON
MONTH: AUGUST
YEAR: 2020
LATITUDE: 24 43 N
LONGITUDE: 81 5 W
TEMPERATURE IN F: :PCPN: SNOW: WIND :SUNSHINE: SKY :PK WND
================================================================================
1 2 3 4 5 6A 6B 7 8 9 10 11 12 13 14 15 16 17 18
12Z AVG MX 2MIN
DY MAX MIN AVG DEP HDD CDD WTR SNW DPTH SPD SPD DIR MIN PSBL S-S WX SPD DR
================================================================================
1 89 79 84 -2 0 19 0.01 0.0 0 12.3 21 30 M M 2 8 27 40
2 93 81 87 1 0 22 0.00 0.0 0 8.6 15 280 M M 2 20 280
3 90 83 87 1 0 22 0.00 0.0 0 5.2 10 220 M M 2 14 200
4 90 82 86 0 0 21 0.33 0.0 0 6.1 12 130 M M 2 38 17 180
5 91 82 87 1 0 22 0.00 0.0 0 6.5 13 190 M M 1 21 200
6 92 82 87 1 0 22 0.00 0.0 0 5.2 9 80 M M 1 15 210
7 92 83 88 2 0 23 0.00 0.0 0 6.8 12 60 M M 1 16 120
8 92 81 87 1 0 22 0.05 0.0 0 8.1 12 110 M M 1 1 17 110
9 92 83 88 2 0 23 T 0.0 0 6.1 12 80 M M 1 15 130
10 92 83 88 2 0 23 0.00 0.0 0 6.5 12 80 M M 1 21 190
11 93 83 88 2 0 23 0.00 0.0 0 6.6 12 90 M M 1 16 90
12 91 80 86 0 0 21 0.12 0.0 0 7.8 18 80 M M 1 3 25 90
13 92 79 86 0 0 21 0.08 0.0 0 7.0 14 90 M M 1 13 19 110
14 92 80 86 0 0 21 0.08 0.0 0 8.1 15 110 M M 2 22 110
15 92 81 87 1 0 22 0.00 0.0 0 6.0 10 120 M M 1 14 120
16 92 82 87 2 0 22 0.00 0.0 0 4.3 8 160 M M 1 13 190
17 92 82 87 2 0 22 0.00 0.0 0 4.2 8 160 M M 1 11 150
18 92 81 87 2 0 22 0.00 0.0 0 4.6 13 350 M M 1 3 20 40
19 93 78 86 1 0 21 0.01 0.0 0 6.6 25 20 M M 2 3 35 20
20 92 77 85 0 0 20 0.25 0.0 0 6.7 13 200 M M 2 13 19 190
21 91 76 84 -1 0 19 0.18 0.0 0 9.1 16 130 M M 3 13 24 240
22 91 80 86 1 0 21 0.04 0.0 0 11.0 20 130 M M 2 18 27 120
23 92 81 87 2 0 22 0.06 0.0 0 13.0 23 60 M M 2 18 31 70
24 89 77 83 -2 0 18 0.42 0.0 0 17.3 29 110 M M 5 18 41 110
25 91 83 87 2 0 22 T 0.0 0 12.9 21 120 M M 2 33 120
26 91 79 85 0 0 20 0.04 0.0 0 7.9 16 130 M M 1 1 28 130
27 91 77 84 -1 0 19 0.11 0.0 0 6.4 13 150 M M 2 1 22 150
28 92 83 88 3 0 23 0.00 0.0 0 6.9 12 130 M M 1 18 140
29 92 83 88 3 0 23 0.00 0.0 0 4.9 9 150 M M 1 13 140
30 91 81 86 1 0 21 0.00 0.0 0 3.4 9 160 M M 0 11 160
31 92 82 87 2 0 22 0.00 0.0 0 5.1 13 50 M M 1 14 50
================================================================================
SM 2837 2504 0 664 1.78 0.0 231.2 M 47
================================================================================
AV 91.5 80.8 7.5 FASTST M M 2 MAX(MPH)
MISC ----> # 29 110 # 41 110
================================================================================
NOTES:
# LAST OF SEVERAL OCCURRENCES
COLUMN 17 PEAK WIND IN M.P.H.
PRELIMINARY LOCAL CLIMATOLOGICAL DATA (WS FORM: F-6) , PAGE 2
STATION: MARATHON
MONTH: AUGUST
YEAR: 2020
LATITUDE: 24 43 N
LONGITUDE: 81 5 W
[TEMPERATURE DATA] [PRECIPITATION DATA] SYMBOLS USED IN COLUMN 16
AVERAGE MONTHLY: 86.1 TOTAL FOR MONTH: 1.78 1 = FOG OR MIST
DPTR FM NORMAL: 0.8 DPTR FM NORMAL: -5.21 2 = FOG REDUCING VISIBILITY
HIGHEST: 93 ON 19,11 GRTST 24HR 0.42 ON 24-24 TO 1/4 MILE OR LESS
LOWEST: 76 ON 21 3 = THUNDER
SNOW, ICE PELLETS, HAIL 4 = ICE PELLETS
TOTAL MONTH: 0.0 INCH 5 = HAIL
GRTST 24HR 0.0 6 = FREEZING RAIN OR DRIZZLE
GRTST DEPTH: 0 7 = DUSTSTORM OR SANDSTORM:
VSBY 1/2 MILE OR LESS
8 = SMOKE OR HAZE
[NO. OF DAYS WITH] [WEATHER - DAYS WITH] 9 = BLOWING SNOW
X = TORNADO
MAX 32 OR BELOW: 0 0.01 INCH OR MORE: 14
MAX 90 OR ABOVE: 29 0.10 INCH OR MORE: 6
MIN 32 OR BELOW: 0 0.50 INCH OR MORE: 0
MIN 0 OR BELOW: 0 1.00 INCH OR MORE: 0
[HDD (BASE 65) ]
TOTAL THIS MO. 0 CLEAR (SCALE 0-3) 30
DPTR FM NORMAL 0 PTCLDY (SCALE 4-7) 1
TOTAL FM JUL 1 0 CLOUDY (SCALE 8-10) 0
DPTR FM NORMAL 0
[CDD (BASE 65) ]
TOTAL THIS MO. 664
DPTR FM NORMAL 35 [PRESSURE DATA]
TOTAL FM JAN 1 3908 HIGHEST SLP M ON M
DPTR FM NORMAL 522 LOWEST SLP 29.82 ON M
[REMARKS]
#FINAL-08-20#
CORRECTED AVERAGE MONTHLY TEMPERATURE, DUE TO KNOWN ROUNDING ISSUE.
ROSS