000
CXUS55 KGJT 011644
CF6MTJ
PRELIMINARY LOCAL CLIMATOLOGICAL DATA (WS FORM: F-6)
STATION: MONTROSE CO
MONTH: JUNE
YEAR: 2020
LATITUDE: 38 30 N
LONGITUDE: 107 53 W
TEMPERATURE IN F: :PCPN: SNOW: WIND :SUNSHINE: SKY :PK WND
================================================================================
1 2 3 4 5 6A 6B 7 8 9 10 11 12 13 14 15 16 17 18
12Z AVG MX 2MIN
DY MAX MIN AVG DEP HDD CDD WTR SNW DPTH SPD SPD DIR MIN PSBL S-S WX SPD DR
================================================================================
1 86 54 70 6 0 5 0.00 M M 6.3 15 340 M M 0 20 270
2 91 55 73 9 0 8 0.00 M M 7.9 17 310 M M 0 22 310
3 89 53 71 7 0 6 0.00 M M 8.0 17 330 M M 0 8 27 340
4 90 59 75 10 0 10 0.00 M M 8.0 18 240 M M 0 28 260
5 94 55 75 10 0 10 T M M 11.9 44 160 M M 1 38 60 160
6 82 59 71 6 0 6 0.02 M M 12.7 35 210 M M 4 3 54 190
7 82 55 69 3 0 4 0.00 M M 13.6 35 220 M M 1 8 49 220
8 76 40 58 -8 7 0 0.09 M M 15.0 35 320 M M 3 51 320
9 65 41 53 -13 12 0 0.01 M M 6.9 15 320 M M 3 19 320
10 76 42 59 -8 6 0 0.00 M M 7.5 15 310 M M 0 20 300
11 86 46 66 -1 0 1 0.00 M M 7.2 16 360 M M 0 24 330
12 90 49 70 3 0 5 0.00 M M 7.6 23 230 M M 0 37 210
13 89 61 75 7 0 10 T M M 15.6 36 160 M M 1 3 45 170
14 86 55 71 3 0 6 0.00 M M 13.7 28 200 M M 0 42 230
15 89 52 71 3 0 6 0.00 M M 10.2 24 220 M M 0 34 220
16 88 55 72 4 0 7 0.00 M M 14.9 31 190 M M 0 50 240
17 86 61 74 5 0 9 0.00 M M 12.6 25 240 M M 0 38 210
18 80 47 64 -5 1 0 0.00 M M 7.8 16 360 M M 0 22 330
19 81 57 69 0 0 4 0.00 M M 8.9 24 240 M M 2 34 240
20 85 48 67 -3 0 2 0.00 M M 8.0 16 330 M M 0 22 340
21 88 53 71 1 0 6 0.00 M M 6.5 13 300 M M 0 19 310
22 90 56 73 3 0 8 0.00 M M 8.5 20 340 M M 0 29 350
23 91 56 74 4 0 9 0.00 M M 7.8 15 340 M M 0 22 330
24 93 57 75 4 0 10 0.00 M M 7.7 15 340 M M 0 21 330
25 93 62 78 7 0 13 0.08 M M 9.6 24 210 M M 0 38 35 210
26 91 55 73 2 0 8 0.00 M M 8.8 48 320 M M 0 38 68 310
27 88 53 71 -1 0 6 T M M 9.3 26 250 M M 0 39 260
28 90 60 75 3 0 10 T M M 11.1 28 240 M M 0 40 230
29 86 57 72 0 0 7 0.00 M M 17.0 31 250 M M 1 46 240
30 78 48 63 -9 2 0 0.03 M M 9.6 23 330 M M 1 32 280
================================================================================
SM 2579 1601 28 176 0.23 M 300.2 M 17
================================================================================
AV 86.0 53.4 10.0 FASTST M M 1 MAX(MPH)
MISC ----> # 48 320 # 68 310
================================================================================
NOTES:
# LAST OF SEVERAL OCCURRENCES
COLUMN 17 PEAK WIND IN M.P.H.
PRELIMINARY LOCAL CLIMATOLOGICAL DATA (WS FORM: F-6) , PAGE 2
STATION: MONTROSE CO
MONTH: JUNE
YEAR: 2020
LATITUDE: 38 30 N
LONGITUDE: 107 53 W
[TEMPERATURE DATA] [PRECIPITATION DATA] SYMBOLS USED IN COLUMN 16
AVERAGE MONTHLY: 69.7 TOTAL FOR MONTH: 0.23 1 = FOG OR MIST
DPTR FM NORMAL: 1.5 DPTR FM NORMAL: -0.54 2 = FOG REDUCING VISIBILITY
HIGHEST: 94 ON 5 GRTST 24HR 0.09 ON 8- 8 TO 1/4 MILE OR LESS
LOWEST: 40 ON 8 3 = THUNDER
SNOW, ICE PELLETS, HAIL 4 = ICE PELLETS
TOTAL MONTH: M 5 = HAIL
GRTST 24HR M ON M 6 = FREEZING RAIN OR DRIZZLE
GRTST DEPTH: M ON M 7 = DUSTSTORM OR SANDSTORM:
VSBY 1/2 MILE OR LESS
8 = SMOKE OR HAZE
[NO. OF DAYS WITH] [WEATHER - DAYS WITH] 9 = BLOWING SNOW
X = TORNADO
MAX 32 OR BELOW: 0 0.01 INCH OR MORE: 5
MAX 90 OR ABOVE: 10 0.10 INCH OR MORE: 0
MIN 32 OR BELOW: 0 0.50 INCH OR MORE: 0
MIN 0 OR BELOW: 0 1.00 INCH OR MORE: 0
[HDD (BASE 65) ]
TOTAL THIS MO. 28 CLEAR (SCALE 0-3) 28
DPTR FM NORMAL -11 PTCLDY (SCALE 4-7) 2
TOTAL FM JUL 1 6000 CLOUDY (SCALE 8-10) 0
DPTR FM NORMAL -203
[CDD (BASE 65) ]
TOTAL THIS MO. 176
DPTR FM NORMAL 41 [PRESSURE DATA]
TOTAL FM JAN 1 223 HIGHEST SLP 30.24 ON 10
DPTR FM NORMAL 71 LOWEST SLP 29.38 ON 28
[REMARKS]
#FINAL-06-20#