000
CXUS55 KGJT 011000
CF6MTJ
PRELIMINARY LOCAL CLIMATOLOGICAL DATA (WS FORM: F-6)
STATION: MONTROSE CO
MONTH: APRIL
YEAR: 2020
LATITUDE: 38 30 N
LONGITUDE: 107 53 W
TEMPERATURE IN F: :PCPN: SNOW: WIND :SUNSHINE: SKY :PK WND
================================================================================
1 2 3 4 5 6A 6B 7 8 9 10 11 12 13 14 15 16 17 18
12Z AVG MX 2MIN
DY MAX MIN AVG DEP HDD CDD WTR SNW DPTH SPD SPD DIR MIN PSBL S-S WX SPD DR
================================================================================
1 67 38 53 8 12 0 0.00 M M 11.9 28 220 M M 1 40 210
2 57 31 44 -2 21 0 0.02 M M 10.8 31 190 M M 7 1 46 250
3 52 22 37 -9 28 0 0.00 M M 4.9 18 300 M M 3 23 300
4 64 38 51 5 14 0 0.00 M M 8.0 25 250 M M 7 38 260
5 67 43 55 9 10 0 0.00 M M 12.9 28 230 M M 2 39 250
6 69 41 55 9 10 0 0.00 M M 10.3 28 250 M M 0 48 180
7 68 43 56 9 9 0 0.00 M M 8.2 22 220 M M 0 35 210
8 70 34 52 5 13 0 0.00 M M 6.8 14 140 M M 0 20 340
9 72 39 56 9 9 0 0.00 M M 8.9 28 270 M M 2 36 280
10 69 39 54 7 11 0 0.00 M M 8.5 22 270 M M 2 32 240
11 67 33 50 2 15 0 0.00 M M 7.6 18 270 M M 2 25 280
12 57 34 46 -2 19 0 0.08 M M 11.7 31 300 M M 5 40 310
13 49 26 38 -10 27 0 T M M 12.7 26 300 M M 4 38 320
14 46 17 32 -16 33 0 0.00 M M 5.7 14 310 M M 1 22 310
15 59 22 41 -8 24 0 0.00 M M 6.5 17 220 M M 6 26 250
16 53 36 45 -4 20 0 T M M 11.0 29 300 M M 8 37 310
17 59 26 43 -6 22 0 0.00 M M 5.4 12 330 M M 1 17 30
18 62 36 49 -1 16 0 T M M 6.9 24 220 M M 7 34 240
19 60 41 51 1 14 0 0.04 M M 6.0 22 210 M M 5 1 29 210
20 61 38 50 0 15 0 0.01 M M 7.1 24 200 M M 6 30 190
21 63 37 50 0 15 0 0.00 M M 9.7 28 140 M M 4 34 140
22 66 33 50 -1 15 0 T M M 6.8 24 270 M M 2 33 280
23 64 36 50 -1 15 0 T M M 8.6 21 300 M M 6 8 33 290
24 62 42 52 1 13 0 0.00 M M 6.9 16 330 M M 3 8 20 330
25 67 34 51 -1 14 0 0.00 M M 5.6 15 150 M M 0 21 270
26 77 42 60 8 5 0 T M M 9.4 31 310 M M 2 8 43 300
27 79 37 58 6 7 0 0.00 M M 5.4 18 290 M M 1 24 300
28 75 47 61 9 4 0 0.00 M M 7.7 20 300 M M 0 8 26 300
29 81 40 61 8 4 0 0.00 M M 7.9 16 130 M M 0 18 130
30 85 48 67 14 0 2 0.00 M M 9.8 28 220 M M 0 8 37 220
================================================================================
SM 1947 1073 434 2 0.15 M 249.6 M 87
================================================================================
AV 64.9 35.8 8.3 FASTST M M 3 MAX(MPH)
MISC ----> # 31 190 # 48 180
================================================================================
NOTES:
# LAST OF SEVERAL OCCURRENCES
COLUMN 17 PEAK WIND IN M.P.H.
PRELIMINARY LOCAL CLIMATOLOGICAL DATA (WS FORM: F-6) , PAGE 2
STATION: MONTROSE CO
MONTH: APRIL
YEAR: 2020
LATITUDE: 38 30 N
LONGITUDE: 107 53 W
[TEMPERATURE DATA] [PRECIPITATION DATA] SYMBOLS USED IN COLUMN 16
AVERAGE MONTHLY: 50.3 TOTAL FOR MONTH: 0.15 1 = FOG OR MIST
DPTR FM NORMAL: 1.3 DPTR FM NORMAL: -0.82 2 = FOG REDUCING VISIBILITY
HIGHEST: 85 ON 30 GRTST 24HR 0.08 ON 12-12 TO 1/4 MILE OR LESS
LOWEST: 17 ON 14 3 = THUNDER
SNOW, ICE PELLETS, HAIL 4 = ICE PELLETS
TOTAL MONTH: M 5 = HAIL
GRTST 24HR M ON M 6 = FREEZING RAIN OR DRIZZLE
GRTST DEPTH: M ON M 7 = DUSTSTORM OR SANDSTORM:
VSBY 1/2 MILE OR LESS
8 = SMOKE OR HAZE
[NO. OF DAYS WITH] [WEATHER - DAYS WITH] 9 = BLOWING SNOW
X = TORNADO
MAX 32 OR BELOW: 0 0.01 INCH OR MORE: 4
MAX 90 OR ABOVE: 0 0.10 INCH OR MORE: 0
MIN 32 OR BELOW: 6 0.50 INCH OR MORE: 0
MIN 0 OR BELOW: 0 1.00 INCH OR MORE: 0
[HDD (BASE 65) ]
TOTAL THIS MO. 434 CLEAR (SCALE 0-3) 19
DPTR FM NORMAL -48 PTCLDY (SCALE 4-7) 11
TOTAL FM JUL 1 5844 CLOUDY (SCALE 8-10) 0
DPTR FM NORMAL -94
[CDD (BASE 65) ]
TOTAL THIS MO. 2
DPTR FM NORMAL 2 [PRESSURE DATA]
TOTAL FM JAN 1 2 HIGHEST SLP 30.33 ON 14
DPTR FM NORMAL 2 LOWEST SLP 29.50 ON 11
[REMARKS]
#FINAL-04-20#