000
CXUS56 KOTX 010910
CF6MWH
PRELIMINARY LOCAL CLIMATOLOGICAL DATA (WS FORM: F-6)
STATION: MOSES LAKE WA AIRPORT
MONTH: SEPTEMBER
YEAR: 2021
LATITUDE: 47 12 N
LONGITUDE: 119 19 W
TEMPERATURE IN F: :PCPN: SNOW: WIND :SUNSHINE: SKY :PK WND
================================================================================
1 2 3 4 5 6A 6B 7 8 9 10 11 12 13 14 15 16 17 18
12Z AVG MX 2MIN
DY MAX MIN AVG DEP HDD CDD WTR SNW DPTH SPD SPD DIR MIN PSBL S-S WX SPD DR
================================================================================
1 77 46 62 -6 3 0 0.00 M M 7.1 16 10 M M 0 20 360
2 82 46 64 -4 1 0 0.00 M M 4.7 16 330 M M 0 21 360
3 82 44 63 -4 2 0 0.00 M M 4.7 12 180 M M 0 16 220
4 84 46 65 -2 0 0 0.00 M M 5.3 13 170 M M 1 17 160
5 88 54 71 4 0 6 0.00 M M 5.0 14 210 M M 1 17 210
6 86 56 71 5 0 6 0.00 M M 5.5 10 220 M M 0 15 240
7 91 50 71 5 0 6 0.00 M M 5.1 12 270 M M 3 14 290
8 90 57 74 8 0 9 0.00 M M 6.6 17 240 M M 2 8 23 240
9 86 51 69 4 0 4 0.00 M M 4.2 13 350 M M 0 13 350
10 71 59 65 0 0 0 0.52 M M 6.4 13 240 M M 6 1 15 230
11 75 52 64 -1 1 0 0.00 M M 5.0 10 240 M M 1 13 160
12 80 54 67 3 0 2 0.00 M M 5.0 13 220 M M 2 17 190
13 76 54 65 1 0 0 0.00 M M 5.6 12 190 M M 1 16 280
14 79 45 62 -2 3 0 0.00 M M 5.7 16 160 M M 1 20 180
15 76 52 64 1 1 0 0.00 M M 10.5 22 280 M M 0 26 290
16 69 43 56 -7 9 0 0.00 M M 5.6 18 10 M M 0 21 360
17 65 43 54 -8 11 0 0.02 M M 7.0 15 160 M M 4 19 170
18 68 53 61 -1 4 0 0.02 M M 9.6 24 180 M M 6 31 180
19 72 46 59 -3 6 0 0.00 M M 8.8 21 240 M M 1 25 230
20 71 45 58 -3 7 0 0.00 M M 5.4 13 260 M M 0 15 270
21 76 40 58 -3 7 0 0.00 M M 5.8 10 310 M M 0 8 14 200
22 74 42 58 -2 7 0 0.00 M M 4.6 13 270 M M 0 8 16 270
23 76 47 62 2 3 0 0.00 M M 3.5 10 310 M M 0 14 150
24 83 45 64 4 1 0 0.00 M M 5.7 13 30 M M 0 16 40
25 84 48 66 7 0 1 0.00 M M 4.6 12 160 M M 0 16 160
26 82 50 66 7 0 1 T M M 7.7 20 220 M M 1 29 220
27 70 52 61 3 4 0 0.30 M M 12.2 23 260 M M 7 1 28 210
28 67 45 56 -2 9 0 0.00 M M 9.2 23 250 M M 1 28 250
29 63 43 53 -5 12 0 0.00 M M 6.2 13 170 M M 2 20 130
30 75 43 59 2 6 0 0.01 M M 8.0 24 330 M M 4 29 340
================================================================================
SM 2318 1451 97 35 0.87 M 190.3 M 44
================================================================================
AV 77.3 48.4 6.3 FASTST M M 1 MAX(MPH)
MISC ----> # 24 180 31 180
================================================================================
NOTES:
# LAST OF SEVERAL OCCURRENCES
COLUMN 17 PEAK WIND IN M.P.H.
PRELIMINARY LOCAL CLIMATOLOGICAL DATA (WS FORM: F-6) , PAGE 2
STATION: MOSES LAKE WA AIRPORT
MONTH: SEPTEMBER
YEAR: 2021
LATITUDE: 47 12 N
LONGITUDE: 119 19 W
[TEMPERATURE DATA] [PRECIPITATION DATA] SYMBOLS USED IN COLUMN 16
AVERAGE MONTHLY: 62.8 TOTAL FOR MONTH: 0.87 1 = FOG OR MIST
DPTR FM NORMAL: 0.0 DPTR FM NORMAL: 0.61 2 = FOG REDUCING VISIBILITY
HIGHEST: 91 ON 7 GRTST 24HR 0.52 ON 10-10 TO 1/4 MILE OR LESS
LOWEST: 40 ON 21 3 = THUNDER
SNOW, ICE PELLETS, HAIL 4 = ICE PELLETS
TOTAL MONTH: M 5 = HAIL
GRTST 24HR M ON M 6 = FREEZING RAIN OR DRIZZLE
GRTST DEPTH: M ON M 7 = DUSTSTORM OR SANDSTORM:
VSBY 1/2 MILE OR LESS
8 = SMOKE OR HAZE
[NO. OF DAYS WITH] [WEATHER - DAYS WITH] 9 = BLOWING SNOW
X = TORNADO
MAX 32 OR BELOW: 0 0.01 INCH OR MORE: 5
MAX 90 OR ABOVE: 2 0.10 INCH OR MORE: 2
MIN 32 OR BELOW: 0 0.50 INCH OR MORE: 1
MIN 0 OR BELOW: 0 1.00 INCH OR MORE: 0
[HDD (BASE 65) ]
TOTAL THIS MO. 97 CLEAR (SCALE 0-3) 25
DPTR FM NORMAL -20 PTCLDY (SCALE 4-7) 5
TOTAL FM JUL 1 101 CLOUDY (SCALE 8-10) 0
DPTR FM NORMAL -32
[CDD (BASE 65) ]
TOTAL THIS MO. 35
DPTR FM NORMAL -18 [PRESSURE DATA]
TOTAL FM JAN 1 1050 HIGHEST SLP M ON M
DPTR FM NORMAL 374 LOWEST SLP 29.50 ON 18
[REMARKS]
#FINAL-09-21#