000
CXUS54 KLZK 011231
CF6MWT
PRELIMINARY LOCAL CLIMATOLOGICAL DATA (WS FORM: F-6)
STATION: MOUNT IDA
MONTH: MARCH
YEAR: 2024
LATITUDE: 34 32 N
LONGITUDE: 93 35 W
TEMPERATURE IN F: :PCPN: SNOW: WIND :SUNSHINE: SKY :PK WND
================================================================================
1 2 3 4 5 6A 6B 7 8 9 10 11 12 13 14 15 16 17 18
12Z AVG MX 2MIN
DY MAX MIN AVG DEP HDD CDD WTR SNW DPTH SPD SPD DIR MIN PSBL S-S WX SPD DR
================================================================================
1 62 36 49 0 16 0 0.00 0.0 0 1.3 9 120 M M 4 13 130
2 74 35 55 6 10 0 0.00 0.0 0 3.1 13 120 M M 1 1 22 140
3 73 52 63 13 2 0 0.00 0.0 0 3.2 14 120 M M 5 24 120
4 79 65 72 22 0 7 0.06 0.0 0 5.3 14 110 M M 7 18 25 120
5 78 55 67 17 0 2 0.07 0.0 0 1.7 12 110 M M 3 1 22 150
6 74 50 62 12 3 0 T 0.0 0 2.8 10 120 M M 2 1 15 120
7 64 57 61 10 4 0 1.15 0.0 0 2.8 9 120 M M 10 1 14 110
8 65 53 59 8 6 0 0.29 0.0 0 1.5 12 300 M M 9 1 21 320
9 60 39 50 -1 15 0 0.04 0.0 0 5.3 14 290 M M 5 1 23 300
10 66 31 49 -3 16 0 0.00 0.0 0 0.9 8 270 M M 0 16 220
11 67 32 50 -2 15 0 0.00 0.0 0 2.5 12 150 M M 0 20 160
12 72 37 55 3 10 0 0.00 0.0 0 2.4 13 160 M M 0 26 140
13 75 62 69 17 0 4 0.00 0.0 0 4.6 12 160 M M 5 23 170
14 83 62 73 20 0 8 1.50 0.0 0 4.4 13 320 M M 7 1 24 200
15 67 52 60 7 5 0 0.54 0.0 0 2.1 10 120 M M 9 1 15 110
16 71 45 58 5 7 0 0.05 0.0 0 0.6 7 300 M M 5 12 11 300
17 66 49 58 4 7 0 T 0.0 0 3.0 10 290 M M 7 19 280
18 54 31 43 -11 22 0 0.00 0.0 0 4.9 17 300 M M 1 8 30 290
19 68 26 47 -7 18 0 0.00 0.0 0 1.7 10 300 M M 1 17 290
20 72 39 56 2 9 0 0.00 0.0 0 0.0 M M M M 0 M M
21 63 44 54 -1 11 0 T 0.0 0 M M M M M M M M
22 63 50 57 2 8 0 0.32 0.0 0 M M M M M M M M
23 64 46 55 0 10 0 0.00 0.0 0 M M M M M M M M
24 64 45 55 -1 10 0 0.00 0.0 0 M M M M M M M M
25 64 51 58 2 7 0 1.89 0.0 0 M M M M M M M M
26 55 35 45 -11 20 0 0.00 0.0 0 M M M M M M M M
27 63 30 47 -9 18 0 0.00 0.0 0 M M M M M M M M
28 67 36 52 -5 13 0 0.00 0.0 0 M M M M M M M M
29 74 41 58 1 7 0 0.00 0.0 0 M M M M M M M M
30 72 60 66 9 0 1 0.00 0.0 0 M M M M M M M M
31 70 65 68 10 0 3 0.00 0.0 0 M M M M M M M M
================================================================================
SM 2109 1411 269 25 5.91 0.0 54.1 M 81
================================================================================
AV 68.0 45.5 2.7 FASTST M M 4 MAX(MPH)
MISC ----> 17 300 30 290
================================================================================
NOTES:
# LAST OF SEVERAL OCCURRENCES
COLUMN 17 PEAK WIND IN M.P.H.
PRELIMINARY LOCAL CLIMATOLOGICAL DATA (WS FORM: F-6) , PAGE 2
STATION: MOUNT IDA
MONTH: MARCH
YEAR: 2024
LATITUDE: 34 32 N
LONGITUDE: 93 35 W
[TEMPERATURE DATA] [PRECIPITATION DATA] SYMBOLS USED IN COLUMN 16
AVERAGE MONTHLY: 56.8 TOTAL FOR MONTH: 5.91 1 = FOG OR MIST
DPTR FM NORMAL: 3.5 DPTR FM NORMAL: 0.90 2 = FOG REDUCING VISIBILITY
HIGHEST: 83 ON 14 GRTST 24HR 2.02 ON 14-15 TO 1/4 MILE OR LESS
LOWEST: 26 ON 19 3 = THUNDER
SNOW, ICE PELLETS, HAIL 4 = ICE PELLETS
TOTAL MONTH: T 5 = HAIL
GRTST 24HR 0.0 6 = FREEZING RAIN OR DRIZZLE
GRTST DEPTH: 0 7 = DUSTSTORM OR SANDSTORM:
VSBY 1/2 MILE OR LESS
8 = SMOKE OR HAZE
[NO. OF DAYS WITH] [WEATHER - DAYS WITH] 9 = BLOWING SNOW
X = TORNADO
MAX 32 OR BELOW: 0 0.01 INCH OR MORE: 10
MAX 90 OR ABOVE: 0 0.10 INCH OR MORE: 6
MIN 32 OR BELOW: 5 0.50 INCH OR MORE: 4
MIN 0 OR BELOW: 0 1.00 INCH OR MORE: 3
[HDD (BASE 65) ]
TOTAL THIS MO. 269 CLEAR (SCALE 0-3) 9
DPTR FM NORMAL -109 PTCLDY (SCALE 4-7) 8
TOTAL FM JUL 1 2531 CLOUDY (SCALE 8-10) 14
DPTR FM NORMAL -362
[CDD (BASE 65) ]
TOTAL THIS MO. 25
DPTR FM NORMAL 10 [PRESSURE DATA]
TOTAL FM JAN 1 40 HIGHEST SLP M ON M
DPTR FM NORMAL 21 LOWEST SLP 29.71 ON 8
[REMARKS]
#FINAL-03-24#