000
CXHW50 PHFO 011250
CF6NGF
PRELIMINARY LOCAL CLIMATOLOGICAL DATA (WS FORM: F-6)
STATION: KANEOHE BAY MCAS HI
MONTH: APRIL
YEAR: 2023
LATITUDE: 21 25 N
LONGITUDE: 157 46 W
TEMPERATURE IN F: :PCPN: SNOW: WIND :SUNSHINE: SKY :PK WND
================================================================================
1 2 3 4 5 6A 6B 7 8 9 10 11 12 13 14 15 16 17 18
12Z AVG MX 2MIN
DY MAX MIN AVG DEP HDD CDD WTR SNW DPTH SPD SPD DIR MIN PSBL S-S WX SPD DR
================================================================================
1 M M M M M M T M M 9.2 14 70 M M 6 24 70
2 M M M M M M 0.48 M M 10.4 32 20 M M 7 3 44 20
3 85 72 79 4 0 14 0.05 M M 9.1 15 80 M M 6 22 80
4 85 72 79 4 0 14 0.08 M M 11.7 17 70 M M 6 26 70
5 84 77 81 6 0 16 T M M 12.1 16 70 M M 5 29 70
6 84 74 79 4 0 14 0.04 M M 13.3 17 80 M M 6 18 28 60
7 81 76 79 4 0 14 T M M 11.0 15 70 M M 7 25 70
8 83 76 80 5 0 15 0.01 M M 9.8 15 70 M M 5 30 70
9 81 73 77 2 0 12 0.09 M M 13.3 22 60 M M 9 1 32 50
10 85 75 80 5 0 15 0.07 M M 13.5 17 80 M M 4 35 60
11 84 74 79 4 0 14 0.13 M M 14.0 20 90 M M 6 32 90
12 83 77 80 5 0 15 T M M 13.1 20 60 M M 6 31 70
13 85 75 80 5 0 15 0.01 M M 11.7 16 80 M M 7 31 80
14 84 75 80 5 0 15 0.01 M M 11.4 16 40 M M 3 22 70
15 84 75 80 5 0 15 0.02 M M 11.1 16 50 M M 3 24 50
16 85 76 81 6 0 16 0.00 M M 8.1 13 80 M M 4 23 90
17 84 76 80 5 0 15 0.04 M M 7.2 15 100 M M 5 22 100
18 85 72 79 4 0 14 0.27 M M 8.1 16 190 M M 6 1 32 170
19 89 75 82 7 0 17 0.63 M M 8.4 29 180 M M 7 1 46 200
20 84 74 79 4 0 14 2.15 M M 3.9 10 190 M M 9 1 M M
21 85 77 81 5 0 16 0.30 M M 7.7 12 80 M M 7 1 20 80
22 85 77 81 5 0 16 0.00 M M 8.6 14 90 M M 5 24 90
23 85 75 80 4 0 15 0.00 M M 5.5 10 130 M M 6 M M
24 88 72 80 4 0 15 0.02 M M 4.7 12 350 M M 5 1 M M
25 84 75 80 4 0 15 0.05 M M 12.3 17 40 M M 8 M M
26 81 73 77 1 0 12 0.89 M M 9.1 16 30 M M 10 1 M M
27 76 73 75 -1 0 10 2.26 M M 5.7 12 60 M M 10 1 M M
28 85 73 79 3 0 14 0.39 M M 6.2 14 40 M M 7 1 M M
29 83 75 79 3 0 14 T M M 10.2 16 70 M M 9 26 70
30 84 76 80 4 0 15 0.06 M M 10.2 16 70 M M 6 22 70
================================================================================
SM 2351 2090 0 406 8.05 M 290.9 M 190
================================================================================
AV 84.0 74.6 9.7 FASTST M M 6 MAX(MPH)
MISC ----> 32 20 46 200
================================================================================
NOTES:
# LAST OF SEVERAL OCCURRENCES
COLUMN 17 PEAK WIND IN M.P.H.
PRELIMINARY LOCAL CLIMATOLOGICAL DATA (WS FORM: F-6) , PAGE 2
STATION: KANEOHE BAY MCAS HI
MONTH: APRIL
YEAR: 2023
LATITUDE: 21 25 N
LONGITUDE: 157 46 W
[TEMPERATURE DATA] [PRECIPITATION DATA] SYMBOLS USED IN COLUMN 16
AVERAGE MONTHLY: 79.3 TOTAL FOR MONTH: 8.05 1 = FOG OR MIST
DPTR FM NORMAL: 4.1 DPTR FM NORMAL: 6.43 2 = FOG REDUCING VISIBILITY
HIGHEST: 89 ON 19 GRTST 24HR 2.26 ON 27-27 TO 1/4 MILE OR LESS
LOWEST: 72 ON 24,18 3 = THUNDER
SNOW, ICE PELLETS, HAIL 4 = ICE PELLETS
TOTAL MONTH: M 5 = HAIL
GRTST 24HR M ON M 6 = FREEZING RAIN OR DRIZZLE
GRTST DEPTH: M ON M 7 = DUSTSTORM OR SANDSTORM:
VSBY 1/2 MILE OR LESS
8 = SMOKE OR HAZE
[NO. OF DAYS WITH] [WEATHER - DAYS WITH] 9 = BLOWING SNOW
X = TORNADO
MAX 32 OR BELOW: 0 0.01 INCH OR MORE: 22
MAX 90 OR ABOVE: 0 0.10 INCH OR MORE: 9
MIN 32 OR BELOW: 0 0.50 INCH OR MORE: 4
MIN 0 OR BELOW: 0 1.00 INCH OR MORE: 2
[HDD (BASE 65) ]
TOTAL THIS MO. 0 CLEAR (SCALE 0-3) 0
DPTR FM NORMAL 0 PTCLDY (SCALE 4-7) 24
TOTAL FM JUL 1 0 CLOUDY (SCALE 8-10) 6
DPTR FM NORMAL 0
[CDD (BASE 65) ]
TOTAL THIS MO. 406
DPTR FM NORMAL 100 [PRESSURE DATA]
TOTAL FM JAN 1 1273 HIGHEST SLP M ON M
DPTR FM NORMAL 209 LOWEST SLP 31.99 ON 1
[REMARKS]
#FINAL-04-23#