000
CXHW50 PHFO 011250
CF6NGF
PRELIMINARY LOCAL CLIMATOLOGICAL DATA (WS FORM: F-6)
STATION: KANEOHE BAY MCAS HI
MONTH: OCTOBER
YEAR: 2022
LATITUDE: 21 25 N
LONGITUDE: 157 46 W
TEMPERATURE IN F: :PCPN: SNOW: WIND :SUNSHINE: SKY :PK WND
================================================================================
1 2 3 4 5 6A 6B 7 8 9 10 11 12 13 14 15 16 17 18
12Z AVG MX 2MIN
DY MAX MIN AVG DEP HDD CDD WTR SNW DPTH SPD SPD DIR MIN PSBL S-S WX SPD DR
================================================================================
1 84 75 80 0 0 15 0.02 M M 5.2 10 40 M M 4 M M
2 81 79 80 0 0 15 0.22 M M 8.0 21 50 M M 9 35 50
3 85 77 81 1 0 16 T M M 8.4 14 40 M M 7 18 70
4 79 73 76 -4 0 11 0.54 M M 7.2 14 40 M M 10 M M
5 83 75 79 -1 0 14 0.01 M M 7.5 13 50 M M 7 8 M M
6 83 73 78 -2 0 13 T M M 7.5 12 30 M M 7 M M
7 82 75 79 -1 0 14 0.00 M M 3.0 9 30 M M 3 M M
8 M M M M M M 0.00 M M M M M M M 0 M M
9 M M M M M M 0.00 M M M M M M M 0 M M
10 M M M M M M 0.00 M M M M M M M 0 M M
11 85 78 82 3 0 17 0.00 M M 2.8 7 30 M M 3 M M
12 83 77 80 1 0 15 0.00 M M 1.7 6 99 M M 2 M M
13 81 79 80 1 0 15 T M M 7.0 13 350 M M 3 M M
14 81 77 79 0 0 14 0.04 M M 6.5 21 30 M M 6 20 50
15 77 77 77 -2 0 12 0.11 M M 9.2 16 40 M M 6 M M
16 M M M M M M 0.00 M M 9.5 16 50 M M 5 21 80
17 83 77 80 1 0 15 0.00 M M 4.9 10 30 M M 3 M M
18 84 78 81 2 0 16 0.00 M M 4.7 9 30 M M 3 M M
19 80 71 76 -3 0 11 0.61 M M 8.9 22 20 M M 4 1 32 30
20 81 75 78 -1 0 13 0.08 M M 5.0 15 10 M M 8 21 360
21 83 76 80 1 0 15 0.00 M M 6.1 14 80 M M 3 22 110
22 M M M M M M 0.12 M M 10.2 15 60 M M 5 25 100
23 M M M M M M T M M 11.0 16 80 M M 5 25 80
24 M M M M M M T M M 11.6 16 70 M M 8 30 60
25 83 81 82 4 0 17 0.00 M M 11.7 16 60 M M 7 26 60
26 81 78 80 2 0 15 0.20 M M 12.2 18 60 M M 6 32 90
27 83 79 81 3 0 16 T M M 12.6 17 50 M M 3 24 50
28 80 78 79 1 0 14 0.12 M M 11.2 22 40 M M 4 29 40
29 M M M M M M T M M 10.7 14 60 M M 3 21 80
30 M M M M M M 0.08 M M 11.1 15 40 M M 3 22 60
31 79 76 78 0 0 13 0.00 M M 11.6 15 70 M M 3 23 80
================================================================================
SM 1801 1684 0 316 2.15 M 226.9 M 140
================================================================================
AV 81.9 76.5 8.1 FASTST M M 5 MAX(MPH)
MISC ----> # 22 20 35 50
================================================================================
NOTES:
# LAST OF SEVERAL OCCURRENCES
COLUMN 17 PEAK WIND IN M.P.H.
PRELIMINARY LOCAL CLIMATOLOGICAL DATA (WS FORM: F-6) , PAGE 2
STATION: KANEOHE BAY MCAS HI
MONTH: OCTOBER
YEAR: 2022
LATITUDE: 21 25 N
LONGITUDE: 157 46 W
[TEMPERATURE DATA] [PRECIPITATION DATA] SYMBOLS USED IN COLUMN 16
AVERAGE MONTHLY: 79.2 TOTAL FOR MONTH: 2.15 1 = FOG OR MIST
DPTR FM NORMAL: 0.1 DPTR FM NORMAL: -0.43 2 = FOG REDUCING VISIBILITY
HIGHEST: 85 ON 11, 3 GRTST 24HR 0.61 ON 19-19 TO 1/4 MILE OR LESS
LOWEST: 71 ON 19 3 = THUNDER
SNOW, ICE PELLETS, HAIL 4 = ICE PELLETS
TOTAL MONTH: M 5 = HAIL
GRTST 24HR M ON M 6 = FREEZING RAIN OR DRIZZLE
GRTST DEPTH: M ON M 7 = DUSTSTORM OR SANDSTORM:
VSBY 1/2 MILE OR LESS
8 = SMOKE OR HAZE
[NO. OF DAYS WITH] [WEATHER - DAYS WITH] 9 = BLOWING SNOW
X = TORNADO
MAX 32 OR BELOW: 0 0.01 INCH OR MORE: 12
MAX 90 OR ABOVE: 0 0.10 INCH OR MORE: 7
MIN 32 OR BELOW: 0 0.50 INCH OR MORE: 2
MIN 0 OR BELOW: 0 1.00 INCH OR MORE: 0
[HDD (BASE 65) ]
TOTAL THIS MO. 0 CLEAR (SCALE 0-3) 11
DPTR FM NORMAL 0 PTCLDY (SCALE 4-7) 18
TOTAL FM JUL 1 0 CLOUDY (SCALE 8-10) 2
DPTR FM NORMAL 0
[CDD (BASE 65) ]
TOTAL THIS MO. 316
DPTR FM NORMAL -120 [PRESSURE DATA]
TOTAL FM JAN 1 3787 HIGHEST SLP M ON M
DPTR FM NORMAL 198 LOWEST SLP 31.99 ON 1
[REMARKS]
#FINAL-10-22#