000
CXUS56 KMTR 010900
CF6OAK
PRELIMINARY LOCAL CLIMATOLOGICAL DATA (WS FORM: F-6)
STATION: OAKLAND AIRPORT
MONTH: APRIL
YEAR: 2023
LATITUDE: 37 43 N
LONGITUDE: 122 13 W
TEMPERATURE IN F: :PCPN: SNOW: WIND :SUNSHINE: SKY :PK WND
================================================================================
1 2 3 4 5 6A 6B 7 8 9 10 11 12 13 14 15 16 17 18
12Z AVG MX 2MIN
DY MAX MIN AVG DEP HDD CDD WTR SNW DPTH SPD SPD DIR MIN PSBL S-S WX SPD DR
================================================================================
1 61 41 51 -5 14 0 T M M 7.7 16 280 M M 3 1 19 270
2 58 48 53 -3 12 0 0.06 M M 16.9 33 290 M M 7 1 41 320
3 58 44 51 -5 14 0 0.00 M M 20.5 40 300 M M 2 49 290
4 57 40 49 -7 16 0 0.00 M M 7.5 23 290 M M 3 33 300
5 58 39 49 -7 16 0 0.00 M M 7.7 15 280 M M 5 31 310
6 61 43 52 -5 13 0 T M M 7.4 16 280 M M 7 19 260
7 60 51 56 -1 9 0 0.09 M M 11.8 20 150 M M 9 1 25 160
8 65 48 57 0 8 0 0.00 M M 6.1 16 280 M M 6 19 280
9 73 44 59 2 6 0 0.00 M M 5.8 13 290 M M 2 16 300
10 70 51 61 4 4 0 0.00 M M 8.8 22 290 M M 3 1 34 310
11 63 50 57 0 8 0 0.00 M M 12.5 29 290 M M 6 1 36 280
12 60 48 54 -3 11 0 0.00 M M 11.7 20 280 M M 2 32 300
13 62 44 53 -4 12 0 0.00 M M 10.0 20 260 M M 2 30 300
14 59 47 53 -4 12 0 0.00 M M 11.0 18 280 M M 4 30 300
15 61 49 55 -2 10 0 0.00 M M 10.7 18 260 M M 5 26 250
16 60 48 54 -3 11 0 0.00 M M 15.7 31 300 M M 4 36 280
17 59 50 55 -3 10 0 T M M 15.5 25 290 M M 8 35 270
18 59 46 53 -5 12 0 0.00 M M 11.3 26 290 M M 5 41 310
19 62 43 53 -5 12 0 0.00 M M 10.1 26 290 M M 3 38 280
20 65 42 54 -4 11 0 0.00 M M 7.0 18 270 M M 3 25 260
21 72 48 60 2 5 0 0.00 M M 6.4 20 280 M M 6 31 300
22 68 50 59 1 6 0 0.00 M M 5.9 18 280 M M 4 29 300
23 63 50 57 -1 8 0 0.00 M M 10.5 22 260 M M 5 1 35 270
24 67 45 56 -2 9 0 0.00 M M 8.1 20 250 M M 2 8 24 240
25 73 46 60 2 5 0 0.00 M M 7.7 17 300 M M 4 32 310
26 77 48 63 5 2 0 0.00 M M 5.7 15 300 M M 3 1 18 300
27 82 50 66 8 0 1 0.00 M M 6.0 16 310 M M 4 21 300
28 68 51 60 2 5 0 0.00 M M 9.1 20 300 M M 6 1 33 310
29 62 51 57 -1 8 0 0.00 M M 9.1 20 290 M M 7 31 300
30 65 51 58 -1 7 0 0.00 M M 21.2 41 290 M M 7 51 280
================================================================================
SM 1928 1406 276 1 0.15 M 305.4 M 137
================================================================================
AV 64.3 46.9 10.2 FASTST M M 5 MAX(MPH)
MISC ----> 41 290 51 280
================================================================================
NOTES:
# LAST OF SEVERAL OCCURRENCES
COLUMN 17 PEAK WIND IN M.P.H.
PRELIMINARY LOCAL CLIMATOLOGICAL DATA (WS FORM: F-6) , PAGE 2
STATION: OAKLAND AIRPORT
MONTH: APRIL
YEAR: 2023
LATITUDE: 37 43 N
LONGITUDE: 122 13 W
[TEMPERATURE DATA] [PRECIPITATION DATA] SYMBOLS USED IN COLUMN 16
AVERAGE MONTHLY: 55.6 TOTAL FOR MONTH: 0.15 1 = FOG OR MIST
DPTR FM NORMAL: -1.8 DPTR FM NORMAL: -1.20 2 = FOG REDUCING VISIBILITY
HIGHEST: 82 ON 27 GRTST 24HR 0.10 ON 6- 7 TO 1/4 MILE OR LESS
LOWEST: 39 ON 5 3 = THUNDER
SNOW, ICE PELLETS, HAIL 4 = ICE PELLETS
TOTAL MONTH: M 5 = HAIL
GRTST 24HR M ON M 6 = FREEZING RAIN OR DRIZZLE
GRTST DEPTH: M ON M 7 = DUSTSTORM OR SANDSTORM:
VSBY 1/2 MILE OR LESS
8 = SMOKE OR HAZE
[NO. OF DAYS WITH] [WEATHER - DAYS WITH] 9 = BLOWING SNOW
X = TORNADO
MAX 32 OR BELOW: 0 0.01 INCH OR MORE: 2
MAX 90 OR ABOVE: 0 0.10 INCH OR MORE: 0
MIN 32 OR BELOW: 0 0.50 INCH OR MORE: 0
MIN 0 OR BELOW: 0 1.00 INCH OR MORE: 0
[HDD (BASE 65) ]
TOTAL THIS MO. 276 CLEAR (SCALE 0-3) 8
DPTR FM NORMAL 42 PTCLDY (SCALE 4-7) 20
TOTAL FM JUL 1 2686 CLOUDY (SCALE 8-10) 2
DPTR FM NORMAL 257
[CDD (BASE 65) ]
TOTAL THIS MO. 1
DPTR FM NORMAL -3 [PRESSURE DATA]
TOTAL FM JAN 1 1 HIGHEST SLP M ON M
DPTR FM NORMAL -4 LOWEST SLP 29.85 ON 13
[REMARKS]
#FINAL-04-23#