000
CXUS53 KOAX 011030
CF6OFK
PRELIMINARY LOCAL CLIMATOLOGICAL DATA (WS FORM: F-6)
STATION: NORFOLK NE
MONTH: NOVEMBER
YEAR: 2020
LATITUDE: 41 58 N
LONGITUDE: 97 26 W
TEMPERATURE IN F: :PCPN: SNOW: WIND :SUNSHINE: SKY :PK WND
================================================================================
1 2 3 4 5 6A 6B 7 8 9 10 11 12 13 14 15 16 17 18
12Z AVG MX 2MIN
DY MAX MIN AVG DEP HDD CDD WTR SNW DPTH SPD SPD DIR MIN PSBL S-S WX SPD DR
================================================================================
1 50 32 41 -3 24 0 0.00 0.0 0 8.5 18 320 M M 0 26 310
2 72 32 52 8 13 0 0.00 0.0 0 5.9 14 200 M M 0 19 200
3 83 34 59 16 6 0 0.00 0.0 0 5.7 17 230 M M 0 23 220
4 81 34 58 15 7 0 0.00 0.0 0 2.0 9 150 M M 0 13 160
5 77 39 58 16 7 0 0.00 0.0 0 6.3 15 170 M M 0 20 170
6 80 48 64 22 1 0 0.00 0.0 0 15.8 28 170 M M 0 41 190
7 75 57 66 25 0 1 0.00 0.0 0 21.1 32 170 M M 1 45 180
8 73 56 65 25 0 0 0.00 0.0 0 24.3 40 170 M M 3 59 170
9 64 30 47 7 18 0 0.50 0.0 0 18.4 28 180 M M 9 1368 38 190
10 31 12 22 -17 43 0 0.61 4.0 4 10.4 23 360 M M 7 1268 30 330
11 41 10 26 -13 39 0 0.00 0.0 4 4.4 12 190 M M 1 128 14 190
12 36 13 25 -13 40 0 0.00 0.0 3 10.4 24 340 M M 3 30 330
13 40 12 26 -12 39 0 0.00 0.0 3 14.1 28 190 M M 0 41 190
14 46 31 39 2 26 0 T 0.0 2 11.9 36 300 M M 4 47 320
15 49 25 37 0 28 0 0.00 0.0 1 15.2 30 300 M M 0 41 290
16 58 22 40 4 25 0 0.00 0.0 0 7.9 28 310 M M 0 38 310
17 57 27 42 6 23 0 0.00 0.0 0 10.8 24 170 M M 2 33 150
18 64 40 52 17 13 0 0.00 0.0 0 12.4 24 190 M M 0 32 180
19 73 43 58 24 7 0 0.00 0.0 0 7.4 15 290 M M 0 20 200
20 58 35 47 13 18 0 0.00 0.0 0 4.5 15 330 M M 5 20 330
21 48 26 37 4 28 0 0.01 0.0 0 4.6 13 160 M M 5 18 16 150
22 50 21 36 3 29 0 0.00 0.0 0 8.9 22 310 M M 0 27 320
23 42 19 31 -1 34 0 T 0.0 0 14.8 29 160 M M 8 18 40 150
24 40 28 34 2 31 0 0.83 0.0 0 9.7 21 340 M M 9 1 27 340
25 32 25 29 -2 36 0 0.01 T 0 6.8 16 340 M M 6 18 22 350
26 42 28 35 4 30 0 0.00 0.0 0 9.6 21 340 M M 3 26 320
27 54 25 40 10 25 0 0.00 0.0 0 7.2 17 260 M M 0 18 23 280
28 60 28 44 14 21 0 0.00 0.0 0 9.2 18 230 M M 0 25 230
29 41 22 32 3 33 0 0.00 0.0 0 20.2 37 350 M M 1 49 350
30 45 10 28 -1 37 0 0.00 0.0 0 8.2 16 180 M M 0 22 170
================================================================================
SM 1662 864 681 1 1.96 4.0 316.6 M 67
================================================================================
AV 55.4 28.8 10.6 FASTST M M 2 MAX(MPH)
MISC ----> 40 170 59 170
================================================================================
NOTES:
# LAST OF SEVERAL OCCURRENCES
COLUMN 17 PEAK WIND IN M.P.H.
PRELIMINARY LOCAL CLIMATOLOGICAL DATA (WS FORM: F-6) , PAGE 2
STATION: NORFOLK NE
MONTH: NOVEMBER
YEAR: 2020
LATITUDE: 41 58 N
LONGITUDE: 97 26 W
[TEMPERATURE DATA] [PRECIPITATION DATA] SYMBOLS USED IN COLUMN 16
AVERAGE MONTHLY: 42.1 TOTAL FOR MONTH: 1.96 1 = FOG OR MIST
DPTR FM NORMAL: 5.7 DPTR FM NORMAL: 0.59 2 = FOG REDUCING VISIBILITY
HIGHEST: 83 ON 3 GRTST 24HR 0.83 ON 24-24 TO 1/4 MILE OR LESS
LOWEST: 10 ON 30,11 3 = THUNDER
SNOW, ICE PELLETS, HAIL 4 = ICE PELLETS
TOTAL MONTH: 4.0 INCHES 5 = HAIL
GRTST 24HR 4.0 ON 10-10 6 = FREEZING RAIN OR DRIZZLE
GRTST DEPTH: 4 ON 11,10 7 = DUSTSTORM OR SANDSTORM:
VSBY 1/2 MILE OR LESS
8 = SMOKE OR HAZE
[NO. OF DAYS WITH] [WEATHER - DAYS WITH] 9 = BLOWING SNOW
X = TORNADO
MAX 32 OR BELOW: 2 0.01 INCH OR MORE: 5
MAX 90 OR ABOVE: 0 0.10 INCH OR MORE: 3
MIN 32 OR BELOW: 21 0.50 INCH OR MORE: 3
MIN 0 OR BELOW: 0 1.00 INCH OR MORE: 0
[HDD (BASE 65) ]
TOTAL THIS MO. 681 CLEAR (SCALE 0-3) 22
DPTR FM NORMAL -179 PTCLDY (SCALE 4-7) 6
TOTAL FM JUL 1 1358 CLOUDY (SCALE 8-10) 2
DPTR FM NORMAL -85
[CDD (BASE 65) ]
TOTAL THIS MO. 1
DPTR FM NORMAL 1 [PRESSURE DATA]
TOTAL FM JAN 1 1133 HIGHEST SLP 30.57 ON 21
DPTR FM NORMAL 218 LOWEST SLP 29.42 ON 14
[REMARKS]
#FINAL-11-20#