000
CXUS52 KCAE 011500
CF6OGB
PRELIMINARY LOCAL CLIMATOLOGICAL DATA (WS FORM: F-6)
STATION: ORANGEBURG AIRPORT SC
MONTH: NOVEMBER
YEAR: 2021
LATITUDE: 33 27 N
LONGITUDE: 80 51 W
TEMPERATURE IN F: :PCPN: SNOW: WIND :SUNSHINE: SKY :PK WND
================================================================================
1 2 3 4 5 6A 6B 7 8 9 10 11 12 13 14 15 16 17 18
12Z AVG MX 2MIN
DY MAX MIN AVG DEP HDD CDD WTR SNW DPTH SPD SPD DIR MIN PSBL S-S WX SPD DR
================================================================================
1 73 49 61 1 4 0 0.00 0.0 0 3.2 10 50 M M 0 1 15 70
2 75 45 60 0 5 0 0.00 0.0 M 2.0 12 50 M M 1 12 15 40
3 62 48 55 -4 10 0 0.00 M M 8.5 15 50 M M 3 21 40
4 56 44 50 -9 15 0 0.00 M M 9.2 16 30 M M 9 20 30
5 51 41 46 -13 19 0 0.00 M M 9.3 17 40 M M 1 24 40
6 56 44 50 -8 15 0 T M M 13.1 24 20 M M 9 30 10
7 66 40 53 -5 12 0 T M M 9.1 18 10 M M 5 26 350
8 72 35 54 -4 11 0 0.00 M M 3.1 16 30 M M 0 1 22 350
9 77 41 59 1 6 0 0.00 M M 0.6 7 280 M M 0 1 9 330
10 77 42 60 3 5 0 0.00 M M 2.1 10 220 M M 0 1 14 240
11 80 46 63 6 2 0 0.00 M M 5.5 17 200 M M 3 1 22 210
12 74 45 60 3 5 0 T M M 5.0 16 300 M M 3 1 19 320
13 72 39 56 0 9 0 0.00 M M 4.1 15 280 M M 0 1 20 260
14 64 40 52 -4 13 0 0.00 M M 5.8 13 260 M M 0 16 260
15 68 40 54 -2 11 0 0.00 M M 5.4 14 280 M M 0 20 320
16 73 36 55 -1 10 0 0.00 M M M 13 250 M M M 18 280
17 76 42 59 4 6 0 0.00 M M 3.5 15 210 M M 0 1 19 220
18 79 50 65 10 0 0 0.00 0.0 M 3.5 17 240 M M 4 12 21 220
19 63 41 52 -3 13 0 0.00 0.0 M 8.1 17 30 M M 0 23 40
20 61 36 49 -5 16 0 0.00 M M 7.0 14 30 M M 0 19 30
21 73 42 58 4 7 0 0.00 M M 3.1 8 40 M M 1 12 40
22 62 48 55 1 10 0 M M M 4.6 18 20 M M 7 12 23 20
23 53 31 42 -12 23 0 0.00 M M 5.7 15 40 M M 1 20 30
24 57 27 42 -12 23 0 0.00 M M 1.7 8 140 M M 0 11 120
25 67 30 49 -4 16 0 0.00 M M 4.7 20 240 M M 0 1 24 250
26 63 36 50 -3 15 0 T M M 6.3 17 310 M M 4 1 26 290
27 59 30 45 -8 20 0 0.00 M M 1.7 10 260 M M 0 12 240
28 61 36 49 -4 16 0 0.00 M M 6.0 15 240 M M 0 17 230
29 56 31 44 -9 21 0 0.00 M M 4.5 21 40 M M 0 26 40
30 64 28 46 -6 19 0 0.00 M M 3.7 17 230 M M 0 1 20 230
================================================================================
SM 1990 1183 357 0 T 0.0 150.1 M 51
================================================================================
AV 66.3 39.4 5.2 FASTST M M 2 MAX(MPH)
MISC ----> 24 20 30 10
================================================================================
NOTES:
# LAST OF SEVERAL OCCURRENCES
COLUMN 17 PEAK WIND IN M.P.H.
PRELIMINARY LOCAL CLIMATOLOGICAL DATA (WS FORM: F-6) , PAGE 2
STATION: ORANGEBURG AIRPORT SC
MONTH: NOVEMBER
YEAR: 2021
LATITUDE: 33 27 N
LONGITUDE: 80 51 W
[TEMPERATURE DATA] [PRECIPITATION DATA] SYMBOLS USED IN COLUMN 16
AVERAGE MONTHLY: 52.9 TOTAL FOR MONTH: T 1 = FOG OR MIST
DPTR FM NORMAL: -2.9 DPTR FM NORMAL: -2.70 2 = FOG REDUCING VISIBILITY
HIGHEST: 80 ON 11 GRTST 24HR T ON 6- 6 TO 1/4 MILE OR LESS
LOWEST: 27 ON 24 3 = THUNDER
SNOW, ICE PELLETS, HAIL 4 = ICE PELLETS
TOTAL MONTH: 0.0 INCH 5 = HAIL
GRTST 24HR 0.0 6 = FREEZING RAIN OR DRIZZLE
GRTST DEPTH: 0 7 = DUSTSTORM OR SANDSTORM:
VSBY 1/2 MILE OR LESS
8 = SMOKE OR HAZE
[NO. OF DAYS WITH] [WEATHER - DAYS WITH] 9 = BLOWING SNOW
X = TORNADO
MAX 32 OR BELOW: 0 0.01 INCH OR MORE: 0
MAX 90 OR ABOVE: 0 0.10 INCH OR MORE: 0
MIN 32 OR BELOW: 6 0.50 INCH OR MORE: 0
MIN 0 OR BELOW: 0 1.00 INCH OR MORE: 0
[HDD (BASE 65) ]
TOTAL THIS MO. 357 CLEAR (SCALE 0-3) 22
DPTR FM NORMAL 66 PTCLDY (SCALE 4-7) 5
TOTAL FM JUL 1 414 CLOUDY (SCALE 8-10) 3
DPTR FM NORMAL 40
[CDD (BASE 65) ]
TOTAL THIS MO. 0
DPTR FM NORMAL -16 [PRESSURE DATA]
TOTAL FM JAN 1 2193 HIGHEST SLP 30.50 ON 20
DPTR FM NORMAL -35 LOWEST SLP 29.86 ON 22
[REMARKS]
#FINAL-11-21#