000
CXUS52 KCAE 011400
CF6OGB
PRELIMINARY LOCAL CLIMATOLOGICAL DATA (WS FORM: F-6)
STATION: ORANGEBURG AIRPORT SC
MONTH: APRIL
YEAR: 2021
LATITUDE: 33 27 N
LONGITUDE: 80 51 W
TEMPERATURE IN F: :PCPN: SNOW: WIND :SUNSHINE: SKY :PK WND
================================================================================
1 2 3 4 5 6A 6B 7 8 9 10 11 12 13 14 15 16 17 18
12Z AVG MX 2MIN
DY MAX MIN AVG DEP HDD CDD WTR SNW DPTH SPD SPD DIR MIN PSBL S-S WX SPD DR
================================================================================
1 64 43 54 -6 11 0 0.01 M M 12.0 20 340 M M 2 1 30 320
2 55 34 45 -16 20 0 0.00 M M 6.8 20 20 M M 0 26 30
3 62 30 46 -15 19 0 0.00 M M 2.3 10 230 M M 0 14 250
4 74 35 55 -6 10 0 0.00 M M 3.4 14 260 M M 0 17 260
5 80 41 61 0 4 0 0.00 M M 3.7 14 240 M M 0 20 250
6 84 47 66 5 0 1 0.00 M M 4.6 16 250 M M 0 21 260
7 85 48 67 5 0 2 0.00 M M 4.9 16 240 M M 0 27 230
8 84 53 69 7 0 4 0.00 M M 6.2 20 190 M M 1 26 190
9 78 57 68 6 0 3 0.00 M M 5.7 16 220 M M 3 22 170
10 80 61 71 9 0 6 T M M 9.6 24 160 M M 7 1 32 170
11 77 59 68 6 0 3 0.00 M M 9.6 21 240 M M 3 26 230
12 86 52 69 6 0 4 0.00 M M 6.3 20 280 M M 0 1 31 280
13 83 50 67 4 0 2 0.00 M M 3.4 12 270 M M 0 17 60
14 88 53 71 8 0 6 0.00 M M 8.0 17 210 M M 2 23 220
15 78 61 70 7 0 5 T M M 8.9 20 240 M M 6 25 260
16 69 51 60 -4 5 0 0.00 M M 6.0 14 40 M M 0 20 30
17 77 54 66 2 0 1 0.00 M M 3.9 15 230 M M 6 17 240
18 81 56 69 5 0 4 0.00 M M 3.3 16 250 M M 2 21 270
19 77 53 65 1 0 0 0.00 M M 5.5 18 260 M M 1 24 310
20 75 49 62 -2 3 0 0.00 M M 4.7 17 160 M M 2 24 140
21 82 49 66 1 0 1 0.00 M M 11.4 29 260 M M 0 1 37 290
22 65 37 51 -14 14 0 0.00 M M 5.5 17 260 M M 0 24 350
23 72 37 55 -10 10 0 T M M 3.9 15 220 M M 0 21 260
24 67 50 59 -7 6 0 0.76 M M 7.6 25 160 M M 7 1 33 170
25 78 59 69 3 0 4 T M M 6.7 16 200 M M 7 1 21 210
26 79 50 65 -1 0 0 0.00 M M 4.0 12 60 M M 0 17 50
27 83 50 67 1 0 2 0.00 M M 5.2 15 200 M M 0 1 20 180
28 85 58 72 6 0 7 0.00 M M 6.0 16 240 M M 1 12 19 180
29 87 62 75 8 0 10 0.00 M M 11.2 23 250 M M 1 29 250
30 84 65 75 8 0 10 0.00 M M 9.2 20 300 M M 2 22 300
================================================================================
SM 2319 1504 102 75 0.77 M 189.5 M 53
================================================================================
AV 77.3 50.1 6.3 FASTST M M 2 MAX(MPH)
MISC ----> 29 260 37 290
================================================================================
NOTES:
# LAST OF SEVERAL OCCURRENCES
COLUMN 17 PEAK WIND IN M.P.H.
PRELIMINARY LOCAL CLIMATOLOGICAL DATA (WS FORM: F-6) , PAGE 2
STATION: ORANGEBURG AIRPORT SC
MONTH: APRIL
YEAR: 2021
LATITUDE: 33 27 N
LONGITUDE: 80 51 W
[TEMPERATURE DATA] [PRECIPITATION DATA] SYMBOLS USED IN COLUMN 16
AVERAGE MONTHLY: 63.7 TOTAL FOR MONTH: 0.77 1 = FOG OR MIST
DPTR FM NORMAL: 0.2 DPTR FM NORMAL: -2.08 2 = FOG REDUCING VISIBILITY
HIGHEST: 88 ON 14 GRTST 24HR 0.76 ON 24-24 TO 1/4 MILE OR LESS
LOWEST: 30 ON 3 3 = THUNDER
SNOW, ICE PELLETS, HAIL 4 = ICE PELLETS
TOTAL MONTH: M 5 = HAIL
GRTST 24HR M ON M 6 = FREEZING RAIN OR DRIZZLE
GRTST DEPTH: M ON M 7 = DUSTSTORM OR SANDSTORM:
VSBY 1/2 MILE OR LESS
8 = SMOKE OR HAZE
[NO. OF DAYS WITH] [WEATHER - DAYS WITH] 9 = BLOWING SNOW
X = TORNADO
MAX 32 OR BELOW: 0 0.01 INCH OR MORE: 2
MAX 90 OR ABOVE: 0 0.10 INCH OR MORE: 1
MIN 32 OR BELOW: 1 0.50 INCH OR MORE: 1
MIN 0 OR BELOW: 0 1.00 INCH OR MORE: 0
[HDD (BASE 65) ]
TOTAL THIS MO. 102 CLEAR (SCALE 0-3) 24
DPTR FM NORMAL -6 PTCLDY (SCALE 4-7) 6
TOTAL FM JUL 1 2034 CLOUDY (SCALE 8-10) 0
DPTR FM NORMAL -284
[CDD (BASE 65) ]
TOTAL THIS MO. 75
DPTR FM NORMAL 10 [PRESSURE DATA]
TOTAL FM JAN 1 137 HIGHEST SLP 30.52 ON 3
DPTR FM NORMAL 52 LOWEST SLP 29.58 ON 11
[REMARKS]
#FINAL-04-21#