000
CXUS52 KCAE 011723
CLMOGB
CLIMATE REPORT
NATIONAL WEATHER SERVICE COLUMBIA SC
123 PM EDT TUE AUG 01 2023
...................................
...THE ORANGEBURG AIRPORT SC CLIMATE SUMMARY FOR THE MONTH OF JULY 2023...
CLIMATE NORMAL PERIOD: 1991 TO 2020
CLIMATE RECORD PERIOD: 9999 TO 9999
WEATHER OBSERVED NORMAL DEPART LAST YEAR`S
VALUE DATE(S) VALUE FROM VALUE
NORMAL
..............................................................
TEMPERATURE (F)
HIGHEST 96 07/04 MM MM
07/19
LOWEST 67 07/11 MM MM
AVG. MAXIMUM 91.7 91.9 -0.2
AVG. MINIMUM 73.6 72.0 1.6
MEAN 82.6 81.9 0.7
DAYS MAX >= 90 24 22.5 1.5
DAYS MAX <= 32 0 0.0 0.0
DAYS MIN <= 32 0 0.0 0.0
DAYS MIN <= 0 0 0.0 0.0
PRECIPITATION (INCHES)
TOTALS 5.33R 4.95 0.38
DAYS >= .01 15 11.9 3.1
DAYS >= .10 13 7.2 5.8
DAYS >= .50 4 3.2 0.8
DAYS >= 1.00 0 1.4 -1.4
GREATEST
24 HR. TOTAL 0.88 07/07 TO 07/08
DAYS >= TRACE MM
DEGREE DAYS
HEATING TOTAL 0 0 0
SINCE 7/1 0 0 0
COOLING TOTAL 556 525 31
SINCE 1/1 1246 1287 -41
..............................................................
WIND (MPH)
AVERAGE WIND SPEED 4.4
RESULTANT WIND SPEED/DIRECTION 2/220
HIGHEST WIND SPEED/DIRECTION 39/290 DATE 07/20
HIGHEST GUST SPEED/DIRECTION 54/300 DATE 07/20
SKY COVER
POSSIBLE SUNSHINE (PERCENT) MM
AVERAGE SKY COVER 0.23
NUMBER OF DAYS FAIR 22
NUMBER OF DAYS PC 9
NUMBER OF DAYS CLOUDY 0
AVERAGE RH (PERCENT) 78
WEATHER CONDITIONS. NUMBER OF DAYS WITH
THUNDERSTORM 14 MIXED PRECIP 0
HEAVY RAIN 11 RAIN 9
LIGHT RAIN 15 FREEZING RAIN 0
LT FREEZING RAIN 0 HAIL 0
HEAVY SNOW 0 SNOW 0
LIGHT SNOW 0 SLEET 0
FOG 25 FOG W/VIS <= 1/4 MILE 3
HAZE 5
- INDICATES NEGATIVE NUMBERS.
R INDICATES RECORD WAS SET OR TIED.
MM INDICATES DATA IS MISSING.
T INDICATES TRACE AMOUNT.
$$