000
CXUS54 KOUN 010810
CF6OKC
PRELIMINARY LOCAL CLIMATOLOGICAL DATA (WS FORM: F-6)
STATION: OKLAHOMA CITY
MONTH: APRIL
YEAR: 2023
LATITUDE: 35 24 N
LONGITUDE: 97 36 W
TEMPERATURE IN F: :PCPN: SNOW: WIND :SUNSHINE: SKY :PK WND
================================================================================
1 2 3 4 5 6A 6B 7 8 9 10 11 12 13 14 15 16 17 18
12Z AVG MX 2MIN
DY MAX MIN AVG DEP HDD CDD WTR SNW DPTH SPD SPD DIR MIN PSBL S-S WX SPD DR
================================================================================
1 65 43 54 -2 11 0 0.00 0.0 0 11.5 24 340 M M 3 29 330
2 79 44 62 6 3 0 0.01 0.0 0 16.5 32 180 M M 3 3 38 150
3 86 56 71 15 0 6 0.00 0.0 0 15.5 26 190 M M 3 1 32 200
4 82 68 75 18 0 10 0.00 0.0 0 18.9 28 160 M M 8 1 36 160
5 71 36 54 -3 11 0 0.00 0.0 0 16.1 35 340 M M 3 42 330
6 62 41 52 -5 13 0 0.00 0.0 0 11.0 20 80 M M 5 29 50
7 69 39 54 -3 11 0 0.00 0.0 0 9.6 18 90 M M 4 25 80
8 72 42 57 -1 8 0 0.00 0.0 0 6.7 14 150 M M 3 17 150
9 73 43 58 0 7 0 0.00 0.0 0 8.0 20 190 M M 5 25 200
10 76 50 63 5 2 0 0.02 0.0 0 8.4 18 160 M M 6 13 23 150
11 75 50 63 5 2 0 0.00 0.0 0 10.4 21 150 M M 2 28 140
12 77 45 61 3 4 0 0.00 0.0 0 12.2 22 180 M M 0 28 170
13 79 47 63 4 2 0 0.00 0.0 0 12.3 22 160 M M 2 30 140
14 82 58 70 11 0 5 0.00 0.0 0 18.6 30 150 M M 3 38 180
15 67 47 57 -2 8 0 0.00 0.0 0 20.6 33 350 M M 5 40 340
16 69 38 54 -5 11 0 0.00 0.0 0 9.8 25 310 M M 0 32 310
17 80 37 59 -1 6 0 0.00 0.0 0 14.9 28 190 M M 3 33 190
18 81 54 68 8 0 3 0.00 0.0 0 19.2 32 170 M M 4 43 170
19 86 62 74 14 0 9 0.90 0.0 0 22.7 35 190 M M 7 135 43 160
20 74 53 64 4 1 0 0.04 0.0 0 18.2 31 310 M M 5 13 38 310
21 69 48 59 -1 6 0 0.00 0.0 0 7.4 17 310 M M 4 22 320
22 54 45 50 -11 15 0 T 0.0 0 13.0 25 30 M M 8 32 20
23 63 40 52 -9 13 0 0.00 0.0 0 4.8 17 230 M M 5 22 220
24 62 37 50 -11 15 0 T 0.0 0 9.9 21 150 M M 7 27 150
25 54 47 51 -11 14 0 0.34 0.0 0 14.4 22 130 M M 10 1 30 130
26 57 50 54 -8 11 0 1.45 0.0 0 10.6 32 110 M M 10 13 40 110
27 58 48 53 -9 12 0 0.65 0.0 0 8.2 18 340 M M 9 13 21 350
28 58 44 51 -11 14 0 0.07 0.0 0 10.1 25 340 M M 8 1 30 340
29 69 45 57 -6 8 0 0.00 0.0 0 13.2 22 310 M M 2 27 350
30 68 48 58 -5 7 0 0.00 0.0 0 10.3 23 360 M M 4 27 360
================================================================================
SM 2117 1405 215 33 3.48 0.0 383.0 M 141
================================================================================
AV 70.6 46.8 12.8 FASTST M M 5 MAX(MPH)
MISC ----> # 35 340 # 43 170
================================================================================
NOTES:
# LAST OF SEVERAL OCCURRENCES
COLUMN 17 PEAK WIND IN M.P.H.
PRELIMINARY LOCAL CLIMATOLOGICAL DATA (WS FORM: F-6) , PAGE 2
STATION: OKLAHOMA CITY
MONTH: APRIL
YEAR: 2023
LATITUDE: 35 24 N
LONGITUDE: 97 36 W
[TEMPERATURE DATA] [PRECIPITATION DATA] SYMBOLS USED IN COLUMN 16
AVERAGE MONTHLY: 58.7 TOTAL FOR MONTH: 3.48 1 = FOG OR MIST
DPTR FM NORMAL: -0.6 DPTR FM NORMAL: -0.12 2 = FOG REDUCING VISIBILITY
HIGHEST: 86 ON 19, 3 GRTST 24HR 1.52 ON 26-27 TO 1/4 MILE OR LESS
LOWEST: 36 ON 5 3 = THUNDER
SNOW, ICE PELLETS, HAIL 4 = ICE PELLETS
TOTAL MONTH: 0.0 INCH 5 = HAIL
GRTST 24HR 0.0 6 = FREEZING RAIN OR DRIZZLE
GRTST DEPTH: 0 7 = DUSTSTORM OR SANDSTORM:
VSBY 1/2 MILE OR LESS
8 = SMOKE OR HAZE
[NO. OF DAYS WITH] [WEATHER - DAYS WITH] 9 = BLOWING SNOW
X = TORNADO
MAX 32 OR BELOW: 0 0.01 INCH OR MORE: 8
MAX 90 OR ABOVE: 0 0.10 INCH OR MORE: 4
MIN 32 OR BELOW: 0 0.50 INCH OR MORE: 3
MIN 0 OR BELOW: 0 1.00 INCH OR MORE: 1
[HDD (BASE 65) ]
TOTAL THIS MO. 215 CLEAR (SCALE 0-3) 8
DPTR FM NORMAL 9 PTCLDY (SCALE 4-7) 17
TOTAL FM JUL 1 3395 CLOUDY (SCALE 8-10) 5
DPTR FM NORMAL -166
[CDD (BASE 65) ]
TOTAL THIS MO. 33
DPTR FM NORMAL -2 [PRESSURE DATA]
TOTAL FM JAN 1 38 HIGHEST SLP M ON M
DPTR FM NORMAL -7 LOWEST SLP 29.39 ON 4
[REMARKS]
#FINAL-04-23#