000
CXUS55 KSEW 010930
CF6OLM
PRELIMINARY LOCAL CLIMATOLOGICAL DATA (WS FORM: F-6)
STATION: OLYMPIA WA AIRPORT
MONTH: MARCH
YEAR: 2022
LATITUDE: 46 58 N
LONGITUDE: 122 54 W
TEMPERATURE IN F: :PCPN: SNOW: WIND :SUNSHINE: SKY :PK WND
================================================================================
1 2 3 4 5 6A 6B 7 8 9 10 11 12 13 14 15 16 17 18
12Z AVG MX 2MIN
DY MAX MIN AVG DEP HDD CDD WTR SNW DPTH SPD SPD DIR MIN PSBL S-S WX SPD DR
================================================================================
1 59 43 51 9 14 0 0.45 M M 6.1 16 210 M M 7 1 22 210
2 52 43 48 6 17 0 0.22 M M 4.5 12 180 M M 8 1 14 180
3 51 35 43 1 22 0 0.02 M M 7.7 16 250 M M 7 1 21 250
4 52 34 43 1 22 0 0.15 M M 4.0 15 20 M M 8 1 21 40
5 53 30 42 -1 23 0 0.00 M M 2.4 15 360 M M 6 12 20 360
6 53 28 41 -2 24 0 0.00 M M 1.5 8 10 M M 5 12 11 20
7 50 29 40 -3 25 0 0.00 M M 4.9 14 240 M M 8 12 18 250
8 47 42 45 2 20 0 0.08 M M 4.1 12 190 M M 10 1 15 180
9 49 23 36 -7 29 0 0.00 M M 6.0 18 60 M M 5 12 27 20
10 48 21 35 -8 30 0 0.00 M M 1.0 7 100 M M 4 9 100
11 58 34 46 2 19 0 0.00 M M 3.3 12 210 M M 7 20 180
12 57 30 44 0 21 0 0.02 M M 4.2 21 190 M M 6 1 31 170
13 53 38 46 2 19 0 0.28 M M 9.2 22 200 M M 8 18 30 250
14 48 43 46 2 19 0 0.71 M M 8.3 18 200 M M 10 1 26 170
15 54 40 47 3 18 0 0.34 M M 9.6 20 250 M M 8 1 30 260
16 54 36 45 1 20 0 T M M 4.7 15 240 M M 7 1 22 250
17 52 36 44 0 21 0 0.01 M M 6.0 15 200 M M 6 18 23 170
18 56 41 49 5 16 0 0.13 M M 5.8 16 210 M M 8 1 21 220
19 52 37 45 0 20 0 0.27 M M 9.3 22 290 M M 5 1 33 290
20 49 34 42 -3 23 0 0.10 M M 10.2 17 190 M M 8 1 23 170
21 48 41 45 0 20 0 0.17 M M 8.4 16 190 M M 10 1 24 180
22 65 44 55 10 10 0 0.00 M M 4.4 12 10 M M 7 12 14 240
23 56 36 46 1 19 0 0.08 M M 7.6 22 220 M M 7 12 29 220
24 57 34 46 1 19 0 0.00 M M 4.2 14 40 M M 3 21 80
25 60 37 49 4 16 0 0.00 M M 2.7 12 190 M M 4 16 210
26 62 43 53 8 12 0 0.02 M M 3.0 13 200 M M 10 1 18 220
27 66 41 54 8 11 0 0.00 M M 2.4 9 360 M M 5 12 12 30
28 62 46 54 8 11 0 T M M 3.8 16 10 M M 9 1 19 10
29 55 39 47 1 18 0 0.00 M M 3.7 13 230 M M 8 1 23 240
30 57 40 49 3 16 0 0.01 M M 9.2 20 280 M M 6 1 31 290
31 56 34 45 -1 20 0 0.01 M M 4.6 15 300 M M 5 21 290
================================================================================
SM 1691 1132 594 0 3.07 M 166.8 M 215
================================================================================
AV 54.5 36.5 5.4 FASTST M M 7 MAX(MPH)
MISC ----> # 22 200 33 290
================================================================================
NOTES:
# LAST OF SEVERAL OCCURRENCES
COLUMN 17 PEAK WIND IN M.P.H.
PRELIMINARY LOCAL CLIMATOLOGICAL DATA (WS FORM: F-6) , PAGE 2
STATION: OLYMPIA WA AIRPORT
MONTH: MARCH
YEAR: 2022
LATITUDE: 46 58 N
LONGITUDE: 122 54 W
[TEMPERATURE DATA] [PRECIPITATION DATA] SYMBOLS USED IN COLUMN 16
AVERAGE MONTHLY: 45.5 TOTAL FOR MONTH: 3.07 1 = FOG OR MIST
DPTR FM NORMAL: 1.4 DPTR FM NORMAL: -2.61 2 = FOG REDUCING VISIBILITY
HIGHEST: 66 ON 27 GRTST 24HR 1.68 ON 28- 1 TO 1/4 MILE OR LESS
LOWEST: 21 ON 10 3 = THUNDER
SNOW, ICE PELLETS, HAIL 4 = ICE PELLETS
TOTAL MONTH: M 5 = HAIL
GRTST 24HR M ON M 6 = FREEZING RAIN OR DRIZZLE
GRTST DEPTH: M ON M 7 = DUSTSTORM OR SANDSTORM:
VSBY 1/2 MILE OR LESS
8 = SMOKE OR HAZE
[NO. OF DAYS WITH] [WEATHER - DAYS WITH] 9 = BLOWING SNOW
X = TORNADO
MAX 32 OR BELOW: 0 0.01 INCH OR MORE: 18
MAX 90 OR ABOVE: 0 0.10 INCH OR MORE: 10
MIN 32 OR BELOW: 6 0.50 INCH OR MORE: 1
MIN 0 OR BELOW: 0 1.00 INCH OR MORE: 0
[HDD (BASE 65) ]
TOTAL THIS MO. 594 CLEAR (SCALE 0-3) 1
DPTR FM NORMAL -54 PTCLDY (SCALE 4-7) 20
TOTAL FM JUL 1 4091 CLOUDY (SCALE 8-10) 10
DPTR FM NORMAL -266
[CDD (BASE 65) ]
TOTAL THIS MO. 0
DPTR FM NORMAL 0 [PRESSURE DATA]
TOTAL FM JAN 1 0 HIGHEST SLP M ON M
DPTR FM NORMAL 0 LOWEST SLP 29.63 ON 27
[REMARKS]
#FINAL-03-22#