000
CXUS55 KSEW 010930
CF6OLM
PRELIMINARY LOCAL CLIMATOLOGICAL DATA (WS FORM: F-6)
STATION: OLYMPIA WA AIRPORT
MONTH: SEPTEMBER
YEAR: 2021
LATITUDE: 46 58 N
LONGITUDE: 122 54 W
TEMPERATURE IN F: :PCPN: SNOW: WIND :SUNSHINE: SKY :PK WND
================================================================================
1 2 3 4 5 6A 6B 7 8 9 10 11 12 13 14 15 16 17 18
12Z AVG MX 2MIN
DY MAX MIN AVG DEP HDD CDD WTR SNW DPTH SPD SPD DIR MIN PSBL S-S WX SPD DR
================================================================================
1 73 38 56 -6 9 0 0.00 M M 4.1 13 10 M M 0 1 19 20
2 79 40 60 -2 5 0 0.00 M M 4.0 13 40 M M 0 18 40
3 80 41 61 -1 4 0 0.00 M M 2.0 8 80 M M 0 12 30
4 82 44 63 1 2 0 0.00 M M 4.4 14 230 M M 2 22 210
5 80 59 70 8 0 5 0.00 M M 6.7 14 220 M M 8 20 220
6 76 51 64 3 1 0 0.00 M M 4.3 10 20 M M 3 15 360
7 83 45 64 3 1 0 0.00 M M 5.0 16 20 M M 0 1 24 50
8 82 57 70 9 0 5 T M M 5.8 13 210 M M 1 19 200
9 82 50 66 5 0 1 0.00 M M 4.7 15 280 M M 0 1 21 250
10 71 51 61 0 4 0 0.00 M M 6.8 16 240 M M 5 1 24 210
11 77 51 64 4 1 0 0.00 M M 4.5 10 10 M M 5 14 10
12 71 49 60 0 5 0 T M M 5.1 16 250 M M 6 21 260
13 73 48 61 1 4 0 0.00 M M 2.3 10 50 M M 3 14 30
14 75 42 59 -1 6 0 0.00 M M 6.3 16 220 M M 4 21 210
15 69 40 55 -5 10 0 0.00 M M 5.5 16 240 M M 2 22 240
16 69 34 52 -7 13 0 0.00 M M 3.5 14 20 M M 0 19 20
17 67 51 59 0 6 0 0.96 M M 7.8 22 250 M M 10 1 35 210
18 64 51 58 -1 7 0 0.50 M M 7.7 16 170 M M 8 18 23 210
19 64 49 57 -1 8 0 0.11 M M 8.2 14 240 M M 5 18 21 230
20 70 46 58 0 7 0 0.00 M M 3.0 10 190 M M 3 12 14 260
21 78 42 60 2 5 0 0.00 M M 2.3 9 10 M M 1 12 15 10
22 67 49 58 0 7 0 0.02 M M 4.3 10 260 M M 6 1 18 190
23 70 51 61 4 4 0 0.00 M M 4.2 14 20 M M 6 1 18 20
24 76 46 61 4 4 0 0.00 M M 5.0 14 30 M M 0 1 18 40
25 79 45 62 5 3 0 0.00 M M 4.8 14 210 M M 0 1 19 210
26 65 50 58 2 7 0 0.41 M M 8.6 18 190 M M 8 1 27 220
27 61 49 55 -1 10 0 0.61 M M 7.8 18 210 M M 8 1 25 190
28 63 51 57 1 8 0 0.17 M M 8.6 18 280 M M 7 1 31 290
29 60 51 56 0 9 0 0.24 M M 7.6 20 180 M M 10 1 28 180
30 60 47 54 -1 11 0 0.29 M M 7.3 20 190 M M 8 12 31 210
================================================================================
SM 2166 1418 161 11 3.31 M 162.2 M 119
================================================================================
AV 72.2 47.3 5.4 FASTST M M 4 MAX(MPH)
MISC ----> 22 250 35 210
================================================================================
NOTES:
# LAST OF SEVERAL OCCURRENCES
COLUMN 17 PEAK WIND IN M.P.H.
PRELIMINARY LOCAL CLIMATOLOGICAL DATA (WS FORM: F-6) , PAGE 2
STATION: OLYMPIA WA AIRPORT
MONTH: SEPTEMBER
YEAR: 2021
LATITUDE: 46 58 N
LONGITUDE: 122 54 W
[TEMPERATURE DATA] [PRECIPITATION DATA] SYMBOLS USED IN COLUMN 16
AVERAGE MONTHLY: 59.7 TOTAL FOR MONTH: 3.31 1 = FOG OR MIST
DPTR FM NORMAL: 0.6 DPTR FM NORMAL: 1.27 2 = FOG REDUCING VISIBILITY
HIGHEST: 83 ON 7 GRTST 24HR 1.19 ON 17-18 TO 1/4 MILE OR LESS
LOWEST: 34 ON 16 3 = THUNDER
SNOW, ICE PELLETS, HAIL 4 = ICE PELLETS
TOTAL MONTH: M 5 = HAIL
GRTST 24HR M ON M 6 = FREEZING RAIN OR DRIZZLE
GRTST DEPTH: M ON M 7 = DUSTSTORM OR SANDSTORM:
VSBY 1/2 MILE OR LESS
8 = SMOKE OR HAZE
[NO. OF DAYS WITH] [WEATHER - DAYS WITH] 9 = BLOWING SNOW
X = TORNADO
MAX 32 OR BELOW: 0 0.01 INCH OR MORE: 9
MAX 90 OR ABOVE: 0 0.10 INCH OR MORE: 8
MIN 32 OR BELOW: 0 0.50 INCH OR MORE: 3
MIN 0 OR BELOW: 0 1.00 INCH OR MORE: 0
[HDD (BASE 65) ]
TOTAL THIS MO. 161 CLEAR (SCALE 0-3) 15
DPTR FM NORMAL -22 PTCLDY (SCALE 4-7) 12
TOTAL FM JUL 1 247 CLOUDY (SCALE 8-10) 3
DPTR FM NORMAL -78
[CDD (BASE 65) ]
TOTAL THIS MO. 11
DPTR FM NORMAL 3 [PRESSURE DATA]
TOTAL FM JAN 1 248 HIGHEST SLP M ON M
DPTR FM NORMAL 135 LOWEST SLP 29.52 ON 17
[REMARKS]
#FINAL-09-21#