000
CXUS55 KTWC 010855
CF6OLS
PRELIMINARY LOCAL CLIMATOLOGICAL DATA (WS FORM: F-6)
STATION: NOGALES AZ AIRPORT
MONTH: NOVEMBER
YEAR: 2022
LATITUDE: 31 25 N
LONGITUDE: 110 51 W
TEMPERATURE IN F: :PCPN: SNOW: WIND :SUNSHINE: SKY :PK WND
================================================================================
1 2 3 4 5 6A 6B 7 8 9 10 11 12 13 14 15 16 17 18
12Z AVG MX 2MIN
DY MAX MIN AVG DEP HDD CDD WTR SNW DPTH SPD SPD DIR MIN PSBL S-S WX SPD DR
================================================================================
1 71 41 56 -6 9 0 0.00 M M M M M M M M M M
2 73 47 60 -1 5 0 0.00 M M M M M M M M M M
3 61 39 50 -11 15 0 0.00 M M M M M M M M M M
4 60 29 45 -16 20 0 0.00 M M 3.7 12 320 M M 0 20 340
5 72 28 50 -10 15 0 0.00 M M 3.3 8 90 M M 0 11 290
6 79 34 57 -3 8 0 0.00 M M 4.9 15 200 M M 0 21 230
7 77 42 60 0 5 0 0.00 M M 5.0 16 170 M M 0 23 160
8 77 41 59 0 6 0 0.00 M M 6.5 20 200 M M 0 28 220
9 71 47 59 0 6 0 0.00 M M 9.8 23 220 M M 0 34 230
10 67 39 53 -6 12 0 0.00 M M 3.1 16 250 M M 3 12 22 250
11 67 32 50 -8 15 0 0.00 M M 3.0 9 240 M M 0 14 210
12 73 34 54 -4 11 0 0.00 M M 3.9 12 270 M M 0 17 200
13 70 39 55 -3 10 0 0.00 M M 5.9 22 210 M M 1 30 200
14 64 28 46 -11 19 0 0.00 M M 2.6 8 280 M M M 13 280
15 69 32 51 -6 14 0 0.00 M M 2.3 12 220 M M 1 19 230
16 67 32 50 -6 15 0 0.00 M M 5.3 15 40 M M M 23 50
17 70 37 54 -2 11 0 0.00 M M 4.3 9 40 M M M 15 50
18 72 36 54 -2 11 0 0.00 M M 4.6 17 220 M M M 23 230
19 68 33 51 -5 14 0 0.00 M M 4.7 15 120 M M M 25 150
20 65 39 52 -3 13 0 0.00 M M 8.1 16 50 M M M 24 40
21 70 36 53 -2 12 0 0.00 M M 7.5 17 40 M M 0 27 40
22 70 35 53 -1 12 0 0.00 M M 3.6 10 230 M M 0 16 230
23 72 33 53 -1 12 0 0.00 M M 2.9 12 330 M M 0 18 350
24 62 29 46 -8 19 0 0.00 M M 8.1 21 70 M M 0 32 70
25 61 36 49 -4 16 0 0.00 M M 9.1 24 70 M M 0 34 70
26 66 27 47 -6 18 0 0.00 M M 4.0 12 310 M M 0 19 300
27 69 29 49 -4 16 0 0.00 M M 2.0 10 300 M M 0 16 330
28 67 32 50 -2 15 0 0.00 M M 3.5 17 230 M M 0 31 240
29 68 40 54 2 11 0 0.00 M M 6.9 18 230 M M 0 25 220
30 73 35 54 2 11 0 0.00 M M 4.9 15 210 M M 0 27 210
================================================================================
SM 2071 1061 376 0 0.00 M 133.5 M 5
================================================================================
AV 69.0 35.4 4.9 FASTST M M 0 MAX(MPH)
MISC ----> 24 70 # 34 230
================================================================================
NOTES:
# LAST OF SEVERAL OCCURRENCES
COLUMN 17 PEAK WIND IN M.P.H.
PRELIMINARY LOCAL CLIMATOLOGICAL DATA (WS FORM: F-6) , PAGE 2
STATION: NOGALES AZ AIRPORT
MONTH: NOVEMBER
YEAR: 2022
LATITUDE: 31 25 N
LONGITUDE: 110 51 W
[TEMPERATURE DATA] [PRECIPITATION DATA] SYMBOLS USED IN COLUMN 16
AVERAGE MONTHLY: 52.2 TOTAL FOR MONTH: 0.00 1 = FOG OR MIST
DPTR FM NORMAL: -4.5 DPTR FM NORMAL: -0.62 2 = FOG REDUCING VISIBILITY
HIGHEST: 79 ON 6 GRTST 24HR T ON 16-16 TO 1/4 MILE OR LESS
LOWEST: 27 ON 26 3 = THUNDER
SNOW, ICE PELLETS, HAIL 4 = ICE PELLETS
TOTAL MONTH: M 5 = HAIL
GRTST 24HR M ON M 6 = FREEZING RAIN OR DRIZZLE
GRTST DEPTH: M ON M 7 = DUSTSTORM OR SANDSTORM:
VSBY 1/2 MILE OR LESS
8 = SMOKE OR HAZE
[NO. OF DAYS WITH] [WEATHER - DAYS WITH] 9 = BLOWING SNOW
X = TORNADO
MAX 32 OR BELOW: 0 0.01 INCH OR MORE: 0
MAX 90 OR ABOVE: 0 0.10 INCH OR MORE: 0
MIN 32 OR BELOW: 10 0.50 INCH OR MORE: 0
MIN 0 OR BELOW: 0 1.00 INCH OR MORE: 0
[HDD (BASE 65) ]
TOTAL THIS MO. 376 CLEAR (SCALE 0-3) 21
DPTR FM NORMAL 119 PTCLDY (SCALE 4-7) 0
TOTAL FM JUL 1 455 CLOUDY (SCALE 8-10) 9
DPTR FM NORMAL 142
[CDD (BASE 65) ]
TOTAL THIS MO. 0
DPTR FM NORMAL -8 [PRESSURE DATA]
TOTAL FM JAN 1 2118 HIGHEST SLP M ON M
DPTR FM NORMAL 142 LOWEST SLP 29.74 ON 29
[REMARKS]
#FINAL-11-22#