000
CXAK56 PAFG 011036
CF6OME
PRELIMINARY LOCAL CLIMATOLOGICAL DATA (WS FORM: F-6)
STATION: NOME AK
MONTH: MAY
YEAR: 2023
LATITUDE: 64 30 N
LONGITUDE: 165 26 W
TEMPERATURE IN F: :PCPN: SNOW: WIND :SUNSHINE: SKY :PK WND
================================================================================
1 2 3 4 5 6A 6B 7 8 9 10 11 12 13 14 15 16 17 18
12Z AVG MX 2MIN
DY MAX MIN AVG DEP HDD CDD WTR SNW DPTH SPD SPD DIR MIN PSBL S-S WX SPD DR
================================================================================
1 37 32 35 3 30 0 0.07 M M 11.3 25 30 M M 7 15 30 30
2 34 30 32 0 33 0 0.11 M M 8.3 14 70 M M 10 1 19 50
3 31 28 30 -3 35 0 0.04 M M 6.1 12 70 M M 10 12 14 70
4 34 24 29 -4 36 0 0.02 M M 5.3 12 260 M M 10 1 14 260
5 28 20 24 -10 41 0 0.00 M M 10.8 16 260 M M 6 20 260
6 32 15 24 -10 41 0 0.00 M M 6.3 14 280 M M 2 15 280
7 35 23 29 -5 36 0 0.00 M M 7.1 13 40 M M 6 16 40
8 39 25 32 -3 33 0 0.00 M M 11.9 16 350 M M 0 20 350
9 42 27 35 0 30 0 0.00 M M 7.3 18 350 M M 1 21 350
10 41 25 33 -2 32 0 0.00 M M 3.7 14 330 M M 0 15 330
11 37 19 28 -8 37 0 0.00 M M 2.3 13 310 M M 0 15 300
12 29 20 25 -11 40 0 T M M 3.4 8 200 M M 5 1 10 240
13 38 23 31 -5 34 0 0.05 M M 17.8 33 140 M M 8 1 43 140
14 34 29 32 -5 33 0 T M M 15.8 26 160 M M 10 1 33 170
15 36 28 32 -5 33 0 T M M 13.5 25 30 M M 8 1 31 30
16 38 30 34 -3 31 0 0.05 M M 17.7 35 30 M M 10 1 42 30
17 37 32 35 -3 30 0 T M M 7.7 14 90 M M 10 1 16 100
18 42 26 34 -4 31 0 0.00 M M 5.3 10 360 M M 3 12 12 350
19 51 34 43 5 22 0 0.00 M M 9.0 15 330 M M 0 16 350
20 50 30 40 1 25 0 0.00 M M 3.8 13 340 M M 0 14 330
21 47 32 40 1 25 0 0.00 M M 3.5 12 160 M M 2 14 160
22 50 33 42 3 23 0 T M M 4.9 14 140 M M 5 16 150
23 50 39 45 5 20 0 0.04 M M 10.2 16 30 M M 9 19 30
24 51 38 45 5 20 0 0.03 M M 3.3 10 130 M M 10 12 130
25 50 39 45 5 20 0 T M M 6.1 15 100 M M 8 1 18 100
26 51 40 46 5 19 0 0.07 M M 9.5 18 90 M M 9 12 24 100
27 50 39 45 4 20 0 T M M 9.2 21 90 M M 6 25 90
28 51 34 43 2 22 0 0.00 M M 10.9 26 280 M M 5 30 280
29 34 31 33 -9 32 0 0.09 M M 8.0 15 260 M M 10 1 19 260
30 44 32 38 -4 27 0 0.02 M M 10.6 25 280 M M 7 1 30 280
31 36 30 33 -9 32 0 T M M 8.1 17 280 M M 7 1 20 290
================================================================================
SM 1259 907 923 0 0.59 M 258.7 M 184
================================================================================
AV 40.6 29.3 8.3 FASTST M M 6 MAX(MPH)
MISC ----> 35 30 43 140
================================================================================
NOTES:
# LAST OF SEVERAL OCCURRENCES
COLUMN 17 PEAK WIND IN M.P.H.
PRELIMINARY LOCAL CLIMATOLOGICAL DATA (WS FORM: F-6) , PAGE 2
STATION: NOME AK
MONTH: MAY
YEAR: 2023
LATITUDE: 64 30 N
LONGITUDE: 165 26 W
[TEMPERATURE DATA] [PRECIPITATION DATA] SYMBOLS USED IN COLUMN 16
AVERAGE MONTHLY: 34.9 TOTAL FOR MONTH: 0.59 1 = FOG OR MIST
DPTR FM NORMAL: -2.4 DPTR FM NORMAL: -0.30 2 = FOG REDUCING VISIBILITY
HIGHEST: 51 ON 28,26 GRTST 24HR 0.16 ON 1- 2 TO 1/4 MILE OR LESS
LOWEST: 15 ON 6 3 = THUNDER
SNOW, ICE PELLETS, HAIL 4 = ICE PELLETS
TOTAL MONTH: M 5 = HAIL
GRTST 24HR M ON M 6 = FREEZING RAIN OR DRIZZLE
GRTST DEPTH: M ON M 7 = DUSTSTORM OR SANDSTORM:
VSBY 1/2 MILE OR LESS
8 = SMOKE OR HAZE
[NO. OF DAYS WITH] [WEATHER - DAYS WITH] 9 = BLOWING SNOW
X = TORNADO
MAX 32 OR BELOW: 4 0.01 INCH OR MORE: 11
MAX 90 OR ABOVE: 0 0.10 INCH OR MORE: 1
MIN 32 OR BELOW: 23 0.50 INCH OR MORE: 0
MIN 0 OR BELOW: 0 1.00 INCH OR MORE: 0
[HDD (BASE 65) ]
TOTAL THIS MO. 923 CLEAR (SCALE 0-3) 9
DPTR FM NORMAL 63 PTCLDY (SCALE 4-7) 11
TOTAL FM JUL 1 13100 CLOUDY (SCALE 8-10) 11
DPTR FM NORMAL 119
[CDD (BASE 65) ]
TOTAL THIS MO. 0
DPTR FM NORMAL 0 [PRESSURE DATA]
TOTAL FM JAN 1 0 HIGHEST SLP M ON M
DPTR FM NORMAL 0 LOWEST SLP 29.28 ON 26
[REMARKS]
#FINAL-05-23#