000
CXAK56 PAFG 010952
CF6OME
PRELIMINARY LOCAL CLIMATOLOGICAL DATA (WS FORM: F-6)
STATION: NOME AK
MONTH: AUGUST
YEAR: 2023
LATITUDE: 64 30 N
LONGITUDE: 165 26 W
TEMPERATURE IN F: :PCPN: SNOW: WIND :SUNSHINE: SKY :PK WND
================================================================================
1 2 3 4 5 6A 6B 7 8 9 10 11 12 13 14 15 16 17 18
12Z AVG MX 2MIN
DY MAX MIN AVG DEP HDD CDD WTR SNW DPTH SPD SPD DIR MIN PSBL S-S WX SPD DR
================================================================================
1 53 49 51 0 14 0 0.04 M M 4.7 9 190 M M 10 1 13 170
2 62 51 57 6 8 0 0.00 M M 6.5 14 130 M M 7 12 19 160
3 68 55 62 11 3 0 T M M 4.6 15 140 M M 7 1 M M
4 58 54 56 5 9 0 T M M 14.0 22 140 M M 10 1 28 150
5 59 55 57 6 8 0 0.02 M M 22.3 33 130 M M 10 1 47 130
6 59 55 57 6 8 0 0.06 M M 20.1 27 120 M M 10 40 120
7 55 52 54 3 11 0 0.15 M M 14.8 23 150 M M 10 1 30 150
8 56 48 52 1 13 0 0.01 M M 9.3 20 120 M M 10 1 25 150
9 63 48 56 5 9 0 0.16 M M 6.2 16 40 M M 8 1 20 10
10 56 46 51 0 14 0 0.71 M M 7.3 13 240 M M 8 1 16 260
11 62 46 54 3 11 0 0.43 M M 5.4 10 40 M M 8 13 14 30
12 74 54 64 13 1 0 0.01 M M 11.2 22 30 M M 5 18 30 40
13 70 54 62 11 3 0 0.00 M M 7.2 16 30 M M 0 8 22 30
14 55 49 52 2 13 0 T M M 7.2 15 210 M M 9 18 21 230
15 53 45 49 -1 16 0 0.00 M M 8.4 21 250 M M 7 25 250
16 50 44 47 -3 18 0 T M M 10.5 17 240 M M 10 1 23 240
17 49 47 48 -2 17 0 0.05 M M 12.9 18 210 M M 10 1 23 180
18 50 47 49 -1 16 0 0.31 M M 16.7 28 220 M M 10 1 36 230
19 50 47 49 -1 16 0 0.44 M M 18.5 30 220 M M 10 1 38 220
20 50 47 49 -1 16 0 0.68 M M 11.5 22 220 M M 10 1 29 220
21 50 47 49 -1 16 0 0.01 M M 4.8 9 250 M M 10 1 14 220
22 52 48 50 0 15 0 0.07 M M 6.5 10 240 M M 10 1 15 240
23 51 47 49 -1 16 0 0.14 M M 7.7 14 80 M M 10 1 19 80
24 51 45 48 -2 17 0 0.48 M M 12.6 24 10 M M 10 1 35 20
25 55 46 51 1 14 0 0.29 M M 11.5 20 20 M M 10 1 26 20
26 53 46 50 0 15 0 0.16 M M 9.3 14 40 M M 10 1 17 40
27 49 37 43 -6 22 0 T M M 13.5 26 280 M M 7 33 280
28 48 34 41 -8 24 0 0.00 M M 5.9 15 30 M M 7 20 30
29 53 37 45 -4 20 0 0.00 M M 11.0 21 40 M M 7 26 30
30 51 44 48 -1 17 0 0.13 M M 10.7 20 120 M M 10 18 23 120
31 56 48 52 3 13 0 0.26 M M 10.4 17 30 M M 9 1 25 80
================================================================================
SM 1721 1472 413 0 4.61 M 323.2 M 269
================================================================================
AV 55.5 47.5 10.4 FASTST M M 9 MAX(MPH)
MISC ----> 33 130 47 130
================================================================================
NOTES:
# LAST OF SEVERAL OCCURRENCES
COLUMN 17 PEAK WIND IN M.P.H.
PRELIMINARY LOCAL CLIMATOLOGICAL DATA (WS FORM: F-6) , PAGE 2
STATION: NOME AK
MONTH: AUGUST
YEAR: 2023
LATITUDE: 64 30 N
LONGITUDE: 165 26 W
[TEMPERATURE DATA] [PRECIPITATION DATA] SYMBOLS USED IN COLUMN 16
AVERAGE MONTHLY: 51.5 TOTAL FOR MONTH: 4.61 1 = FOG OR MIST
DPTR FM NORMAL: 1.3 DPTR FM NORMAL: 1.39 2 = FOG REDUCING VISIBILITY
HIGHEST: 74 ON 12 GRTST 24HR 0.87 ON 9-10 TO 1/4 MILE OR LESS
LOWEST: 34 ON 28 3 = THUNDER
SNOW, ICE PELLETS, HAIL 4 = ICE PELLETS
TOTAL MONTH: M 5 = HAIL
GRTST 24HR M ON M 6 = FREEZING RAIN OR DRIZZLE
GRTST DEPTH: M ON M 7 = DUSTSTORM OR SANDSTORM:
VSBY 1/2 MILE OR LESS
8 = SMOKE OR HAZE
[NO. OF DAYS WITH] [WEATHER - DAYS WITH] 9 = BLOWING SNOW
X = TORNADO
MAX 32 OR BELOW: 0 0.01 INCH OR MORE: 21
MAX 90 OR ABOVE: 0 0.10 INCH OR MORE: 13
MIN 32 OR BELOW: 0 0.50 INCH OR MORE: 2
MIN 0 OR BELOW: 0 1.00 INCH OR MORE: 0
[HDD (BASE 65) ]
TOTAL THIS MO. 413 CLEAR (SCALE 0-3) 1
DPTR FM NORMAL -46 PTCLDY (SCALE 4-7) 8
TOTAL FM JUL 1 796 CLOUDY (SCALE 8-10) 22
DPTR FM NORMAL -64
[CDD (BASE 65) ]
TOTAL THIS MO. 0
DPTR FM NORMAL 0 [PRESSURE DATA]
TOTAL FM JAN 1 0 HIGHEST SLP M ON M
DPTR FM NORMAL -3 LOWEST SLP 29.13 ON 31
[REMARKS]
#FINAL-08-23#