000
CXUS56 KOTX 011010
CF6OMK
PRELIMINARY LOCAL CLIMATOLOGICAL DATA (WS FORM: F-6)
STATION: OMAK WA AIRPORT
MONTH: OCTOBER
YEAR: 2020
LATITUDE: 48 27 N
LONGITUDE: 119 31 W
TEMPERATURE IN F: :PCPN: SNOW: WIND :SUNSHINE: SKY :PK WND
================================================================================
1 2 3 4 5 6A 6B 7 8 9 10 11 12 13 14 15 16 17 18
12Z AVG MX 2MIN
DY MAX MIN AVG DEP HDD CDD WTR SNW DPTH SPD SPD DIR MIN PSBL S-S WX SPD DR
================================================================================
1 73 48 61 5 4 0 0.00 M M 4.0 12 10 M M 0 13 360
2 81 54 68 12 0 3 0.00 M M 8.5 15 360 M M 0 19 360
3 81 51 66 11 0 1 0.00 M M 5.7 12 10 M M 0 13 190
4 80 45 63 8 2 0 0.00 M M 5.5 17 360 M M 0 22 350
5 82 47 65 11 0 0 0.00 M M 6.8 16 160 M M 0 19 160
6 85 47 66 12 0 1 0.00 M M 4.3 15 320 M M 0 18 320
7 82 55 69 16 0 4 0.00 M M 7.7 15 350 M M 0 18 340
8 76 47 62 9 3 0 0.00 M M 3.6 13 10 M M 0 8 17 10
9 74 49 62 10 3 0 0.00 M M 8.5 21 140 M M 1 8 25 140
10 66 44 55 3 10 0 0.19 M M 11.9 29 290 M M 5 8 39 290
11 58 38 48 -3 17 0 0.62 M M 7.3 22 180 M M 6 1 29 190
12 63 43 53 2 12 0 0.00 M M 9.7 20 20 M M 3 26 20
13 56 44 50 0 15 0 0.53 M M 8.8 24 210 M M 6 1 33 230
14 64 37 51 1 14 0 0.00 M M 5.0 24 300 M M 2 32 300
15 58 32 45 -4 20 0 0.00 M M 5.1 16 170 M M 3 20 170
16 72 47 60 11 5 0 0.00 M M 13.0 30 10 M M 5 37 10
17 60 47 54 6 11 0 0.00 M M 13.3 25 360 M M 2 32 360
18 55 40 48 0 17 0 0.01 M M 8.1 16 10 M M 5 20 20
19 66 33 50 3 15 0 0.00 M M 8.3 28 300 M M 2 34 310
20 59 33 46 -1 19 0 0.00 M M 5.5 14 200 M M 2 16 190
21 54 31 43 -3 22 0 T M M 11.2 24 20 M M 3 31 30
22 52 24 38 -8 27 0 0.00 M M 6.8 15 350 M M 3 19 10
23 36 30 33 -13 32 0 0.47 M M 5.4 18 340 M M 9 1 22 340
24 36 29 33 -12 32 0 0.00 M M 12.7 22 360 M M 8 27 360
25 34 21 28 -17 37 0 0.00 M M 9.7 18 350 M M 1 23 350
26 39 23 31 -13 34 0 0.00 M M 3.9 9 350 M M 4 13 290
27 38 20 29 -15 36 0 0.00 M M 2.8 7 310 M M 0 8 260
28 41 27 34 -10 31 0 0.00 M M 3.0 8 200 M M 1 9 290
29 55 33 44 1 21 0 0.00 M M 2.2 9 290 M M 0 8 14 280
30 63 34 49 6 16 0 0.00 M M 8.8 25 300 M M 2 1 34 300
31 56 28 42 0 23 0 0.00 M M 5.3 13 200 M M 0 15 180
================================================================================
SM 1895 1181 478 9 1.82 M 222.4 M 73
================================================================================
AV 61.1 38.1 7.2 FASTST M M 2 MAX(MPH)
MISC ----> 30 10 39 290
================================================================================
NOTES:
# LAST OF SEVERAL OCCURRENCES
COLUMN 17 PEAK WIND IN M.P.H.
PRELIMINARY LOCAL CLIMATOLOGICAL DATA (WS FORM: F-6) , PAGE 2
STATION: OMAK WA AIRPORT
MONTH: OCTOBER
YEAR: 2020
LATITUDE: 48 27 N
LONGITUDE: 119 31 W
[TEMPERATURE DATA] [PRECIPITATION DATA] SYMBOLS USED IN COLUMN 16
AVERAGE MONTHLY: 49.6 TOTAL FOR MONTH: 1.82 1 = FOG OR MIST
DPTR FM NORMAL: 0.7 DPTR FM NORMAL: 0.74 2 = FOG REDUCING VISIBILITY
HIGHEST: 85 ON 6 GRTST 24HR 0.62 ON 11-11 TO 1/4 MILE OR LESS
LOWEST: 20 ON 27 3 = THUNDER
SNOW, ICE PELLETS, HAIL 4 = ICE PELLETS
TOTAL MONTH: M 5 = HAIL
GRTST 24HR M ON M 6 = FREEZING RAIN OR DRIZZLE
GRTST DEPTH: M ON M 7 = DUSTSTORM OR SANDSTORM:
VSBY 1/2 MILE OR LESS
8 = SMOKE OR HAZE
[NO. OF DAYS WITH] [WEATHER - DAYS WITH] 9 = BLOWING SNOW
X = TORNADO
MAX 32 OR BELOW: 0 0.01 INCH OR MORE: 5
MAX 90 OR ABOVE: 0 0.10 INCH OR MORE: 4
MIN 32 OR BELOW: 10 0.50 INCH OR MORE: 2
MIN 0 OR BELOW: 0 1.00 INCH OR MORE: 0
[HDD (BASE 65) ]
TOTAL THIS MO. 478 CLEAR (SCALE 0-3) 23
DPTR FM NORMAL -21 PTCLDY (SCALE 4-7) 6
TOTAL FM JUL 1 546 CLOUDY (SCALE 8-10) 2
DPTR FM NORMAL -114
[CDD (BASE 65) ]
TOTAL THIS MO. 9
DPTR FM NORMAL 8 [PRESSURE DATA]
TOTAL FM JAN 1 864 HIGHEST SLP M ON M
DPTR FM NORMAL 199 LOWEST SLP 29.42 ON 10
[REMARKS]
#FINAL-10-20#