000
CXUS53 KARX 080948
CF6ONA
PRELIMINARY LOCAL CLIMATOLOGICAL DATA (WS FORM: F-6)
STATION: WINONA_MUNI_(AWOS) MN
MONTH: NOVEMBER
YEAR: 2020
LATITUDE: 44 4 N
LONGITUDE: 91 42 W
TEMPERATURE IN F: :PCPN: SNOW: WIND :SUNSHINE: SKY :PK WND
================================================================================
1 2 3 4 5 6A 6B 7 8 9 10 11 12 13 14 15 16 17 18
12Z AVG MX 2MIN
DY MAX MIN AVG DEP HDD CDD WTR SNW DPTH SPD SPD DIR MIN PSBL S-S WX SPD DR
================================================================================
1 39 25 32 M 33 0 0.00 0.0 M M M M M M 0 M M
2 M M M M M M 0.00 0.0 0 M M M M M M M M
3 M M M M M M 0.00 0.0 0 M M M M M M M M
4 M M M M M M 0.00 0.0 0 M M M M M M M M
5 M M M M M M 0.00 0.0 0 M M M M M M M M
6 M M M M M M 0.00 0.0 0 M M M M M M M M
7 M M M M M M 0.00 0.0 0 M M M M M M M M
8 M M M M M M 0.00 0.0 0 M M M M M M M M
9 M M M M M M M 0.0 0 M M M M M M M M
10 M M M M M M M M 0 M M M M M M M M
11 45 M M M M M 0.00 0.0 0 3.8 9 220 M M 0 17 220
12 41 27 34 M 31 0 M M 0 6.7 15 320 M M 5 18 290
13 37 21 29 M 36 0 0.00 0.0 0 5.9 12 300 M M 1 17 310
14 39 30 35 M 30 0 0.07 0.0 0 7.4 15 130 M M 7 1 20 160
15 39 30 35 M 30 0 T T 0 14.7 23 300 M M 8 1 31 300
16 45 27 36 M 29 0 0.00 0.0 0 7.5 21 320 M M 5 25 320
17 37 25 31 M 34 0 0.00 0.0 0 3.5 9 350 M M 4 22 320
18 54 30 42 M 23 0 0.00 0.0 0 8.0 13 170 M M 0 22 170
19 61 41 51 M 14 0 0.00 0.0 0 4.7 16 230 M M 0 27 230
20 45 28 37 M 28 0 0.00 0.0 0 7.1 15 300 M M 3 22 300
21 39 23 31 M 34 0 0.00 0.0 0 0.5 5 310 M M 0 1 M M
22 41 27 34 M 31 0 0.00 0.0 0 4.7 13 290 M M 9 1 18 280
23 37 25 31 M 34 0 0.00 0.0 0 2.5 10 310 M M 1 M M
24 34 30 32 M 33 0 M M 0 3.8 8 140 M M 10 1 M M
25 36 32 34 M 31 0 T 0.0 0 1.2 6 340 M M 10 1 M M
26 36 34 35 M 30 0 0.00 0.0 0 3.5 8 330 M M 10 M M
27 37 28 33 M 32 0 0.00 0.0 0 4.8 12 310 M M 1 18 300
28 48 28 38 M 27 0 0.00 0.0 0 2.2 7 230 M M 0 M M
29 37 28 33 M 32 0 0.00 0.0 0 11.2 25 330 M M 6 1 31 330
30 32 18 25 M 40 0 0.00 0.0 0 8.6 14 330 M M 5 20 340
================================================================================
SM 859 557 612 0 0.07 T 112.3 M 85
================================================================================
AV 40.9 27.9 5.6 FASTST M M 4 MAX(MPH)
MISC ----> 25 330 # 31 300
================================================================================
NOTES:
# LAST OF SEVERAL OCCURRENCES
COLUMN 17 PEAK WIND IN M.P.H.
PRELIMINARY LOCAL CLIMATOLOGICAL DATA (WS FORM: F-6) , PAGE 2
STATION: WINONA_MUNI_(AWOS) MN
MONTH: NOVEMBER
YEAR: 2020
LATITUDE: 44 4 N
LONGITUDE: 91 42 W
[TEMPERATURE DATA] [PRECIPITATION DATA] SYMBOLS USED IN COLUMN 16
AVERAGE MONTHLY: 34.4 TOTAL FOR MONTH: 0.07 1 = FOG OR MIST
DPTR FM NORMAL: 0.0 DPTR FM NORMAL: M 2 = FOG REDUCING VISIBILITY
HIGHEST: 61 ON 19 GRTST 24HR 0.07 ON 14-14 TO 1/4 MILE OR LESS
LOWEST: 18 ON 30 3 = THUNDER
SNOW, ICE PELLETS, HAIL 4 = ICE PELLETS
TOTAL MONTH: T 5 = HAIL
GRTST 24HR T ON 15-15 6 = FREEZING RAIN OR DRIZZLE
GRTST DEPTH: 0 7 = DUSTSTORM OR SANDSTORM:
VSBY 1/2 MILE OR LESS
8 = SMOKE OR HAZE
[NO. OF DAYS WITH] [WEATHER - DAYS WITH] 9 = BLOWING SNOW
X = TORNADO
MAX 32 OR BELOW: 1 0.01 INCH OR MORE: 1
MAX 90 OR ABOVE: 0 0.10 INCH OR MORE: 0
MIN 32 OR BELOW: 18 0.50 INCH OR MORE: 0
MIN 0 OR BELOW: 0 1.00 INCH OR MORE: 0
[HDD (BASE 65) ]
TOTAL THIS MO. 612 CLEAR (SCALE 0-3) 10
DPTR FM NORMAL M PTCLDY (SCALE 4-7) 6
TOTAL FM JUL 1 1465 CLOUDY (SCALE 8-10) 14
DPTR FM NORMAL M
[CDD (BASE 65) ]
TOTAL THIS MO. 0
DPTR FM NORMAL M [PRESSURE DATA]
TOTAL FM JAN 1 685 HIGHEST SLP M ON M
DPTR FM NORMAL M LOWEST SLP M ON M
[REMARKS]
#FINAL-11-20#