000
CXUS56 KBOI 011002
CF6ONO
PRELIMINARY LOCAL CLIMATOLOGICAL DATA (WS FORM: F-6)
STATION: ONTARIO OR
MONTH: DECEMBER
YEAR: 2022
LATITUDE: 44 1 N
LONGITUDE: 117 1 W
TEMPERATURE IN F: :PCPN: SNOW: WIND :SUNSHINE: SKY :PK WND
================================================================================
1 2 3 4 5 6A 6B 7 8 9 10 11 12 13 14 15 16 17 18
12Z AVG MX 2MIN
DY MAX MIN AVG DEP HDD CDD WTR SNW DPTH SPD SPD DIR MIN PSBL S-S WX SPD DR
================================================================================
1 39 28 34 0 31 0 0.40 M M 4.2 20 320 M M M 29 300
2 37 24 31 -3 34 0 0.00 M M 6.6 18 250 M M M 24 250
3 36 21 29 -5 36 0 0.00 M M 5.2 10 100 M M M 18 40
4 32 19 26 -8 39 0 0.27 M M 3.3 13 30 M M M 16 20
5 29 20 25 -8 40 0 0.00 M M 4.0 10 240 M M M 12 240
6 31 26 29 -4 36 0 0.00 M M 2.1 7 290 M M M 9 210
7 28 24 26 -7 39 0 0.00 M M 5.9 10 260 M M 10 1 13 260
8 31 24 28 -5 37 0 0.13 M M 5.5 13 260 M M 10 1 16 260
9 34 14 24 -8 41 0 0.15 M M 4.8 14 250 M M 6 18 16 260
10 41 29 35 3 30 0 0.28 M M 8.8 23 150 M M 10 1 32 160
11 41 36 39 7 26 0 0.45 M M 5.3 13 140 M M 10 1 17 140
12 42 34 38 6 27 0 0.15 M M 11.5 30 330 M M 8 1 38 320
13 43 32 38 6 27 0 0.00 M M 15.8 28 320 M M 3 36 320
14 34 27 31 -1 34 0 0.05 M M 2.9 15 260 M M 7 18 21 270
15 35 23 29 -2 36 0 0.00 M M 10.8 18 320 M M 1 29 310
16 26 13 20 -11 45 0 0.00 M M 1.8 8 240 M M 6 10 260
17 26 18 22 -9 43 0 0.00 M M 5.0 10 250 M M 10 13 250
18 24 15 20 -11 45 0 0.00 M M 3.9 10 260 M M 7 13 250
19 24 13 19 -12 46 0 0.00 M M 3.3 9 270 M M 5 18 12 280
20 29 20 25 -6 40 0 0.00 M M 2.3 7 250 M M 8 18 9 270
21 38 18 28 -3 37 0 0.00 M M 8.9 25 340 M M 2 18 35 340
22 22 10 16 -15 49 0 0.00 M M 7.0 15 350 M M 3 20 340
23 22 17 20 -10 45 0 0.11 M M 5.3 14 110 M M 10 18 19 120
24 29 22 26 -4 39 0 0.07 M M 2.2 9 130 M M 10 168 14 130
25 33 25 29 -1 36 0 0.03 M M 3.7 10 250 M M 10 168 13 250
26 34 32 33 3 32 0 T M M 3.3 10 270 M M 10 12 13 270
27 52 33 43 13 22 0 0.28 M M 7.5 20 240 M M 8 128 26 240
28 47 29 38 8 27 0 0.00 M M 7.2 17 240 M M 3 22 250
29 36 26 31 1 34 0 T M M 2.9 8 20 M M 6 18 12 30
30 39 34 37 7 28 0 0.51 M M 3.5 13 180 M M 10 1 17 170
31 35 29 32 2 33 0 T M M 4.1 10 330 M M 10 12 13 330
================================================================================
SM 1049 735 1114 0 2.88 M 168.6 M 183
================================================================================
AV 33.8 23.7 5.4 FASTST M M 7 MAX(MPH)
MISC ----> 30 330 38 320
================================================================================
NOTES:
# LAST OF SEVERAL OCCURRENCES
COLUMN 17 PEAK WIND IN M.P.H.
PRELIMINARY LOCAL CLIMATOLOGICAL DATA (WS FORM: F-6) , PAGE 2
STATION: ONTARIO OR
MONTH: DECEMBER
YEAR: 2022
LATITUDE: 44 1 N
LONGITUDE: 117 1 W
[TEMPERATURE DATA] [PRECIPITATION DATA] SYMBOLS USED IN COLUMN 16
AVERAGE MONTHLY: 28.8 TOTAL FOR MONTH: 2.88 1 = FOG OR MIST
DPTR FM NORMAL: -2.8 DPTR FM NORMAL: 1.49 2 = FOG REDUCING VISIBILITY
HIGHEST: 52 ON 27 GRTST 24HR 0.58 ON 11-12 TO 1/4 MILE OR LESS
LOWEST: 10 ON 22 3 = THUNDER
SNOW, ICE PELLETS, HAIL 4 = ICE PELLETS
TOTAL MONTH: M 5 = HAIL
GRTST 24HR M ON M 6 = FREEZING RAIN OR DRIZZLE
GRTST DEPTH: M ON M 7 = DUSTSTORM OR SANDSTORM:
VSBY 1/2 MILE OR LESS
8 = SMOKE OR HAZE
[NO. OF DAYS WITH] [WEATHER - DAYS WITH] 9 = BLOWING SNOW
X = TORNADO
MAX 32 OR BELOW: 13 0.01 INCH OR MORE: 13
MAX 90 OR ABOVE: 0 0.10 INCH OR MORE: 10
MIN 32 OR BELOW: 27 0.50 INCH OR MORE: 1
MIN 0 OR BELOW: 0 1.00 INCH OR MORE: 0
[HDD (BASE 65) ]
TOTAL THIS MO. 1114 CLEAR (SCALE 0-3) 5
DPTR FM NORMAL 80 PTCLDY (SCALE 4-7) 8
TOTAL FM JUL 1 2363 CLOUDY (SCALE 8-10) 18
DPTR FM NORMAL 111
[CDD (BASE 65) ]
TOTAL THIS MO. 0
DPTR FM NORMAL 0 [PRESSURE DATA]
TOTAL FM JAN 1 1410 HIGHEST SLP M ON M
DPTR FM NORMAL 310 LOWEST SLP 29.43 ON 27
[REMARKS]
#FINAL-12-22#