000
CXUS54 KMRX 011030
CF6OQT
PRELIMINARY LOCAL CLIMATOLOGICAL DATA (WS FORM: F-6)
STATION: OAK RIDGE
MONTH: MARCH
YEAR: 2023
LATITUDE: 36 1 N
LONGITUDE: 84 14 W
TEMPERATURE IN F: :PCPN: SNOW: WIND :SUNSHINE: SKY :PK WND
================================================================================
1 2 3 4 5 6A 6B 7 8 9 10 11 12 13 14 15 16 17 18
12Z AVG MX 2MIN
DY MAX MIN AVG DEP HDD CDD WTR SNW DPTH SPD SPD DIR MIN PSBL S-S WX SPD DR
================================================================================
1 77 42 60 13 5 0 0.34 M M 2.8 14 210 M M 1 1 27 200
2 63 58 61 14 4 0 0.96 M M 1.7 9 330 M M 7 1 17 310
3 72 56 64 17 1 0 0.60 M M 6.6 23 260 M M 7 1 50 250
4 63 41 52 4 13 0 0.00 M M 2.9 13 270 M M 0 27 270
5 69 37 53 5 12 0 0.00 M M 1.2 9 40 M M 0 17 40
6 77 39 58 10 7 0 0.00 M M 2.3 14 200 M M 0 23 190
7 71 45 58 10 7 0 0.00 M M 3.8 13 60 M M 0 8 23 80
8 59 42 51 2 14 0 0.00 M M 5.4 10 70 M M 2 20 10
9 60 39 50 1 15 0 0.02 M M 2.5 8 260 M M 7 1 13 70
10 56 42 49 0 16 0 0.15 M M 4.6 14 270 M M 6 1 26 260
11 58 37 48 -2 17 0 0.02 M M 2.0 9 100 M M 4 19 20
12 51 42 47 -3 18 0 0.93 M M 1.3 8 340 M M 10 1 14 360
13 48 35 42 -8 23 0 0.01 M M 4.3 14 270 M M 7 26 300
14 46 29 38 -12 27 0 0.00 M M 3.3 12 300 M M 6 20 290
15 56 25 41 -10 24 0 0.00 M M 1.2 8 70 M M 0 14 70
16 67 28 48 -3 17 0 0.00 M M 3.5 14 190 M M 0 26 180
17 60 38 49 -2 16 0 0.54 M M 3.9 13 200 M M 9 1 24 190
18 51 31 41 -11 24 0 0.00 M M 4.9 16 270 M M 2 29 290
19 39 25 32 -20 33 0 0.00 M M 3.0 9 320 M M 3 18 320
20 52 21 37 -15 28 0 0.00 M M 1.3 10 70 M M 0 16 80
21 61 27 44 -9 21 0 0.01 M M 1.2 10 170 M M 3 8 17 130
22 53 44 49 -4 16 0 0.74 M M 0.7 5 250 M M 10 1 9 270
23 78 52 65 12 0 0 0.00 M M 3.7 14 180 M M 7 1 23 230
24 79 59 69 16 0 4 0.00 M M 3.9 15 180 M M 6 26 200
25 77 54 66 12 0 1 0.88 M M 5.3 17 200 M M 5 1 32 240
26 79 48 64 10 1 0 0.00 M M 1.8 10 200 M M 3 20 190
27 76 55 66 12 0 1 0.00 M M 4.1 14 270 M M 2 26 280
28 68 45 57 2 8 0 0.00 M M 3.5 13 280 M M 3 23 280
29 63 36 50 -5 15 0 0.00 M M 1.5 9 130 M M 0 14 150
30 70 35 53 -2 12 0 0.00 M M 1.2 8 200 M M 0 14 180
31 68 47 58 2 7 0 0.15 M M 1.6 14 180 M M 7 1 24 190
================================================================================
SM 1967 1254 401 6 5.35 M 91.0 M 117
================================================================================
AV 63.5 40.5 2.9 FASTST M M 4 MAX(MPH)
MISC ----> 23 260 50 250
================================================================================
NOTES:
# LAST OF SEVERAL OCCURRENCES
COLUMN 17 PEAK WIND IN M.P.H.
PRELIMINARY LOCAL CLIMATOLOGICAL DATA (WS FORM: F-6) , PAGE 2
STATION: OAK RIDGE
MONTH: MARCH
YEAR: 2023
LATITUDE: 36 1 N
LONGITUDE: 84 14 W
[TEMPERATURE DATA] [PRECIPITATION DATA] SYMBOLS USED IN COLUMN 16
AVERAGE MONTHLY: 52.0 TOTAL FOR MONTH: 5.35 1 = FOG OR MIST
DPTR FM NORMAL: 0.9 DPTR FM NORMAL: 0.23 2 = FOG REDUCING VISIBILITY
HIGHEST: 79 ON 26,24 GRTST 24HR 1.38 ON 1- 2 TO 1/4 MILE OR LESS
LOWEST: 21 ON 20 3 = THUNDER
SNOW, ICE PELLETS, HAIL 4 = ICE PELLETS
TOTAL MONTH: M 5 = HAIL
GRTST 24HR M ON M 6 = FREEZING RAIN OR DRIZZLE
GRTST DEPTH: M ON M 7 = DUSTSTORM OR SANDSTORM:
VSBY 1/2 MILE OR LESS
8 = SMOKE OR HAZE
[NO. OF DAYS WITH] [WEATHER - DAYS WITH] 9 = BLOWING SNOW
X = TORNADO
MAX 32 OR BELOW: 0 0.01 INCH OR MORE: 13
MAX 90 OR ABOVE: 0 0.10 INCH OR MORE: 9
MIN 32 OR BELOW: 7 0.50 INCH OR MORE: 6
MIN 0 OR BELOW: 0 1.00 INCH OR MORE: 0
[HDD (BASE 65) ]
TOTAL THIS MO. 401 CLEAR (SCALE 0-3) 17
DPTR FM NORMAL -36 PTCLDY (SCALE 4-7) 11
TOTAL FM JUL 1 2843 CLOUDY (SCALE 8-10) 3
DPTR FM NORMAL -401
[CDD (BASE 65) ]
TOTAL THIS MO. 6
DPTR FM NORMAL 0 [PRESSURE DATA]
TOTAL FM JAN 1 15 HIGHEST SLP 30.48 ON 20
DPTR FM NORMAL 8 LOWEST SLP 29.15 ON 3
[REMARKS]
#FINAL-03-23#