000
CXUS54 KMRX 011130
CF6OQT
PRELIMINARY LOCAL CLIMATOLOGICAL DATA (WS FORM: F-6)
STATION: OAK RIDGE
MONTH: NOVEMBER
YEAR: 2022
LATITUDE: 36 1 N
LONGITUDE: 84 14 W
TEMPERATURE IN F: :PCPN: SNOW: WIND :SUNSHINE: SKY :PK WND
================================================================================
1 2 3 4 5 6A 6B 7 8 9 10 11 12 13 14 15 16 17 18
12Z AVG MX 2MIN
DY MAX MIN AVG DEP HDD CDD WTR SNW DPTH SPD SPD DIR MIN PSBL S-S WX SPD DR
================================================================================
1 72 54 63 9 2 0 0.00 M M 0.1 6 260 M M 4 9 180
2 72 53 63 9 2 0 T M M 1.6 7 90 M M 1 12 60
3 75 49 62 9 3 0 0.00 M M 0.8 8 80 M M 3 12 13 70
4 76 47 62 9 3 0 0.00 M M 1.0 8 190 M M 1 12 14 190
5 77 55 66 14 0 1 T M M 3.6 17 190 M M 5 35 200
6 79 61 70 18 0 5 T M M 1.3 9 210 M M 7 15 200
7 80 61 71 19 0 6 0.13 M M 0.6 6 100 M M 6 1 10 280
8 80 54 67 16 0 2 0.00 M M 2.4 12 70 M M 0 16 60
9 74 47 61 10 4 0 0.00 M M 0.9 9 70 M M 0 16 70
10 73 43 58 7 7 0 T M M 2.9 9 70 M M 3 15 60
11 66 56 61 11 4 0 1.24 M M 2.4 7 340 M M 8 1 M M
12 56 36 46 -4 19 0 0.06 M M 3.0 9 320 M M 8 1 18 250
13 38 33 36 -14 29 0 0.00 M M 4.5 12 340 M M 10 21 350
14 51 30 41 -9 24 0 0.00 M M 1.6 8 60 M M 0 14 60
15 46 36 41 -8 24 0 0.63 M M 0.7 8 260 M M 9 1 14 280
16 48 36 42 -7 23 0 0.00 M M 2.5 12 280 M M 7 20 250
17 45 27 36 -12 29 0 0.00 M M 2.5 10 260 M M 1 18 280
18 49 24 37 -11 28 0 0.00 M M 3.3 10 270 M M 1 20 250
19 48 29 39 -9 26 0 0.00 M M 3.3 12 200 M M 2 19 220
20 42 26 34 -14 31 0 0.00 M M 2.4 10 70 M M 0 17 70
21 53 21 37 -10 28 0 0.00 M M 1.2 7 270 M M 0 11 290
22 57 26 42 -5 23 0 0.00 M M 0.6 6 170 M M 0 8 190
23 65 29 47 0 18 0 0.00 M M 0.8 6 10 M M 0 12 30
24 69 33 51 4 14 0 0.00 M M 0.3 6 190 M M 0 10 190
25 64 49 57 11 8 0 0.01 M M 1.8 7 360 M M 7 14 310
26 58 39 49 3 16 0 T M M 0.6 6 20 M M 2 12 12 80
27 64 50 57 11 8 0 0.14 M M 4.3 15 210 M M 9 1 32 250
28 58 40 49 3 16 0 0.00 M M 2.6 8 280 M M 5 15 240
29 65 36 51 6 14 0 0.95 M M 1.2 10 190 M M 5 12 17 190
30 57 32 45 0 20 0 0.62 M M 4.0 13 260 M M 4 1 24 260
================================================================================
SM 1857 1212 423 14 3.78 M 58.8 M 108
================================================================================
AV 61.9 40.4 2.0 FASTST M M 4 MAX(MPH)
MISC ----> 17 190 35 200
================================================================================
NOTES:
# LAST OF SEVERAL OCCURRENCES
COLUMN 17 PEAK WIND IN M.P.H.
PRELIMINARY LOCAL CLIMATOLOGICAL DATA (WS FORM: F-6) , PAGE 2
STATION: OAK RIDGE
MONTH: NOVEMBER
YEAR: 2022
LATITUDE: 36 1 N
LONGITUDE: 84 14 W
[TEMPERATURE DATA] [PRECIPITATION DATA] SYMBOLS USED IN COLUMN 16
AVERAGE MONTHLY: 51.2 TOTAL FOR MONTH: 3.78 1 = FOG OR MIST
DPTR FM NORMAL: 2.0 DPTR FM NORMAL: -0.84 2 = FOG REDUCING VISIBILITY
HIGHEST: 80 ON 8, 7 GRTST 24HR 1.57 ON 29-30 TO 1/4 MILE OR LESS
LOWEST: 21 ON 21 3 = THUNDER
SNOW, ICE PELLETS, HAIL 4 = ICE PELLETS
TOTAL MONTH: M 5 = HAIL
GRTST 24HR M ON M 6 = FREEZING RAIN OR DRIZZLE
GRTST DEPTH: M ON M 7 = DUSTSTORM OR SANDSTORM:
VSBY 1/2 MILE OR LESS
8 = SMOKE OR HAZE
[NO. OF DAYS WITH] [WEATHER - DAYS WITH] 9 = BLOWING SNOW
X = TORNADO
MAX 32 OR BELOW: 0 0.01 INCH OR MORE: 8
MAX 90 OR ABOVE: 0 0.10 INCH OR MORE: 6
MIN 32 OR BELOW: 9 0.50 INCH OR MORE: 4
MIN 0 OR BELOW: 0 1.00 INCH OR MORE: 1
[HDD (BASE 65) ]
TOTAL THIS MO. 423 CLEAR (SCALE 0-3) 16
DPTR FM NORMAL -53 PTCLDY (SCALE 4-7) 10
TOTAL FM JUL 1 689 CLOUDY (SCALE 8-10) 4
DPTR FM NORMAL 15
[CDD (BASE 65) ]
TOTAL THIS MO. 14
DPTR FM NORMAL 12 [PRESSURE DATA]
TOTAL FM JAN 1 1744 HIGHEST SLP 30.54 ON 21
DPTR FM NORMAL 114 LOWEST SLP 29.55 ON 11
[REMARKS]
#FINAL-11-22#