000
CXUS54 KMRX 011130
CF6OQT
PRELIMINARY LOCAL CLIMATOLOGICAL DATA (WS FORM: F-6)
STATION: OAK RIDGE
MONTH: DECEMBER
YEAR: 2021
LATITUDE: 36 1 N
LONGITUDE: 84 14 W
TEMPERATURE IN F: :PCPN: SNOW: WIND :SUNSHINE: SKY :PK WND
================================================================================
1 2 3 4 5 6A 6B 7 8 9 10 11 12 13 14 15 16 17 18
12Z AVG MX 2MIN
DY MAX MIN AVG DEP HDD CDD WTR SNW DPTH SPD SPD DIR MIN PSBL S-S WX SPD DR
================================================================================
1 58 33 46 1 19 0 0.00 M M 0.4 6 270 M M 2 9 290
2 71 42 57 12 8 0 0.00 M M 2.4 9 200 M M 2 16 210
3 73 41 57 13 8 0 0.00 M M 1.6 9 260 M M 0 8 14 200
4 67 45 56 12 9 0 0.00 M M 0.9 7 160 M M 4 10 250
5 57 49 53 9 12 0 0.07 M M 0.7 6 250 M M 8 1 9 270
6 62 34 48 4 17 0 0.50 M M 4.8 16 210 M M 7 1 34 200
7 45 31 38 -6 27 0 0.00 M M 2.5 9 70 M M 3 16 60
8 53 33 43 0 22 0 0.01 M M 1.1 7 130 M M 5 18 11 140
9 52 29 41 -2 24 0 0.00 M M 1.3 7 260 M M 2 1 14 260
10 52 48 50 7 15 0 0.20 M M 1.1 7 250 M M 10 1 12 220
11 70 40 55 12 10 0 0.98 M M 6.0 20 280 M M 6 12 36 200
12 49 30 40 -3 25 0 0.00 M M 2.3 12 340 M M 0 19 350
13 55 27 41 -1 24 0 0.00 M M 0.7 7 200 M M M 12 11 150
14 62 30 46 4 19 0 0.00 M M 1.0 9 70 M M 2 12 12 80
15 63 32 48 6 17 0 0.00 M M 1.5 9 250 M M 0 15 260
16 69 51 60 18 5 0 0.34 M M 4.2 14 200 M M 7 1 25 200
17 65 56 61 19 4 0 0.20 M M 1.3 8 210 M M 8 1 14 220
18 66 52 59 17 6 0 0.85 M M 1.8 10 290 M M 10 12 19 290
19 52 36 44 3 21 0 0.03 M M 4.2 13 360 M M 8 24 10
20 47 32 40 -1 25 0 0.00 M M 1.9 8 70 M M 1 17 50
21 50 34 42 1 23 0 0.00 M M 0.5 7 60 M M 3 10 70
22 49 30 40 -1 25 0 0.00 M M 1.4 10 10 M M 0 18 350
23 54 25 40 -1 25 0 0.00 M M 1.2 8 270 M M 0 14 280
24 62 38 50 10 15 0 0.00 M M 2.7 10 210 M M 8 21 200
25 69 59 64 24 1 0 0.00 M M 5.4 14 190 M M 10 29 220
26 72 51 62 22 3 0 0.00 M M 0.7 7 160 M M 5 12 10 170
27 66 50 58 18 7 0 0.02 M M 3.1 12 200 M M 9 1 19 220
28 72 58 65 25 0 0 0.40 M M 4.4 21 210 M M 10 1 36 190
29 65 55 60 20 5 0 1.20 M M 3.1 14 310 M M 10 1 24 290
30 67 51 59 19 6 0 0.00 M M 1.4 8 200 M M 8 1 12 230
31 61 49 55 15 10 0 T M M 0.6 6 270 M M 9 12 10 270
================================================================================
SM 1875 1271 437 0 4.80 M 66.2 M 157
================================================================================
AV 60.5 41.0 2.1 FASTST M M 5 MAX(MPH)
MISC ----> 21 210 # 36 200
================================================================================
NOTES:
# LAST OF SEVERAL OCCURRENCES
COLUMN 17 PEAK WIND IN M.P.H.
PRELIMINARY LOCAL CLIMATOLOGICAL DATA (WS FORM: F-6) , PAGE 2
STATION: OAK RIDGE
MONTH: DECEMBER
YEAR: 2021
LATITUDE: 36 1 N
LONGITUDE: 84 14 W
[TEMPERATURE DATA] [PRECIPITATION DATA] SYMBOLS USED IN COLUMN 16
AVERAGE MONTHLY: 50.7 TOTAL FOR MONTH: 4.80 1 = FOG OR MIST
DPTR FM NORMAL: 8.7 DPTR FM NORMAL: -0.56 2 = FOG REDUCING VISIBILITY
HIGHEST: 73 ON 3 GRTST 24HR 1.44 ON 28-29 TO 1/4 MILE OR LESS
LOWEST: 25 ON 23 3 = THUNDER
SNOW, ICE PELLETS, HAIL 4 = ICE PELLETS
TOTAL MONTH: M 5 = HAIL
GRTST 24HR M ON M 6 = FREEZING RAIN OR DRIZZLE
GRTST DEPTH: M ON M 7 = DUSTSTORM OR SANDSTORM:
VSBY 1/2 MILE OR LESS
8 = SMOKE OR HAZE
[NO. OF DAYS WITH] [WEATHER - DAYS WITH] 9 = BLOWING SNOW
X = TORNADO
MAX 32 OR BELOW: 0 0.01 INCH OR MORE: 12
MAX 90 OR ABOVE: 0 0.10 INCH OR MORE: 8
MIN 32 OR BELOW: 9 0.50 INCH OR MORE: 4
MIN 0 OR BELOW: 0 1.00 INCH OR MORE: 1
[HDD (BASE 65) ]
TOTAL THIS MO. 437 CLEAR (SCALE 0-3) 12
DPTR FM NORMAL -276 PTCLDY (SCALE 4-7) 10
TOTAL FM JUL 1 1145 CLOUDY (SCALE 8-10) 9
DPTR FM NORMAL -241
[CDD (BASE 65) ]
TOTAL THIS MO. 0
DPTR FM NORMAL 0 [PRESSURE DATA]
TOTAL FM JAN 1 1628 HIGHEST SLP 30.56 ON 14
DPTR FM NORMAL -2 LOWEST SLP 29.72 ON 28
[REMARKS]
#FINAL-12-21#