000
CXUS53 KLOT 010800
CF6ORD
PRELIMINARY LOCAL CLIMATOLOGICAL DATA (WS FORM: F-6)
STATION: CHICAGO-OHARE
MONTH: OCTOBER
YEAR: 2022
LATITUDE: 41 58 N
LONGITUDE: 87 54 W
TEMPERATURE IN F: :PCPN: SNOW: WIND :SUNSHINE: SKY :PK WND
================================================================================
1 2 3 4 5 6A 6B 7 8 9 10 11 12 13 14 15 16 17 18
12Z AVG MX 2MIN
DY MAX MIN AVG DEP HDD CDD WTR SNW DPTH SPD SPD DIR MIN PSBL S-S WX SPD DR
================================================================================
1 68 50 59 -1 6 0 0.00 0.0 0 9.8 18 30 M M 1 27 40
2 65 51 58 -2 7 0 0.00 0.0 0 10.1 20 30 M M 3 28 10
3 70 45 58 -1 7 0 0.00 0.0 0 2.7 10 60 M M 1 14 60
4 74 45 60 1 5 0 0.00 0.0 0 2.3 9 100 M M 4 1 12 250
5 76 48 62 4 3 0 T 0.0 0 3.8 12 190 M M 8 16 250
6 76 51 64 6 1 0 0.05 0.0 0 10.7 31 20 M M 8 18 39 10
7 57 40 49 -9 16 0 0.00 0.0 0 10.7 22 360 M M 6 27 350
8 58 38 48 -9 17 0 0.00 0.0 0 9.5 21 250 M M 3 34 260
9 69 42 56 -1 9 0 0.00 0.0 0 7.7 16 260 M M 4 25 260
10 73 46 60 4 5 0 0.00 0.0 0 3.5 15 30 M M 2 18 18 30
11 69 50 60 4 5 0 0.47 0.0 0 10.9 23 210 M M 7 18 33 210
12 65 49 57 1 8 0 0.25 0.0 0 12.8 28 290 M M 8 18 41 300
13 55 38 47 -8 18 0 0.00 0.0 0 11.4 29 260 M M 4 40 260
14 59 39 49 -6 16 0 0.04 0.0 0 9.3 29 230 M M 9 46 230
15 53 35 44 -10 21 0 0.00 0.0 0 10.8 20 230 M M 4 28 220
16 54 40 47 -7 18 0 0.00 0.0 0 9.7 23 310 M M 5 31 320
17 43 36 40 -14 25 0 T T 0 16.9 26 310 M M 8 38 300
18 49 35 42 -11 23 0 0.00 0.0 0 16.7 26 310 M M 8 38 290
19 48 33 41 -12 24 0 0.00 0.0 0 11.2 18 270 M M 3 26 270
20 62 33 48 -4 17 0 0.00 0.0 0 7.4 15 250 M M 5 21 240
21 76 43 60 8 5 0 0.00 0.0 0 11.4 23 200 M M 4 34 190
22 79 56 68 16 0 3 0.00 0.0 0 13.4 20 170 M M 2 28 190
23 79 62 71 20 0 6 0.00 0.0 0 16.1 30 180 M M 4 43 170
24 76 63 70 19 0 5 T 0.0 0 15.8 26 160 M M 8 45 170
25 70 46 58 8 7 0 0.74 0.0 0 10.0 24 350 M M 10 1 31 360
26 54 40 47 -3 18 0 0.04 0.0 0 9.0 22 330 M M 4 32 330
27 54 37 46 -4 19 0 0.00 0.0 0 5.8 15 100 M M 7 18 20 70
28 61 44 53 4 12 0 0.00 0.0 0 3.7 10 80 M M 4 13 110
29 67 39 53 4 12 0 0.00 0.0 0 3.2 13 70 M M 3 18 16 70
30 65 45 55 7 10 0 0.05 0.0 0 4.1 10 60 M M 8 18 17 60
31 57 50 54 6 11 0 0.02 0.0 0 4.9 12 30 M M 8 12 14 10
================================================================================
SM 1981 1369 345 14 1.66 T 285.3 M 163
================================================================================
AV 63.9 44.2 9.2 FASTST M M 5 MAX(MPH)
MISC ----> 31 20 46 230
================================================================================
NOTES:
# LAST OF SEVERAL OCCURRENCES
COLUMN 17 PEAK WIND IN M.P.H.
PRELIMINARY LOCAL CLIMATOLOGICAL DATA (WS FORM: F-6) , PAGE 2
STATION: CHICAGO-OHARE
MONTH: OCTOBER
YEAR: 2022
LATITUDE: 41 58 N
LONGITUDE: 87 54 W
[TEMPERATURE DATA] [PRECIPITATION DATA] SYMBOLS USED IN COLUMN 16
AVERAGE MONTHLY: 54.0 TOTAL FOR MONTH: 1.66 1 = FOG OR MIST
DPTR FM NORMAL: 0.0 DPTR FM NORMAL: -1.77 2 = FOG REDUCING VISIBILITY
HIGHEST: 79 ON 23,22 GRTST 24HR 0.75 ON 25-26 TO 1/4 MILE OR LESS
LOWEST: 33 ON 20,19 3 = THUNDER
SNOW, ICE PELLETS, HAIL 4 = ICE PELLETS
TOTAL MONTH: T 5 = HAIL
GRTST 24HR T ON 17-17 6 = FREEZING RAIN OR DRIZZLE
GRTST DEPTH: 0 7 = DUSTSTORM OR SANDSTORM:
VSBY 1/2 MILE OR LESS
8 = SMOKE OR HAZE
[NO. OF DAYS WITH] [WEATHER - DAYS WITH] 9 = BLOWING SNOW
X = TORNADO
MAX 32 OR BELOW: 0 0.01 INCH OR MORE: 8
MAX 90 OR ABOVE: 0 0.10 INCH OR MORE: 3
MIN 32 OR BELOW: 0 0.50 INCH OR MORE: 1
MIN 0 OR BELOW: 0 1.00 INCH OR MORE: 0
[HDD (BASE 65) ]
TOTAL THIS MO. 345 CLEAR (SCALE 0-3) 8
DPTR FM NORMAL -10 PTCLDY (SCALE 4-7) 17
TOTAL FM JUL 1 420 CLOUDY (SCALE 8-10) 6
DPTR FM NORMAL -20
[CDD (BASE 65) ]
TOTAL THIS MO. 14
DPTR FM NORMAL -1 [PRESSURE DATA]
TOTAL FM JAN 1 1169 HIGHEST SLP M ON M
DPTR FM NORMAL 166 LOWEST SLP 29.55 ON 14
[REMARKS]
#FINAL-10-22#