000
CXUS51 KAKQ 010810
CF6ORF
PRELIMINARY LOCAL CLIMATOLOGICAL DATA (WS FORM: F-6)
STATION: NORFOLK VA
MONTH: DECEMBER
YEAR: 2021
LATITUDE: 36 54 N
LONGITUDE: 76 12 W
TEMPERATURE IN F: :PCPN: SNOW: WIND :SUNSHINE: SKY :PK WND
================================================================================
1 2 3 4 5 6A 6B 7 8 9 10 11 12 13 14 15 16 17 18
12Z AVG MX 2MIN
DY MAX MIN AVG DEP HDD CDD WTR SNW DPTH SPD SPD DIR MIN PSBL S-S WX SPD DR
================================================================================
1 56 30 43 -6 22 0 0.00 0.0 0 5.6 16 230 M M 0 20 240
2 68 46 57 8 8 0 0.00 0.0 0 12.6 21 220 M M 0 29 220
3 61 43 52 3 13 0 0.00 0.0 0 6.3 16 30 M M 0 23 360
4 63 42 53 5 12 0 0.00 0.0 0 4.1 13 20 M M 0 16 20
5 57 41 49 1 16 0 0.00 0.0 0 6.6 16 60 M M 3 1 20 70
6 71 49 60 12 5 0 0.00 0.0 0 13.7 29 220 M M 4 1 40 220
7 54 38 46 -2 19 0 0.00 0.0 0 11.4 23 10 M M 8 30 360
8 45 37 41 -7 24 0 0.41 0.0 0 6.5 15 60 M M 7 1 18 60
9 42 32 37 -10 28 0 0.00 0.0 0 7.0 20 360 M M 0 29 350
10 51 30 41 -6 24 0 0.02 0.0 0 2.9 9 170 M M 9 1 13 180
11 74 51 63 16 2 0 0.37 0.0 0 16.4 30 210 M M 7 1 40 220
12 60 31 46 -1 19 0 0.04 0.0 0 9.4 26 350 M M 3 1 35 360
13 55 28 42 -5 23 0 0.00 0.0 0 5.8 15 220 M M 0 16 220
14 53 32 43 -3 22 0 0.00 0.0 0 7.6 14 40 M M 0 18 40
15 58 46 52 6 13 0 0.00 0.0 0 4.8 9 350 M M 3 12 12 360
16 69 44 57 11 8 0 0.00 0.0 0 11.3 22 210 M M 1 12 28 210
17 71 54 63 17 2 0 0.00 0.0 0 6.9 16 240 M M 1 22 220
18 67 51 59 13 6 0 T 0.0 0 8.4 18 210 M M 6 12 25 220
19 67 39 53 7 12 0 0.86 0.0 0 18.2 29 20 M M 7 1 37 20
20 42 33 38 -7 27 0 0.00 0.0 0 10.2 25 20 M M 3 33 10
21 48 38 43 -2 22 0 0.04 0.0 0 8.8 18 350 M M 9 1 25 360
22 51 39 45 0 20 0 T 0.0 0 6.9 20 360 M M 5 1 26 360
23 41 30 36 -9 29 0 0.00 0.0 0 9.0 18 10 M M 0 24 360
24 61 32 47 2 18 0 0.00 0.0 0 12.5 22 230 M M 0 26 220
25 68 51 60 16 5 0 0.00 0.0 0 17.5 29 220 M M 0 36 220
26 64 42 53 9 12 0 0.00 0.0 0 4.3 16 240 M M 1 22 240
27 55 42 49 5 16 0 0.00 0.0 0 5.9 14 160 M M 4 20 150
28 59 49 54 10 11 0 0.00 0.0 0 7.1 13 200 M M 1 20 220
29 70 52 61 17 4 0 0.03 0.0 0 9.9 21 230 M M 6 1 28 220
30 52 49 51 7 14 0 0.03 0.0 0 4.5 13 360 M M 10 12 16 100
31 58 49 54 10 11 0 0.01 0.0 0 5.8 16 190 M M 10 12 19 200
================================================================================
SM 1811 1270 467 0 1.81 0.0 267.9 M 108
================================================================================
AV 58.4 41.0 8.6 FASTST M M 3 MAX(MPH)
MISC ----> 30 210 # 40 220
================================================================================
NOTES:
# LAST OF SEVERAL OCCURRENCES
COLUMN 17 PEAK WIND IN M.P.H.
PRELIMINARY LOCAL CLIMATOLOGICAL DATA (WS FORM: F-6) , PAGE 2
STATION: NORFOLK VA
MONTH: DECEMBER
YEAR: 2021
LATITUDE: 36 54 N
LONGITUDE: 76 12 W
[TEMPERATURE DATA] [PRECIPITATION DATA] SYMBOLS USED IN COLUMN 16
AVERAGE MONTHLY: 49.7 TOTAL FOR MONTH: 1.81 1 = FOG OR MIST
DPTR FM NORMAL: 3.6 DPTR FM NORMAL: -1.47 2 = FOG REDUCING VISIBILITY
HIGHEST: 74 ON 11 GRTST 24HR 0.86 ON 19-19 TO 1/4 MILE OR LESS
LOWEST: 28 ON 13 3 = THUNDER
SNOW, ICE PELLETS, HAIL 4 = ICE PELLETS
TOTAL MONTH: 0.0 INCH 5 = HAIL
GRTST 24HR 0.0 6 = FREEZING RAIN OR DRIZZLE
GRTST DEPTH: 0 7 = DUSTSTORM OR SANDSTORM:
VSBY 1/2 MILE OR LESS
8 = SMOKE OR HAZE
[NO. OF DAYS WITH] [WEATHER - DAYS WITH] 9 = BLOWING SNOW
X = TORNADO
MAX 32 OR BELOW: 0 0.01 INCH OR MORE: 9
MAX 90 OR ABOVE: 0 0.10 INCH OR MORE: 3
MIN 32 OR BELOW: 8 0.50 INCH OR MORE: 1
MIN 0 OR BELOW: 0 1.00 INCH OR MORE: 0
[HDD (BASE 65) ]
TOTAL THIS MO. 467 CLEAR (SCALE 0-3) 15
DPTR FM NORMAL -120 PTCLDY (SCALE 4-7) 12
TOTAL FM JUL 1 938 CLOUDY (SCALE 8-10) 4
DPTR FM NORMAL -131
[CDD (BASE 65) ]
TOTAL THIS MO. 0
DPTR FM NORMAL -2 [PRESSURE DATA]
TOTAL FM JAN 1 1945 HIGHEST SLP 30.54 ON 14
DPTR FM NORMAL 73 LOWEST SLP 29.61 ON 22
[REMARKS]
#FINAL-12-21#