000
CXUS51 KAKQ 010810
CF6ORF
PRELIMINARY LOCAL CLIMATOLOGICAL DATA (WS FORM: F-6)
STATION: NORFOLK VA
MONTH: JANUARY
YEAR: 2024
LATITUDE: 36 54 N
LONGITUDE: 76 12 W
TEMPERATURE IN F: :PCPN: SNOW: WIND :SUNSHINE: SKY :PK WND
================================================================================
1 2 3 4 5 6A 6B 7 8 9 10 11 12 13 14 15 16 17 18
12Z AVG MX 2MIN
DY MAX MIN AVG DEP HDD CDD WTR SNW DPTH SPD SPD DIR MIN PSBL S-S WX SPD DR
================================================================================
1 50 34 42 -1 23 0 T 0.0 0 8.1 16 10 M M 6 23 30
2 47 31 39 -4 26 0 0.03 0.0 0 7.3 20 350 M M 5 1 28 360
3 48 29 39 -4 26 0 0.00 0.0 0 3.5 9 230 M M 0 12 220
4 48 39 44 1 21 0 0.05 0.0 0 9.7 23 360 M M 7 1 33 350
5 42 32 37 -6 28 0 0.00 0.0 0 6.9 16 350 M M 0 24 350
6 58 32 45 2 20 0 0.89 0.0 0 9.6 25 160 M M 6 1 40 160
7 57 39 48 6 17 0 T 0.0 0 7.7 16 250 M M 6 1 25 310
8 48 37 43 1 22 0 0.00 0.0 0 6.0 16 360 M M 1 23 350
9 66 40 53 11 12 0 1.58 0.0 0 16.5 38 210 M M 9 1 60 160
10 60 43 52 10 13 0 0.01 0.0 0 14.2 32 250 M M 1 53 240
11 57 33 45 3 20 0 0.00 0.0 0 8.4 15 220 M M 0 20 210
12 64 34 49 7 16 0 0.21 0.0 0 10.1 30 180 M M 2 1 47 180
13 68 42 55 13 10 0 T 0.0 0 15.9 31 230 M M 3 48 200
14 58 34 46 4 19 0 0.00 0.0 0 12.7 26 220 M M 0 35 230
15 47 38 43 1 22 0 0.01 T 0 7.8 18 30 M M 4 23 40
16 46 27 37 -5 28 0 0.09 0.0 0 8.1 17 350 M M 8 1 30 340
17 36 22 29 -13 36 0 0.00 0.0 0 8.1 18 230 M M 0 28 310
18 50 24 37 -5 28 0 0.00 0.0 0 8.3 17 210 M M 0 24 230
19 47 33 40 -2 25 0 0.09 0.0 0 6.6 17 340 M M 7 1 33 320
20 34 24 29 -13 36 0 0.00 0.0 0 9.6 20 340 M M 4 35 350
21 35 23 29 -13 36 0 0.00 0.0 0 8.3 21 340 M M 0 36 340
22 47 24 36 -6 29 0 0.00 0.0 0 5.6 14 220 M M 0 18 210
23 53 28 41 -1 24 0 T 0.0 0 5.2 13 230 M M 3 16 230
24 72 48 60 18 5 0 0.00 0.0 0 8.8 18 190 M M 5 25 200
25 73 62 68 26 0 3 0.11 0.0 0 13.8 26 210 M M 9 1 33 220
26 77 65 71 29 0 6 T 0.0 0 11.0 25 210 M M 7 32 200
27 66 46 56 14 9 0 T 0.0 0 6.9 15 90 M M 4 12 24 100
28 60 47 54 12 11 0 0.10 0.0 0 7.1 15 90 M M 10 1 21 80
29 50 42 46 4 19 0 0.03 0.0 0 10.2 16 20 M M 8 1 26 330
30 45 39 42 0 23 0 0.00 0.0 0 8.8 18 30 M M 2 24 30
31 48 40 44 2 21 0 0.00 0.0 0 11.1 17 360 M M 5 26 340
================================================================================
SM 1657 1131 625 9 3.20 T 281.9 M 122
================================================================================
AV 53.5 36.5 9.1 FASTST M M 4 MAX(MPH)
MISC ----> 38 210 60 160
================================================================================
NOTES:
# LAST OF SEVERAL OCCURRENCES
COLUMN 17 PEAK WIND IN M.P.H.
PRELIMINARY LOCAL CLIMATOLOGICAL DATA (WS FORM: F-6) , PAGE 2
STATION: NORFOLK VA
MONTH: JANUARY
YEAR: 2024
LATITUDE: 36 54 N
LONGITUDE: 76 12 W
[TEMPERATURE DATA] [PRECIPITATION DATA] SYMBOLS USED IN COLUMN 16
AVERAGE MONTHLY: 45.0 TOTAL FOR MONTH: 3.20 1 = FOG OR MIST
DPTR FM NORMAL: 2.8 DPTR FM NORMAL: -0.21 2 = FOG REDUCING VISIBILITY
HIGHEST: 77 ON 26 GRTST 24HR 2.56 ON 9- 9 TO 1/4 MILE OR LESS
LOWEST: 22 ON 17 3 = THUNDER
SNOW, ICE PELLETS, HAIL 4 = ICE PELLETS
TOTAL MONTH: T 5 = HAIL
GRTST 24HR T ON 15-15 6 = FREEZING RAIN OR DRIZZLE
GRTST DEPTH: 0 7 = DUSTSTORM OR SANDSTORM:
VSBY 1/2 MILE OR LESS
8 = SMOKE OR HAZE
[NO. OF DAYS WITH] [WEATHER - DAYS WITH] 9 = BLOWING SNOW
X = TORNADO
MAX 32 OR BELOW: 0 0.01 INCH OR MORE: 12
MAX 90 OR ABOVE: 0 0.10 INCH OR MORE: 5
MIN 32 OR BELOW: 11 0.50 INCH OR MORE: 2
MIN 0 OR BELOW: 0 1.00 INCH OR MORE: 1
[HDD (BASE 65) ]
TOTAL THIS MO. 625 CLEAR (SCALE 0-3) 13
DPTR FM NORMAL -84 PTCLDY (SCALE 4-7) 15
TOTAL FM JUL 1 1585 CLOUDY (SCALE 8-10) 3
DPTR FM NORMAL -190
[CDD (BASE 65) ]
TOTAL THIS MO. 9
DPTR FM NORMAL 8 [PRESSURE DATA]
TOTAL FM JAN 1 9 HIGHEST SLP 30.68 ON 22
DPTR FM NORMAL 8 LOWEST SLP 29.17 ON 9
[REMARKS]
#FINAL-01-24#