000
CXUS51 KBOX 010810
CF6ORH
PRELIMINARY LOCAL CLIMATOLOGICAL DATA (WS FORM: F-6)
STATION: WORCESTER MA
MONTH: OCTOBER
YEAR: 2023
LATITUDE: 42 16 N
LONGITUDE: 71 52 W
TEMPERATURE IN F: :PCPN: SNOW: WIND :SUNSHINE: SKY :PK WND
================================================================================
1 2 3 4 5 6A 6B 7 8 9 10 11 12 13 14 15 16 17 18
12Z AVG MX 2MIN
DY MAX MIN AVG DEP HDD CDD WTR SNW DPTH SPD SPD DIR MIN PSBL S-S WX SPD DR
================================================================================
1 74 55 65 9 0 0 0.00 0.0 M 7.8 14 350 M M 0 18 20 360
2 71 54 63 7 2 0 0.00 0.0 M 6.9 15 10 M M 1 23 10
3 79 53 66 11 0 1 0.00 0.0 M 9.4 14 270 M M 0 19 270
4 82 64 73 18 0 8 0.00 0.0 M 4.5 8 140 M M 0 1 11 140
5 76 58 67 13 0 2 0.00 0.0 M 6.6 13 170 M M 1 12 21 180
6 67 59 63 9 2 0 0.55 0.0 M 4.9 12 160 M M 10 12 16 120
7 68 52 60 6 5 0 0.80 0.0 M 9.7 28 300 M M 10 128 40 300
8 60 46 53 0 12 0 0.00 0.0 M 14.0 22 240 M M 3 32 280
9 59 41 50 -3 15 0 0.00 0.0 M 8.2 17 240 M M 3 25 250
10 61 42 52 -1 13 0 0.00 0.0 M 6.5 15 240 M M 6 22 250
11 65 46 56 4 9 0 0.00 0.0 M 7.8 18 220 M M 5 26 220
12 66 48 57 5 8 0 T 0.0 M 6.9 15 250 M M 6 19 270
13 60 43 52 0 13 0 0.00 0.0 M 11.1 20 310 M M 1 29 330
14 56 46 51 0 14 0 0.00 0.0 M 8.7 14 300 M M 3 20 300
15 57 44 51 0 14 0 0.00 0.0 M 11.5 22 360 M M 3 34 360
16 57 45 51 1 14 0 0.16 0.0 M 9.8 17 320 M M 8 18 25 330
17 57 44 51 1 14 0 T 0.0 M 4.4 9 360 M M 8 14 20
18 60 48 54 4 11 0 0.02 0.0 M 4.2 9 230 M M 10 14 170
19 62 48 55 6 10 0 0.00 0.0 M 9.4 18 200 M M 6 1 25 200
20 62 50 56 7 9 0 0.06 0.0 M 7.5 18 150 M M 10 12 24 150
21 58 52 55 6 10 0 1.35 0.0 M 12.2 24 270 M M 10 12 37 260
22 52 42 47 -1 18 0 0.00 0.0 M 16.1 29 270 M M 5 42 260
23 58 42 50 2 15 0 0.00 0.0 M 9.3 20 300 M M 6 31 290
24 60 39 50 2 15 0 0.00 0.0 M 7.5 17 230 M M 1 22 230
25 74 48 61 14 4 0 0.00 0.0 M 10.8 17 270 M M 0 25 280
26 76 62 69 22 0 4 0.00 0.0 M 8.4 17 270 M M 2 26 270
27 76 62 69 22 0 4 0.00 0.0 M 8.4 16 220 M M 0 20 260
28 78 54 66 20 0 1 0.00 0.0 M 12.3 23 280 M M 1 35 300
29 54 43 49 3 16 0 0.46 0.0 M 6.4 14 320 M M 8 12 20 310
30 49 42 46 0 19 0 0.41 0.0 M 7.1 20 320 M M 10 12 28 350
31 47 33 40 -5 25 0 0.00 0.0 M 4.7 15 320 M M 3 21 330
================================================================================
SM 1981 1505 287 20 3.81 0.0 263.0 M 140
================================================================================
AV 63.9 48.5 8.5 FASTST M M 5 MAX(MPH)
MISC ----> 29 270 42 260
================================================================================
NOTES:
# LAST OF SEVERAL OCCURRENCES
COLUMN 17 PEAK WIND IN M.P.H.
PRELIMINARY LOCAL CLIMATOLOGICAL DATA (WS FORM: F-6) , PAGE 2
STATION: WORCESTER MA
MONTH: OCTOBER
YEAR: 2023
LATITUDE: 42 16 N
LONGITUDE: 71 52 W
[TEMPERATURE DATA] [PRECIPITATION DATA] SYMBOLS USED IN COLUMN 16
AVERAGE MONTHLY: 56.2 TOTAL FOR MONTH: 3.81 1 = FOG OR MIST
DPTR FM NORMAL: 5.6 DPTR FM NORMAL: -1.03 2 = FOG REDUCING VISIBILITY
HIGHEST: 82 ON 4 GRTST 24HR 1.39 ON 20-21 TO 1/4 MILE OR LESS
LOWEST: 33 ON 31 3 = THUNDER
SNOW, ICE PELLETS, HAIL 4 = ICE PELLETS
TOTAL MONTH: 0.0 INCH 5 = HAIL
GRTST 24HR 0.0 6 = FREEZING RAIN OR DRIZZLE
GRTST DEPTH: M ON M 7 = DUSTSTORM OR SANDSTORM:
VSBY 1/2 MILE OR LESS
8 = SMOKE OR HAZE
[NO. OF DAYS WITH] [WEATHER - DAYS WITH] 9 = BLOWING SNOW
X = TORNADO
MAX 32 OR BELOW: 0 0.01 INCH OR MORE: 8
MAX 90 OR ABOVE: 0 0.10 INCH OR MORE: 6
MIN 32 OR BELOW: 0 0.50 INCH OR MORE: 3
MIN 0 OR BELOW: 0 1.00 INCH OR MORE: 1
[HDD (BASE 65) ]
TOTAL THIS MO. 287 CLEAR (SCALE 0-3) 13
DPTR FM NORMAL -164 PTCLDY (SCALE 4-7) 12
TOTAL FM JUL 1 398 CLOUDY (SCALE 8-10) 6
DPTR FM NORMAL -226
[CDD (BASE 65) ]
TOTAL THIS MO. 20
DPTR FM NORMAL 17 [PRESSURE DATA]
TOTAL FM JAN 1 644 HIGHEST SLP 30.39 ON 24
DPTR FM NORMAL 143 LOWEST SLP 29.10 ON 21
[REMARKS]
#FINAL-10-23#