000
CXUS52 KMLB 010743
CF6ORL
PRELIMINARY LOCAL CLIMATOLOGICAL DATA (WS FORM: F-6)
STATION: ORLANDO EXEC
MONTH: NOVEMBER
YEAR: 2021
LATITUDE: 28 32 N
LONGITUDE: 81 20 W
TEMPERATURE IN F: :PCPN: SNOW: WIND :SUNSHINE: SKY :PK WND
================================================================================
1 2 3 4 5 6A 6B 7 8 9 10 11 12 13 14 15 16 17 18
12Z AVG MX 2MIN
DY MAX MIN AVG DEP HDD CDD WTR SNW DPTH SPD SPD DIR MIN PSBL S-S WX SPD DR
================================================================================
1 78 59 69 -3 0 4 0.00 0.0 0 4.9 14 70 M M 3 17 60
2 84 64 74 2 0 9 0.00 0.0 0 4.7 14 30 M M 1 19 360
3 83 65 74 2 0 9 0.00 0.0 0 6.6 13 50 M M 1 22 290
4 77 66 72 1 0 7 T 0.0 0 7.5 14 20 M M 2 19 20
5 71 65 68 -3 0 3 2.44 0.0 0 10.2 22 10 M M 9 1 30 40
6 68 51 60 -11 5 0 0.08 0.0 0 14.1 22 300 M M 9 1 30 300
7 69 51 60 -11 5 0 0.00 0.0 0 10.0 20 310 M M 2 23 310
8 75 54 65 -5 0 0 0.00 0.0 0 8.7 18 20 M M 0 24 10
9 79 57 68 -2 0 3 0.00 0.0 0 8.5 18 70 M M 3 24 70
10 78 61 70 0 0 5 0.11 0.0 0 7.0 18 90 M M 5 1 23 80
11 82 65 74 4 0 9 0.18 0.0 0 4.8 16 160 M M 7 1 22 170
12 78 67 73 3 0 8 0.01 0.0 0 2.8 9 40 M M 4 1 13 40
13 79 60 70 1 0 5 0.01 0.0 0 5.8 20 290 M M 4 1 25 300
14 70 53 62 -7 3 0 0.00 0.0 0 6.9 13 290 M M 0 16 280
15 73 52 63 -6 2 0 0.00 0.0 0 5.8 15 360 M M 0 19 360
16 77 51 64 -5 1 0 0.00 0.0 0 4.9 14 70 M M 0 18 70
17 83 58 71 3 0 6 0.00 0.0 0 5.4 17 100 M M 1 8 22 100
18 80 67 74 6 0 9 0.12 0.0 0 3.4 9 60 M M 4 1 12 70
19 81 69 75 7 0 10 0.24 0.0 0 9.1 22 10 M M 9 1 27 10
20 75 69 72 4 0 7 0.32 0.0 0 9.4 20 50 M M 8 1 25 50
21 81 68 75 7 0 10 T 0.0 0 9.2 18 70 M M 8 26 80
22 76 65 71 3 0 6 0.05 0.0 0 7.5 16 310 M M 4 1 22 320
23 67 50 59 -8 6 0 0.00 0.0 0 11.5 21 20 M M 0 25 350
24 74 50 62 -5 3 0 0.00 0.0 0 8.2 21 80 M M 3 24 70
25 79 57 68 1 0 3 0.00 0.0 0 2.9 10 80 M M 3 15 70
26 79 58 69 2 0 4 0.00 0.0 0 7.3 17 280 M M 4 22 270
27 72 51 62 -5 3 0 0.00 0.0 0 5.2 15 350 M M 0 19 10
28 69 52 61 -6 4 0 T 0.0 0 3.4 9 310 M M 3 13 300
29 72 53 63 -3 2 0 0.01 0.0 0 5.8 15 310 M M 2 19 310
30 74 50 62 -4 3 0 0.00 0.0 0 3.6 9 60 M M 0 13 10
================================================================================
SM 2283 1758 37 117 3.57 0.0 205.1 M 99
================================================================================
AV 76.1 58.6 6.8 FASTST M M 3 MAX(MPH)
MISC ----> # 22 10 # 30 40
================================================================================
NOTES:
# LAST OF SEVERAL OCCURRENCES
COLUMN 17 PEAK WIND IN M.P.H.
PRELIMINARY LOCAL CLIMATOLOGICAL DATA (WS FORM: F-6) , PAGE 2
STATION: ORLANDO EXEC
MONTH: NOVEMBER
YEAR: 2021
LATITUDE: 28 32 N
LONGITUDE: 81 20 W
[TEMPERATURE DATA] [PRECIPITATION DATA] SYMBOLS USED IN COLUMN 16
AVERAGE MONTHLY: 67.4 TOTAL FOR MONTH: 3.57 1 = FOG OR MIST
DPTR FM NORMAL: -1.7 DPTR FM NORMAL: 1.84 2 = FOG REDUCING VISIBILITY
HIGHEST: 84 ON 2 GRTST 24HR 2.52 ON 5- 6 TO 1/4 MILE OR LESS
LOWEST: 50 ON 30,24 3 = THUNDER
SNOW, ICE PELLETS, HAIL 4 = ICE PELLETS
TOTAL MONTH: 0.0 INCH 5 = HAIL
GRTST 24HR 0.0 6 = FREEZING RAIN OR DRIZZLE
GRTST DEPTH: 0 7 = DUSTSTORM OR SANDSTORM:
VSBY 1/2 MILE OR LESS
8 = SMOKE OR HAZE
[NO. OF DAYS WITH] [WEATHER - DAYS WITH] 9 = BLOWING SNOW
X = TORNADO
MAX 32 OR BELOW: 0 0.01 INCH OR MORE: 11
MAX 90 OR ABOVE: 0 0.10 INCH OR MORE: 6
MIN 32 OR BELOW: 0 0.50 INCH OR MORE: 1
MIN 0 OR BELOW: 0 1.00 INCH OR MORE: 1
[HDD (BASE 65) ]
TOTAL THIS MO. 37 CLEAR (SCALE 0-3) 16
DPTR FM NORMAL 1 PTCLDY (SCALE 4-7) 11
TOTAL FM JUL 1 37 CLOUDY (SCALE 8-10) 3
DPTR FM NORMAL 1
[CDD (BASE 65) ]
TOTAL THIS MO. 117
DPTR FM NORMAL -37 [PRESSURE DATA]
TOTAL FM JAN 1 3915 HIGHEST SLP 30.32 ON 24
DPTR FM NORMAL 305 LOWEST SLP 29.86 ON 6
[REMARKS]
#FINAL-11-21#