000
CXUS56 KMFR 011030
CF6OTH
PRELIMINARY LOCAL CLIMATOLOGICAL DATA (WS FORM: F-6)
STATION: NORTH BEND OR
MONTH: FEBRUARY
YEAR: 2022
LATITUDE: 43 25 N
LONGITUDE: 124 15 W
TEMPERATURE IN F: :PCPN: SNOW: WIND :SUNSHINE: SKY :PK WND
================================================================================
1 2 3 4 5 6A 6B 7 8 9 10 11 12 13 14 15 16 17 18
12Z AVG MX 2MIN
DY MAX MIN AVG DEP HDD CDD WTR SNW DPTH SPD SPD DIR MIN PSBL S-S WX SPD DR
================================================================================
1 48 32 40 -8 25 0 T M M 6.1 15 360 M M 8 1 M M
2 51 38 45 -3 20 0 T M M 4.6 9 270 M M 9 1 12 270
3 53 37 45 -3 20 0 0.00 M M 6.9 14 350 M M 3 16 350
4 51 34 43 -5 22 0 0.01 M M 4.9 12 150 M M 8 128 14 150
5 58 42 50 2 15 0 T M M 7.3 22 100 M M 4 18 26 100
6 70 38 54 6 11 0 T M M 4.6 17 90 M M 1 1 22 90
7 55 41 48 0 17 0 T M M 6.7 21 330 M M 8 12 24 340
8 59 M M M M M T M M 6.1 23 360 M M 4 18 28 360
9 62 40 51 3 14 0 0.00 M M 6.9 24 350 M M 0 1 29 350
10 56 42 49 1 16 0 0.00 M M 7.3 21 360 M M 2 128 25 360
11 62 42 52 4 13 0 0.00 M M 4.0 14 100 M M 2 128 18 100
12 68 42 55 7 10 0 0.00 M M 4.9 12 270 M M 0 14 90
13 54 36 45 -3 20 0 T M M 5.7 14 250 M M 5 12 16 220
14 51 41 46 -2 19 0 0.29 M M 10.9 22 320 M M 8 1 29 330
15 49 39 44 -4 21 0 0.04 M M 5.2 14 340 M M 9 1 16 10
16 51 38 45 -3 20 0 0.02 M M 7.2 18 350 M M 8 1 22 350
17 54 35 45 -3 20 0 T M M 6.3 21 360 M M 5 12 24 360
18 54 37 46 -2 19 0 T M M 9.3 25 350 M M 4 12 28 360
19 49 41 45 -3 20 0 T M M 4.9 15 310 M M 10 12 17 320
20 49 39 44 -4 21 0 0.16 M M 8.2 22 330 M M 8 1 26 320
21 47 36 42 -6 23 0 0.31 M M 8.3 24 330 M M 9 1 30 330
22 M M M M M M M M M M M M M M M M M
23 43 27 35 -13 30 0 0.00 M M 9.7 21 350 M M 0 25 360
24 49 25 37 -11 28 0 0.00 M M 6.3 14 350 M M 1 M M
25 55 29 42 -6 23 0 0.00 M M 6.3 13 100 M M 0 M M
26 55 36 46 -2 19 0 0.01 M M 7.5 15 160 M M 6 23 200
27 58 49 54 6 11 0 0.14 M M 11.2 18 190 M M 10 1 32 190
28 59 55 57 9 8 0 1.34 M M 13.5 23 200 M M 10 1 37 190
================================================================================
SM 1470 991 485 0 2.32 M 190.8 M 142
================================================================================
AV 54.4 38.1 7.1 FASTST M M 5 MAX(MPH)
MISC ----> 25 350 37 190
================================================================================
NOTES:
# LAST OF SEVERAL OCCURRENCES
COLUMN 17 PEAK WIND IN M.P.H.
PRELIMINARY LOCAL CLIMATOLOGICAL DATA (WS FORM: F-6) , PAGE 2
STATION: NORTH BEND OR
MONTH: FEBRUARY
YEAR: 2022
LATITUDE: 43 25 N
LONGITUDE: 124 15 W
[TEMPERATURE DATA] [PRECIPITATION DATA] SYMBOLS USED IN COLUMN 16
AVERAGE MONTHLY: 46.3 TOTAL FOR MONTH: 2.32 1 = FOG OR MIST
DPTR FM NORMAL: -1.3 DPTR FM NORMAL: -4.67 2 = FOG REDUCING VISIBILITY
HIGHEST: 70 ON 6 GRTST 24HR 1.34 ON 28-28 TO 1/4 MILE OR LESS
LOWEST: 25 ON 24 3 = THUNDER
SNOW, ICE PELLETS, HAIL 4 = ICE PELLETS
TOTAL MONTH: M 5 = HAIL
GRTST 24HR M ON M 6 = FREEZING RAIN OR DRIZZLE
GRTST DEPTH: M ON M 7 = DUSTSTORM OR SANDSTORM:
VSBY 1/2 MILE OR LESS
8 = SMOKE OR HAZE
[NO. OF DAYS WITH] [WEATHER - DAYS WITH] 9 = BLOWING SNOW
X = TORNADO
MAX 32 OR BELOW: 0 0.01 INCH OR MORE: 9
MAX 90 OR ABOVE: 0 0.10 INCH OR MORE: 5
MIN 32 OR BELOW: 4 0.50 INCH OR MORE: 1
MIN 0 OR BELOW: 0 1.00 INCH OR MORE: 1
[HDD (BASE 65) ]
TOTAL THIS MO. 485 CLEAR (SCALE 0-3) 9
DPTR FM NORMAL -4 PTCLDY (SCALE 4-7) 9
TOTAL FM JUL 1 2728 CLOUDY (SCALE 8-10) 10
DPTR FM NORMAL -132
[CDD (BASE 65) ]
TOTAL THIS MO. 0
DPTR FM NORMAL 0 [PRESSURE DATA]
TOTAL FM JAN 1 0 HIGHEST SLP 30.59 ON 8
DPTR FM NORMAL 0 LOWEST SLP 29.93 ON 21
[REMARKS]
#FINAL-02-22#