000
CXUS53 KDMX 010810
CF6OTM
PRELIMINARY LOCAL CLIMATOLOGICAL DATA (WS FORM: F-6)
STATION: OTTUMWA IA
MONTH: APRIL
YEAR: 2023
LATITUDE: 41 6 N
LONGITUDE: 92 27 W
TEMPERATURE IN F: :PCPN: SNOW: WIND :SUNSHINE: SKY :PK WND
================================================================================
1 2 3 4 5 6A 6B 7 8 9 10 11 12 13 14 15 16 17 18
12Z AVG MX 2MIN
DY MAX MIN AVG DEP HDD CDD WTR SNW DPTH SPD SPD DIR MIN PSBL S-S WX SPD DR
================================================================================
1 51 31 41 -5 24 0 T T 0 16.9 36 320 M M 5 1 48 320
2 71 33 52 6 13 0 0.00 0.0 0 14.4 30 230 M M 0 43 220
3 63 40 52 5 13 0 0.00 0.0 0 12.6 23 60 M M 9 30 50
4 85 45 65 18 0 0 0.15 0.0 0 18.6 32 200 M M 7 13 45 190
5 63 30 47 -1 18 0 0.04 0.0 0 14.5 28 260 M M 5 13 39 250
6 52 23 38 -10 27 0 0.00 0.0 0 7.3 16 320 M M 0 23 330
7 63 32 48 0 17 0 0.00 0.0 0 10.1 18 190 M M 0 24 150
8 67 37 52 4 13 0 0.00 0.0 0 11.5 21 170 M M 0 28 180
9 71 41 56 7 9 0 0.00 0.0 0 12.4 23 180 M M 0 31 170
10 71 46 59 10 6 0 0.00 0.0 0 7.9 16 240 M M 2 22 150
11 80 44 62 12 3 0 0.00 0.0 0 11.7 22 210 M M 0 8 36 210
12 81 56 69 19 0 4 0.00 0.0 0 15.4 30 230 M M 0 8 39 230
13 80 50 65 15 0 0 0.00 0.0 0 13.2 25 190 M M 0 8 33 200
14 82 52 67 16 0 2 0.00 0.0 0 12.0 24 180 M M 0 29 170
15 66 39 53 2 12 0 0.21 0.0 0 13.2 30 290 M M 7 138 42 290
16 41 33 37 -14 28 0 0.06 T 0 20.0 33 310 M M 10 1 52 310
17 58 34 46 -6 19 0 0.00 0.0 0 15.9 30 300 M M 0 44 310
18 63 29 46 -6 19 0 0.00 0.0 0 12.2 22 120 M M 0 29 120
19 76 51 64 12 1 0 0.02 0.0 0 14.3 25 180 M M 6 38 34 170
20 66 38 52 -1 13 0 0.49 0.0 0 14.8 36 170 M M 6 13 46 180
21 54 35 45 -8 20 0 0.00 0.0 0 12.9 29 240 M M 3 38 250
22 42 32 37 -16 28 0 T T 0 14.0 25 310 M M 8 1 35 330
23 49 27 38 -16 27 0 0.00 0.0 0 7.3 17 300 M M 2 25 310
24 62 31 47 -7 18 0 0.20 0.0 0 6.8 17 270 M M 9 1 24 270
25 60 40 50 -4 15 0 0.01 0.0 0 6.8 14 90 M M 7 1 18 80
26 60 33 47 -8 18 0 0.00 0.0 0 8.0 15 110 M M 0 1 23 100
27 69 39 54 -1 11 0 0.00 0.0 0 8.0 17 180 M M 0 8 22 180
28 74 42 58 3 7 0 0.00 0.0 0 7.5 22 330 M M 4 28 330
29 60 40 50 -6 15 0 0.19 0.0 0 12.1 24 320 M M 6 1 35 320
30 53 39 46 -10 19 0 0.00 0.0 0 20.2 33 310 M M 8 46 300
================================================================================
SM 1933 1142 413 6 1.37 T 372.5 M 104
================================================================================
AV 64.4 38.1 12.4 FASTST M M 3 MAX(MPH)
MISC ----> # 36 320 52 310
================================================================================
NOTES:
# LAST OF SEVERAL OCCURRENCES
COLUMN 17 PEAK WIND IN M.P.H.
PRELIMINARY LOCAL CLIMATOLOGICAL DATA (WS FORM: F-6) , PAGE 2
STATION: OTTUMWA IA
MONTH: APRIL
YEAR: 2023
LATITUDE: 41 6 N
LONGITUDE: 92 27 W
[TEMPERATURE DATA] [PRECIPITATION DATA] SYMBOLS USED IN COLUMN 16
AVERAGE MONTHLY: 51.3 TOTAL FOR MONTH: 1.37 1 = FOG OR MIST
DPTR FM NORMAL: 0.2 DPTR FM NORMAL: -2.38 2 = FOG REDUCING VISIBILITY
HIGHEST: 85 ON 4 GRTST 24HR 0.71 ON 31- 1 TO 1/4 MILE OR LESS
LOWEST: 23 ON 6 3 = THUNDER
SNOW, ICE PELLETS, HAIL 4 = ICE PELLETS
TOTAL MONTH: T 5 = HAIL
GRTST 24HR T ON 1- 1 6 = FREEZING RAIN OR DRIZZLE
GRTST DEPTH: 0 7 = DUSTSTORM OR SANDSTORM:
VSBY 1/2 MILE OR LESS
8 = SMOKE OR HAZE
[NO. OF DAYS WITH] [WEATHER - DAYS WITH] 9 = BLOWING SNOW
X = TORNADO
MAX 32 OR BELOW: 0 0.01 INCH OR MORE: 9
MAX 90 OR ABOVE: 0 0.10 INCH OR MORE: 5
MIN 32 OR BELOW: 8 0.50 INCH OR MORE: 0
MIN 0 OR BELOW: 0 1.00 INCH OR MORE: 0
[HDD (BASE 65) ]
TOTAL THIS MO. 413 CLEAR (SCALE 0-3) 15
DPTR FM NORMAL -13 PTCLDY (SCALE 4-7) 12
TOTAL FM JUL 1 5781 CLOUDY (SCALE 8-10) 3
DPTR FM NORMAL -187
[CDD (BASE 65) ]
TOTAL THIS MO. 6
DPTR FM NORMAL -3 [PRESSURE DATA]
TOTAL FM JAN 1 6 HIGHEST SLP M ON M
DPTR FM NORMAL -5 LOWEST SLP 29.29 ON 4
[REMARKS]
#FINAL-04-23#