000
CXUS53 KDMX 051441
CF6OTM
PRELIMINARY LOCAL CLIMATOLOGICAL DATA (WS FORM: F-6)
STATION: OTTUMWA IA
MONTH: DECEMBER
YEAR: 2022
LATITUDE: 41 6 N
LONGITUDE: 92 27 W
TEMPERATURE IN F: :PCPN: SNOW: WIND :SUNSHINE: SKY :PK WND
================================================================================
1 2 3 4 5 6A 6B 7 8 9 10 11 12 13 14 15 16 17 18
12Z AVG MX 2MIN
DY MAX MIN AVG DEP HDD CDD WTR SNW DPTH SPD SPD DIR MIN PSBL S-S WX SPD DR
================================================================================
1 41 11 26 -7 39 0 0.00 0.0 0 12.0 26 180 M M 1 36 190
2 56 25 41 8 24 0 T T 0 17.0 31 310 M M 4 46 320
3 27 13 20 -12 45 0 0.00 0.0 0 11.2 32 310 M M 0 8 47 300
4 46 20 33 1 32 0 0.00 0.0 0 10.3 17 250 M M 0 21 230
5 49 22 36 4 29 0 0.00 0.0 0 7.2 13 340 M M 1 17 180
6 43 23 33 1 32 0 0.00 0.0 0 4.9 13 90 M M 1 1 16 60
7 51 19 35 4 30 0 0.00 0.0 0 5.0 13 30 M M 0 128 17 20
8 43 26 35 4 30 0 0.25 0.0 0 12.4 18 100 M M 10 1238 26 110
9 41 37 39 9 26 0 0.10 0.0 0 6.2 16 270 M M 10 1 22 120
10 38 34 36 6 29 0 0.00 0.0 0 5.7 10 310 M M 10 1 15 300
11 39 27 33 3 32 0 0.00 0.0 0 5.9 16 140 M M 7 18 21 120
12 36 30 33 3 32 0 0.00 0.0 0 13.0 24 120 M M 10 1 31 120
13 44 34 39 10 26 0 0.73 0.0 0 18.6 31 110 M M 10 1 40 120
14 47 33 40 11 25 0 0.02 0.0 0 10.4 17 190 M M 6 1 24 200
15 33 27 30 2 35 0 T T 0 17.2 25 250 M M 10 18 34 250
16 27 19 23 -5 42 0 T T 0 18.1 25 260 M M 10 35 250
17 23 12 18 -10 47 0 T T 0 14.5 21 290 M M 7 30 290
18 25 8 17 -11 48 0 0.00 0.0 0 8.0 14 300 M M 0 19 310
19 32 11 22 -5 43 0 T T 0 8.8 14 120 M M 8 8 18 120
20 31 3 17 -10 48 0 T T 0 12.2 20 330 M M 4 18 27 320
21 25 3 14 -13 51 0 0.07 1.2 0 8.6 17 130 M M 10 18 22 100
22 25 -11 7 -19 58 0 0.03 0.7 2 21.3 31 310 M M 10 168 42 330
23 0 -9 -4 -30 69 0 0.00 0.0 2 22.2 32 280 M M 10 8 45 290
24 13 -1 6 -20 59 0 0.00 0.0 2 18.5 26 290 M M 2 37 280
25 17 0 9 -17 56 0 0.05 0.8 2 11.3 18 290 M M 3 18 27 290
26 19 -6 7 -19 58 0 0.04 0.7 3 11.2 24 330 M M 6 18 30 340
27 32 -7 13 -12 52 0 0.00 0.0 3 14.5 28 180 M M 0 33 180
28 45 32 39 14 26 0 0.00 0.0 2 13.2 22 190 M M 0 31 190
29 64 38 51 26 14 0 0.00 0.0 T 15.5 26 190 M M 1 38 200
30 40 23 32 7 33 0 0.00 0.0 0 7.1 20 290 M M 4 27 290
31 39 22 31 7 34 0 T 0.0 0 8.4 15 160 M M 6 1 20 150
================================================================================
SM 1091 518 1204 0 1.29 3.4 370.4 M 161
================================================================================
AV 35.2 16.7 11.9 FASTST M M 5 MAX(MPH)
MISC ----> # 32 310 47 300
================================================================================
NOTES:
# LAST OF SEVERAL OCCURRENCES
COLUMN 17 PEAK WIND IN M.P.H.
PRELIMINARY LOCAL CLIMATOLOGICAL DATA (WS FORM: F-6) , PAGE 2
STATION: OTTUMWA IA
MONTH: DECEMBER
YEAR: 2022
LATITUDE: 41 6 N
LONGITUDE: 92 27 W
[TEMPERATURE DATA] [PRECIPITATION DATA] SYMBOLS USED IN COLUMN 16
AVERAGE MONTHLY: 26.0 TOTAL FOR MONTH: 1.29 1 = FOG OR MIST
DPTR FM NORMAL: -2.4 DPTR FM NORMAL: -0.15 2 = FOG REDUCING VISIBILITY
HIGHEST: 64 ON 29 GRTST 24HR 0.75 ON 13-14 TO 1/4 MILE OR LESS
LOWEST: -11 ON 22 3 = THUNDER
SNOW, ICE PELLETS, HAIL 4 = ICE PELLETS
TOTAL MONTH: 3.4 INCHES 5 = HAIL
GRTST 24HR 1.2 ON 21-21 6 = FREEZING RAIN OR DRIZZLE
GRTST DEPTH: 3 ON 27,26 7 = DUSTSTORM OR SANDSTORM:
VSBY 1/2 MILE OR LESS
8 = SMOKE OR HAZE
[NO. OF DAYS WITH] [WEATHER - DAYS WITH] 9 = BLOWING SNOW
X = TORNADO
MAX 32 OR BELOW: 13 0.01 INCH OR MORE: 8
MAX 90 OR ABOVE: 0 0.10 INCH OR MORE: 3
MIN 32 OR BELOW: 26 0.50 INCH OR MORE: 1
MIN 0 OR BELOW: 6 1.00 INCH OR MORE: 0
[HDD (BASE 65) ]
TOTAL THIS MO. 1204 CLEAR (SCALE 0-3) 11
DPTR FM NORMAL 71 PTCLDY (SCALE 4-7) 10
TOTAL FM JUL 1 2437 CLOUDY (SCALE 8-10) 10
DPTR FM NORMAL 45
[CDD (BASE 65) ]
TOTAL THIS MO. 0
DPTR FM NORMAL 0 [PRESSURE DATA]
TOTAL FM JAN 1 1139 HIGHEST SLP 30.63 ON 20
DPTR FM NORMAL 154 LOWEST SLP 29.50 ON 15
[REMARKS]
#FINAL-12-22#