000
CXUS53 KDMX 030735
CF6OTM
PRELIMINARY LOCAL CLIMATOLOGICAL DATA (WS FORM: F-6)
STATION: OTTUMWA IA
MONTH: JUNE
YEAR: 2020
LATITUDE: 41 6 N
LONGITUDE: 92 27 W
TEMPERATURE IN F: :PCPN: SNOW: WIND :SUNSHINE: SKY :PK WND
================================================================================
1 2 3 4 5 6A 6B 7 8 9 10 11 12 13 14 15 16 17 18
12Z AVG MX 2MIN
DY MAX MIN AVG DEP HDD CDD WTR SNW DPTH SPD SPD DIR MIN PSBL S-S WX SPD DR
================================================================================
1 83 64 74 7 0 9 T 0.0 0 14.6 26 200 M M 1 39 190
2 90 67 79 12 0 14 0.00 0.0 0 15.1 24 210 M M 0 34 210
3 84 71 78 11 0 13 0.06 0.0 0 5.6 13 210 M M 2 13 19 200
4 87 67 77 9 0 12 0.00 0.0 0 8.2 16 180 M M 1 21 170
5 90 67 79 11 0 14 0.01 0.0 0 7.9 33 250 M M 0 3 47 350
6 86 70 78 10 0 13 0.00 0.0 0 10.6 21 90 M M 3 26 90
7 88 65 77 8 0 12 0.00 0.0 0 11.1 18 150 M M 0 26 150
8 89 71 80 11 0 15 0.00 0.0 0 11.4 21 160 M M 0 28 150
9 75 67 71 2 0 6 1.94 0.0 0 9.0 23 330 M M 7 13 29 340
10 73 59 66 -4 0 1 0.10 0.0 0 12.9 31 320 M M 5 1 45 290
11 82 53 68 -2 0 3 0.00 0.0 0 8.6 18 290 M M 1 27 270
12 85 55 70 0 0 5 0.00 0.0 0 2.9 12 10 M M 1 15 20
13 79 58 69 -1 0 4 0.00 0.0 0 11.0 18 90 M M 0 25 100
14 78 56 67 -4 0 2 0.00 0.0 0 13.8 23 120 M M 1 34 150
15 80 60 70 -1 0 5 0.00 0.0 0 11.1 17 140 M M 1 24 150
16 81 63 72 1 0 7 0.00 0.0 0 10.1 20 160 M M 0 25 170
17 84 58 71 -1 0 6 0.00 0.0 0 10.1 20 180 M M 0 27 180
18 85 65 75 3 0 10 0.00 0.0 0 9.8 16 180 M M 1 22 170
19 80 67 74 2 0 9 0.09 0.0 0 5.6 16 190 M M 6 13 21 190
20 84 65 75 3 0 10 0.00 0.0 0 7.6 16 240 M M 5 13 26 290
21 87 63 75 2 0 10 0.00 0.0 0 7.3 15 200 M M 1 13 21 190
22 74 56 65 -8 0 0 1.80 0.0 0 9.2 26 10 M M 6 13 35 10
23 76 57 67 -6 0 2 0.00 0.0 0 8.8 18 330 M M 4 24 310
24 80 56 68 -5 0 3 0.00 0.0 0 6.5 14 330 M M 1 19 330
25 84 58 71 -3 0 6 0.00 0.0 0 6.7 16 190 M M 1 21 170
26 86 69 78 4 0 13 0.88 0.0 0 8.9 21 360 M M 2 13 27 240
27 84 69 77 3 0 12 0.01 0.0 0 4.6 13 250 M M 4 13 17 270
28 84 67 76 2 0 11 0.17 0.0 0 7.8 20 230 M M 1 13 28 240
29 88 74 81 7 0 16 0.00 0.0 0 10.9 21 180 M M 2 27 180
30 80 70 75 1 0 10 0.41 0.0 0 8.8 16 120 M M 5 13 23 170
================================================================================
SM 2486 1907 0 253 5.47 0.0 276.5 M 62
================================================================================
AV 82.9 63.6 9.2 FASTST M M 2 MAX(MPH)
MISC ----> # 33 250 # 47 350
================================================================================
NOTES:
# LAST OF SEVERAL OCCURRENCES
COLUMN 17 PEAK WIND IN M.P.H.
PRELIMINARY LOCAL CLIMATOLOGICAL DATA (WS FORM: F-6) , PAGE 2
STATION: OTTUMWA IA
MONTH: JUNE
YEAR: 2020
LATITUDE: 41 6 N
LONGITUDE: 92 27 W
[TEMPERATURE DATA] [PRECIPITATION DATA] SYMBOLS USED IN COLUMN 16
AVERAGE MONTHLY: 73.2 TOTAL FOR MONTH: 5.47 1 = FOG OR MIST
DPTR FM NORMAL: 2.2 DPTR FM NORMAL: 0.38 2 = FOG REDUCING VISIBILITY
HIGHEST: 90 ON 5, 2 GRTST 24HR 1.94 ON 9- 9 TO 1/4 MILE OR LESS
LOWEST: 53 ON 11 3 = THUNDER
SNOW, ICE PELLETS, HAIL 4 = ICE PELLETS
TOTAL MONTH: 0.0 INCH 5 = HAIL
GRTST 24HR 0.0 6 = FREEZING RAIN OR DRIZZLE
GRTST DEPTH: 0 7 = DUSTSTORM OR SANDSTORM:
VSBY 1/2 MILE OR LESS
8 = SMOKE OR HAZE
[NO. OF DAYS WITH] [WEATHER - DAYS WITH] 9 = BLOWING SNOW
X = TORNADO
MAX 32 OR BELOW: 0 0.01 INCH OR MORE: 10
MAX 90 OR ABOVE: 2 0.10 INCH OR MORE: 6
MIN 32 OR BELOW: 0 0.50 INCH OR MORE: 3
MIN 0 OR BELOW: 0 1.00 INCH OR MORE: 2
[HDD (BASE 65) ]
TOTAL THIS MO. 0 CLEAR (SCALE 0-3) 22
DPTR FM NORMAL -21 PTCLDY (SCALE 4-7) 8
TOTAL FM JUL 1 6025 CLOUDY (SCALE 8-10) 0
DPTR FM NORMAL -292
[CDD (BASE 65) ]
TOTAL THIS MO. 253
DPTR FM NORMAL 52 [PRESSURE DATA]
TOTAL FM JAN 1 285 HIGHEST SLP 30.27 ON 15
DPTR FM NORMAL 20 LOWEST SLP 29.35 ON 9
[REMARKS]
#FINAL-06-20#