000
CXAK56 PAFG 011007
CF6OTZ
PRELIMINARY LOCAL CLIMATOLOGICAL DATA (WS FORM: F-6)
STATION: KOTZEBUE AK
MONTH: FEBRUARY
YEAR: 2022
LATITUDE: 66 52 N
LONGITUDE: 162 38 W
TEMPERATURE IN F: :PCPN: SNOW: WIND :SUNSHINE: SKY :PK WND
================================================================================
1 2 3 4 5 6A 6B 7 8 9 10 11 12 13 14 15 16 17 18
12Z AVG MX 2MIN
DY MAX MIN AVG DEP HDD CDD WTR SNW DPTH SPD SPD DIR MIN PSBL S-S WX SPD DR
================================================================================
1 0 -23 -11 -12 76 0 0.00 M M 5.0 12 50 M M 0 1 12 70
2 1 -11 -5 -6 70 0 0.00 M M 10.1 21 80 M M 0 23 80
3 -1 -13 -7 -8 72 0 0.00 M M 10.0 17 50 M M 0 21 50
4 -5 -25 -15 -17 80 0 0.00 M M 4.8 14 50 M M 0 16 50
5 -10 -31 -20 -22 85 0 0.00 M M 6.4 20 360 M M 0 18 23 360
6 -7 -25 -16 -18 81 0 0.00 M M 11.7 26 340 M M 1 30 330
7 -11 -28 -19 -21 84 0 0.00 M M 9.4 23 60 M M 0 8 29 60
8 -2 -19 -10 -12 75 0 0.00 M M 9.3 17 40 M M 2 22 20
9 -3 -28 -15 -17 80 0 0.01 M M 10.8 17 130 M M 5 18 20 100
10 -23 -35 -29 -32 94 0 0.01 M M 4.0 14 140 M M 4 18 16 140
11 -25 -38 -31 -34 96 0 0.00 M M 5.2 10 40 M M 0 18 12 40
12 -29 -37 -33 -36 98 0 0.00 M M 0.6 7 330 M M 0 8 8 320
13 -14 -35 -24 -27 89 0 0.00 M M 8.5 23 300 M M 0 18 26 300
14 -22 -36 -29 -32 94 0 0.00 M M 5.1 13 100 M M 1 18 16 100
15 -26 -35 -30 -33 95 0 0.00 M M 2.9 8 200 M M 0 18 8 200
16 -18 -35 -26 -29 91 0 0.00 M M 2.7 13 20 M M 0 14 30
17 -9 -30 -19 -22 84 0 0.00 M M 5.5 16 360 M M 2 18 18 10
18 -10 -25 -17 -20 82 0 T M M 3.9 17 110 M M 2 24 120
19 -8 -21 -14 -17 79 0 0.00 M M 4.4 18 90 M M 3 20 90
20 9 -11 -1 -4 66 0 0.05 M M 24.6 44 100 M M 3 18 53 110
21 20 9 15 12 50 0 0.60 M M 35.7 46 110 M M 9 129 57 110
22 26 19 23 20 42 0 T M M 19.2 31 130 M M 10 16 36 120
23 27 16 22 19 43 0 T M M 13.8 28 100 M M 9 1 35 100
24 34 26 30 27 35 0 0.01 M M 26.6 35 110 M M 9 168 40 110
25 33 27 30 27 35 0 0.00 M M 28.4 47 110 M M 4 54 110
26 28 23 26 23 39 0 T M M 27.1 41 120 M M 5 1 46 110
27 23 18 21 18 44 0 T M M 22.9 29 120 M M 10 1 34 120
28 25 17 21 18 44 0 0.00 M M 6.1 21 120 M M 10 23 120
================================================================================
SM 3 -386 2003 0 0.68 M 324.7 M 89
================================================================================
AV 0.1-13.8 11.6 FASTST M M 3 MAX(MPH)
MISC ----> 47 110 57 110
================================================================================
NOTES:
# LAST OF SEVERAL OCCURRENCES
COLUMN 17 PEAK WIND IN M.P.H.
PRELIMINARY LOCAL CLIMATOLOGICAL DATA (WS FORM: F-6) , PAGE 2
STATION: KOTZEBUE AK
MONTH: FEBRUARY
YEAR: 2022
LATITUDE: 66 52 N
LONGITUDE: 162 38 W
[TEMPERATURE DATA] [PRECIPITATION DATA] SYMBOLS USED IN COLUMN 16
AVERAGE MONTHLY: -6.8 TOTAL FOR MONTH: 0.68 1 = FOG OR MIST
DPTR FM NORMAL: -9.5 DPTR FM NORMAL: -0.17 2 = FOG REDUCING VISIBILITY
HIGHEST: 34 ON 24 GRTST 24HR 0.65 ON 20-21 TO 1/4 MILE OR LESS
LOWEST: -38 ON 11 3 = THUNDER
SNOW, ICE PELLETS, HAIL 4 = ICE PELLETS
TOTAL MONTH: M 5 = HAIL
GRTST 24HR M ON M 6 = FREEZING RAIN OR DRIZZLE
GRTST DEPTH: M ON M 7 = DUSTSTORM OR SANDSTORM:
VSBY 1/2 MILE OR LESS
8 = SMOKE OR HAZE
[NO. OF DAYS WITH] [WEATHER - DAYS WITH] 9 = BLOWING SNOW
X = TORNADO
MAX 32 OR BELOW: 26 0.01 INCH OR MORE: 5
MAX 90 OR ABOVE: 0 0.10 INCH OR MORE: 1
MIN 32 OR BELOW: 28 0.50 INCH OR MORE: 1
MIN 0 OR BELOW: 20 1.00 INCH OR MORE: 0
[HDD (BASE 65) ]
TOTAL THIS MO. 2003 CLEAR (SCALE 0-3) 18
DPTR FM NORMAL 258 PTCLDY (SCALE 4-7) 4
TOTAL FM JUL 1 11213 CLOUDY (SCALE 8-10) 6
DPTR FM NORMAL 1545
[CDD (BASE 65) ]
TOTAL THIS MO. 0
DPTR FM NORMAL 0 [PRESSURE DATA]
TOTAL FM JAN 1 0 HIGHEST SLP M ON M
DPTR FM NORMAL 0 LOWEST SLP 29.30 ON 25
[REMARKS]
#FINAL-02-22#