000
CXUS53 KARX 041457
CF6OVS
PRELIMINARY LOCAL CLIMATOLOGICAL DATA (WS FORM: F-6)
STATION: BOSCOBEL_(ASOS) WI
MONTH: DECEMBER
YEAR: 2021
LATITUDE: 43 9 N
LONGITUDE: 90 41 W
TEMPERATURE IN F: :PCPN: SNOW: WIND :SUNSHINE: SKY :PK WND
================================================================================
1 2 3 4 5 6A 6B 7 8 9 10 11 12 13 14 15 16 17 18
12Z AVG MX 2MIN
DY MAX MIN AVG DEP HDD CDD WTR SNW DPTH SPD SPD DIR MIN PSBL S-S WX SPD DR
================================================================================
1 51 33 42 11 23 0 0.01 0.0 0 5.4 14 220 M M 4 6 19 230
2 55 41 48 18 17 0 0.00 0.0 0 6.3 17 310 M M 2 27 300
3 50 26 38 8 27 0 0.01 0.0 0 2.4 8 30 M M 6 12 14 60
4 39 26 33 3 32 0 0.00 0.0 0 2.6 8 300 M M 7 1 12 280
5 38 33 36 7 29 0 0.02 0.0 0 5.8 20 280 M M 10 168 35 270
6 35 8 22 -7 43 0 T T 0 12.4 26 270 M M 4 41 300
7 26 8 17 -11 48 0 T T 0 2.9 9 170 M M 8 8 16 180
8 31 10 21 -7 44 0 0.00 0.0 0 1.7 8 110 M M 3 15 100
9 39 22 31 3 34 0 T T 0 2.9 14 120 M M 5 18 22 120
10 37 24 31 4 34 0 0.34 M 0 5.0 16 60 M M 6 18 29 60
11 37 21 29 2 36 0 0.18 M M 9.0 20 320 M M 4 18 32 330
12 47 17 32 5 33 0 0.00 0.0 M 7.0 18 220 M M 0 18 25 230
13 52 24 38 12 27 0 0.00 0.0 M 2.3 10 200 M M 0 18 16 190
14 51 23 37 11 28 0 0.00 0.0 0 2.8 9 120 M M 3 16 100
15 72 50 61 35 4 0 0.17 0.0 0 10.4 36 220 M M 7 138 58 220
16 58 26 42 17 23 0 0.00 0.0 0 15.2 35 220 M M 6 8 55 200
17 32 17 25 0 40 0 0.00 0.0 0 4.5 10 50 M M 3 8 17 40
18 34 24 29 4 36 0 0.00 0.0 0 6.0 13 350 M M 10 21 320
19 33 22 28 4 37 0 0.00 0.0 0 6.0 15 210 M M 6 22 200
20 41 18 30 6 35 0 0.00 0.0 0 5.5 12 310 M M 0 18 210
21 33 13 23 -1 42 0 T T 0 7.1 21 250 M M 3 8 33 240
22 30 11 21 -3 44 0 0.00 0.0 0 2.3 14 290 M M 2 8 20 290
23 42 20 31 8 34 0 0.00 0.0 0 2.0 7 20 M M 3 18 9 20
24 48 20 34 11 31 0 0.00 0.0 0 2.0 8 20 M M 7 12 14 30
25 48 21 35 12 30 0 0.00 0.0 0 3.5 9 30 M M 2 18 14 40
26 39 14 27 4 38 0 0.22 M 0 5.8 18 80 M M 3 126 36 90
27 39 23 31 9 34 0 0.02 0.0 M 6.8 21 270 M M 6 1 31 280
28 32 22 27 5 38 0 0.28 M 0 3.8 12 280 M M 8 128 19 60
29 31 8 20 -2 45 0 0.00 0.0 M 3.3 15 300 M M 4 8 22 300
30 29 18 24 2 41 0 T T M 3.0 7 220 M M 10 18 12 210
31 32 25 29 8 36 0 T M M 4.3 15 10 M M 9 18 21 10
================================================================================
SM 1261 668 1043 0 1.25 T 160.0 M 151
================================================================================
AV 40.7 21.5 5.2 FASTST M M 5 MAX(MPH)
MISC ----> 36 220 58 220
================================================================================
NOTES:
# LAST OF SEVERAL OCCURRENCES
COLUMN 17 PEAK WIND IN M.P.H.
PRELIMINARY LOCAL CLIMATOLOGICAL DATA (WS FORM: F-6) , PAGE 2
STATION: BOSCOBEL_(ASOS) WI
MONTH: DECEMBER
YEAR: 2021
LATITUDE: 43 9 N
LONGITUDE: 90 41 W
[TEMPERATURE DATA] [PRECIPITATION DATA] SYMBOLS USED IN COLUMN 16
AVERAGE MONTHLY: 31.1 TOTAL FOR MONTH: 1.25 1 = FOG OR MIST
DPTR FM NORMAL: 5.5 DPTR FM NORMAL: -0.07 2 = FOG REDUCING VISIBILITY
HIGHEST: 72 ON 15 GRTST 24HR 0.52 ON 10-11 TO 1/4 MILE OR LESS
LOWEST: 8 ON 29, 7 3 = THUNDER
SNOW, ICE PELLETS, HAIL 4 = ICE PELLETS
TOTAL MONTH: T 5 = HAIL
GRTST 24HR T ON 6- 6 6 = FREEZING RAIN OR DRIZZLE
GRTST DEPTH: 0 7 = DUSTSTORM OR SANDSTORM:
VSBY 1/2 MILE OR LESS
8 = SMOKE OR HAZE
[NO. OF DAYS WITH] [WEATHER - DAYS WITH] 9 = BLOWING SNOW
X = TORNADO
MAX 32 OR BELOW: 8 0.01 INCH OR MORE: 9
MAX 90 OR ABOVE: 0 0.10 INCH OR MORE: 5
MIN 32 OR BELOW: 27 0.50 INCH OR MORE: 0
MIN 0 OR BELOW: 0 1.00 INCH OR MORE: 0
[HDD (BASE 65) ]
TOTAL THIS MO. 1043 CLEAR (SCALE 0-3) 11
DPTR FM NORMAL -177 PTCLDY (SCALE 4-7) 15
TOTAL FM JUL 1 2167 CLOUDY (SCALE 8-10) 5
DPTR FM NORMAL -489
[CDD (BASE 65) ]
TOTAL THIS MO. 0
DPTR FM NORMAL 0 [PRESSURE DATA]
TOTAL FM JAN 1 901 HIGHEST SLP 30.39 ON 19
DPTR FM NORMAL 163 LOWEST SLP 29.22 ON 15
[REMARKS]
#FINAL-12-21#