000
CXUS56 KLKN 011210
CF6P68
PRELIMINARY LOCAL CLIMATOLOGICAL DATA (WS FORM: F-6)
STATION: EUREKA AIRPORT NV
MONTH: JULY
YEAR: 2023
LATITUDE: 39 30 N
LONGITUDE: 115 58 W
TEMPERATURE IN F: :PCPN: SNOW: WIND :SUNSHINE: SKY :PK WND
================================================================================
1 2 3 4 5 6A 6B 7 8 9 10 11 12 13 14 15 16 17 18
12Z AVG MX 2MIN
DY MAX MIN AVG DEP HDD CDD WTR SNW DPTH SPD SPD DIR MIN PSBL S-S WX SPD DR
================================================================================
1 91 50 71 4 0 6 0.00 M M 5.3 14 20 M M M 19 40
2 94 49 72 5 0 7 0.00 M M 5.8 20 290 M M M 27 270
3 94 54 74 6 0 9 0.00 M M 7.0 35 270 M M M 46 290
4 89 48 69 1 0 4 0.00 M M 6.3 16 30 M M M 23 30
5 88 49 69 1 0 4 0.00 M M 5.0 14 350 M M M 19 330
6 90 50 70 1 0 5 0.00 M M 7.2 23 290 M M M 33 310
7 89 53 71 2 0 6 0.00 M M 5.9 20 10 M M M 29 10
8 91 51 71 2 0 6 0.00 M M 8.1 21 160 M M M 31 170
9 91 46 69 0 0 4 0.00 M M 12.6 30 170 M M M 37 170
10 91 48 70 0 0 5 0.00 M M 5.9 17 300 M M M 24 260
11 92 49 71 1 0 6 0.00 M M 5.9 20 200 M M M 25 200
12 93 49 71 1 0 6 0.00 M M 6.5 18 320 M M M 27 70
13 92 46 69 -1 0 4 0.00 M M 7.0 17 300 M M M 37 260
14 91 48 70 0 0 5 0.00 M M 5.4 14 40 M M M 20 20
15 99 52 76 6 0 11 0.00 M M 5.6 17 240 M M M 23 230
16 102 57 80 9 0 15 0.00 M M 6.9 24 290 M M M 40 300
17 97 53 75 4 0 10 0.00 M M 6.7 22 360 M M 0 37 340
18 89 61 75 4 0 10 0.07 M M 7.9 30 250 M M 0 37 240
19 83 58 71 0 0 6 0.00 M M 6.8 22 250 M M 0 29 250
20 92 51 72 1 0 7 0.00 M M 4.7 20 160 M M 0 25 160
21 97 54 76 5 0 11 0.00 M M 5.5 13 30 M M 0 21 90
22 96 56 76 5 0 11 0.00 M M 7.8 29 310 M M 0 44 320
23 99 58 79 8 0 14 0.00 M M 8.8 26 230 M M 0 35 230
24 87 55 71 0 0 6 0.00 M M 8.4 32 250 M M M 43 260
25 92 51 72 1 0 7 0.00 M M 5.3 23 320 M M M 30 340
26 96 55 76 5 0 11 0.00 M M 6.8 35 190 M M M 47 190
27 94 55 75 4 0 10 0.00 M M 8.8 28 260 M M M 42 240
28 95 52 74 3 0 9 0.00 M M 7.5 23 270 M M M 31 270
29 96 49 73 2 0 8 0.00 M M 9.6 26 190 M M M 36 200
30 94 50 72 1 0 7 0.00 M M 5.0 18 250 M M M 25 250
31 93 51 72 1 0 7 0.00 M M 7.1 32 250 M M M 69 200
================================================================================
SM 2877 1608 0 237 0.07 M 213.1 M 0
================================================================================
AV 92.8 51.9 6.9 FASTST M M 0 MAX(MPH)
MISC ----> # 35 270 69 200
================================================================================
NOTES:
# LAST OF SEVERAL OCCURRENCES
COLUMN 17 PEAK WIND IN M.P.H.
PRELIMINARY LOCAL CLIMATOLOGICAL DATA (WS FORM: F-6) , PAGE 2
STATION: EUREKA AIRPORT NV
MONTH: JULY
YEAR: 2023
LATITUDE: 39 30 N
LONGITUDE: 115 58 W
[TEMPERATURE DATA] [PRECIPITATION DATA] SYMBOLS USED IN COLUMN 16
AVERAGE MONTHLY: 72.3 TOTAL FOR MONTH: 0.07 1 = FOG OR MIST
DPTR FM NORMAL: 2.3 DPTR FM NORMAL: -0.51 2 = FOG REDUCING VISIBILITY
HIGHEST: 102 ON 16 GRTST 24HR 0.07 ON 18-18 TO 1/4 MILE OR LESS
LOWEST: 46 ON 13, 9 3 = THUNDER
SNOW, ICE PELLETS, HAIL 4 = ICE PELLETS
TOTAL MONTH: M 5 = HAIL
GRTST 24HR M ON M 6 = FREEZING RAIN OR DRIZZLE
GRTST DEPTH: M ON M 7 = DUSTSTORM OR SANDSTORM:
VSBY 1/2 MILE OR LESS
8 = SMOKE OR HAZE
[NO. OF DAYS WITH] [WEATHER - DAYS WITH] 9 = BLOWING SNOW
X = TORNADO
MAX 32 OR BELOW: 0 0.01 INCH OR MORE: 1
MAX 90 OR ABOVE: 25 0.10 INCH OR MORE: 0
MIN 32 OR BELOW: 0 0.50 INCH OR MORE: 0
MIN 0 OR BELOW: 0 1.00 INCH OR MORE: 0
[HDD (BASE 65) ]
TOTAL THIS MO. 0 CLEAR (SCALE 0-3) 7
DPTR FM NORMAL -11 PTCLDY (SCALE 4-7) 0
TOTAL FM JUL 1 0 CLOUDY (SCALE 8-10) 24
DPTR FM NORMAL -7
[CDD (BASE 65) ]
TOTAL THIS MO. 237
DPTR FM NORMAL 71 [PRESSURE DATA]
TOTAL FM JAN 1 239 HIGHEST SLP 30.13 ON 25
DPTR FM NORMAL 25 LOWEST SLP 29.61 ON 7
[REMARKS]
#FINAL-07-23#