000
CXUS56 KLKN 011253
CF6P68
PRELIMINARY LOCAL CLIMATOLOGICAL DATA (WS FORM: F-6)
STATION: EUREKA AIRPORT NV
MONTH: SEPTEMBER
YEAR: 2023
LATITUDE: 39 30 N
LONGITUDE: 115 58 W
TEMPERATURE IN F: :PCPN: SNOW: WIND :SUNSHINE: SKY :PK WND
================================================================================
1 2 3 4 5 6A 6B 7 8 9 10 11 12 13 14 15 16 17 18
12Z AVG MX 2MIN
DY MAX MIN AVG DEP HDD CDD WTR SNW DPTH SPD SPD DIR MIN PSBL S-S WX SPD DR
================================================================================
1 82 46 64 0 1 0 0.11 M M 18.6 38 170 M M M 53 180
2 69 56 63 -1 2 0 0.20 M M 16.3 31 150 M M M 41 150
3 73 47 60 -4 5 0 0.15 M M 10.9 29 170 M M M 39 190
4 69 42 56 -8 9 0 0.00 M M 3.7 13 290 M M M 18 300
5 77 41 59 -4 6 0 0.00 M M 4.3 16 170 M M M 22 170
6 78 43 61 -2 4 0 0.00 M M 7.1 21 160 M M M 27 190
7 82 45 64 1 1 0 0.00 M M 9.4 22 180 M M M 30 180
8 85 42 64 2 1 0 0.00 M M 4.9 13 260 M M M 19 220
9 79 45 62 0 3 0 0.00 M M 7.4 30 160 M M M 40 160
10 81 50 66 4 0 1 0.00 M M 5.5 29 330 M M M 43 350
11 78 47 63 2 2 0 0.00 M M 6.6 29 140 M M M 39 190
12 78 45 62 1 3 0 0.00 M M 4.3 16 350 M M M 21 360
13 81 46 64 4 1 0 0.00 M M 7.6 26 330 M M M 38 330
14 76 41 59 -1 6 0 0.00 M M 6.5 15 360 M M M 25 360
15 79 38 59 -1 6 0 0.00 M M 4.4 13 30 M M M 17 40
16 79 42 61 2 4 0 0.00 M M 5.8 15 130 M M M 21 150
17 79 41 60 1 5 0 0.00 M M 4.7 13 180 M M M 17 190
18 80 46 63 5 2 0 0.01 M M 5.6 26 290 M M M 36 290
19 76 41 59 1 6 0 0.02 M M 7.5 25 20 M M M 37 310
20 75 39 57 -1 8 0 0.08 M M 8.6 28 230 M M M 48 190
21 58 32 45 -12 20 0 0.01 M M 4.5 28 260 M M M 41 240
22 63 28 46 -11 19 0 0.00 M M 6.3 17 280 M M M 25 250
23 73 26 50 -6 15 0 0.00 M M 5.0 12 160 M M M 15 200
24 78 37 58 2 7 0 0.00 M M 8.7 20 160 M M M 30 120
25 78 35 57 2 8 0 0.00 M M 10.9 24 180 M M M 32 190
26 80 36 58 3 7 0 0.00 M M 5.6 18 170 M M 0 25 170
27 80 34 57 3 8 0 0.00 M M 6.1 17 30 M M 0 22 290
28 77 33 55 1 10 0 0.00 M M 5.0 16 260 M M 0 23 280
29 78 34 56 2 9 0 0.00 M M 9.2 24 180 M M 0 34 190
30 58 40 49 -4 16 0 0.26 M M 5.6 28 240 M M 0 37 240
================================================================================
SM 2279 1218 194 1 0.84 M 216.6 M 0
================================================================================
AV 76.0 40.6 7.2 FASTST M M 0 MAX(MPH)
MISC ----> 38 170 53 180
================================================================================
NOTES:
# LAST OF SEVERAL OCCURRENCES
COLUMN 17 PEAK WIND IN M.P.H.
PRELIMINARY LOCAL CLIMATOLOGICAL DATA (WS FORM: F-6) , PAGE 2
STATION: EUREKA AIRPORT NV
MONTH: SEPTEMBER
YEAR: 2023
LATITUDE: 39 30 N
LONGITUDE: 115 58 W
[TEMPERATURE DATA] [PRECIPITATION DATA] SYMBOLS USED IN COLUMN 16
AVERAGE MONTHLY: 58.3 TOTAL FOR MONTH: 0.84 1 = FOG OR MIST
DPTR FM NORMAL: -0.8 DPTR FM NORMAL: 0.27 2 = FOG REDUCING VISIBILITY
HIGHEST: 85 ON 8 GRTST 24HR 0.26 ON 30-30 TO 1/4 MILE OR LESS
LOWEST: 26 ON 23 3 = THUNDER
SNOW, ICE PELLETS, HAIL 4 = ICE PELLETS
TOTAL MONTH: M 5 = HAIL
GRTST 24HR M ON M 6 = FREEZING RAIN OR DRIZZLE
GRTST DEPTH: M ON M 7 = DUSTSTORM OR SANDSTORM:
VSBY 1/2 MILE OR LESS
8 = SMOKE OR HAZE
[NO. OF DAYS WITH] [WEATHER - DAYS WITH] 9 = BLOWING SNOW
X = TORNADO
MAX 32 OR BELOW: 0 0.01 INCH OR MORE: 8
MAX 90 OR ABOVE: 0 0.10 INCH OR MORE: 4
MIN 32 OR BELOW: 3 0.50 INCH OR MORE: 0
MIN 0 OR BELOW: 0 1.00 INCH OR MORE: 0
[HDD (BASE 65) ]
TOTAL THIS MO. 194 CLEAR (SCALE 0-3) 5
DPTR FM NORMAL 0 PTCLDY (SCALE 4-7) 0
TOTAL FM JUL 1 206 CLOUDY (SCALE 8-10) 25
DPTR FM NORMAL -24
[CDD (BASE 65) ]
TOTAL THIS MO. 1
DPTR FM NORMAL -18 [PRESSURE DATA]
TOTAL FM JAN 1 341 HIGHEST SLP 30.15 ON 15
DPTR FM NORMAL -15 LOWEST SLP 29.49 ON 30
[REMARKS]
#FINAL-09-23#