502
CXUS53 KPAH 011011
CF6PAH
PRELIMINARY LOCAL CLIMATOLOGICAL DATA (WS FORM: F-6)
STATION: PADUCAH KY
MONTH: JULY
YEAR: 2020
LATITUDE: 37 4 N
LONGITUDE: 88 46 W
TEMPERATURE IN F: :PCPN: SNOW: WIND :SUNSHINE: SKY :PK WND
================================================================================
1 2 3 4 5 6A 6B 7 8 9 10 11 12 13 14 15 16 17 18
12Z AVG MX 2MIN
DY MAX MIN AVG DEP HDD CDD WTR SNW DPTH SPD SPD DIR MIN PSBL S-S WX SPD DR
================================================================================
1 87 68 78 -1 0 13 0.60 0.0 0 3.7 29 330 M M 6 13 45 330
2 88 67 78 -1 0 13 0.00 0.0 0 1.8 10 90 M M 5 12 17 100
3 92 70 81 2 0 16 0.00 0.0 0 4.0 12 50 M M 1 12 16 60
4 93 69 81 2 0 16 0.00 0.0 0 3.0 13 30 M M 0 1 17 40
5 94 70 82 3 0 17 0.00 0.0 0 2.8 14 140 M M 2 18 18 130
6 93 71 82 3 0 17 0.00 0.0 0 2.4 9 90 M M 0 1 13 100
7 94 71 83 4 0 18 0.00 0.0 0 1.2 9 230 M M 2 1 11 220
8 94 71 83 4 0 18 T 0.0 0 2.3 13 120 M M 2 123 19 70
9 93 72 83 4 0 18 0.00 0.0 0 3.5 10 230 M M 1 1 14 220
10 90 68 79 0 0 14 0.00 0.0 0 7.0 16 330 M M 0 25 350
11 93 65 79 0 0 14 0.00 0.0 0 4.2 10 240 M M 0 14 300
12 91 69 80 1 0 15 0.35 0.0 0 8.0 21 100 M M 4 138 30 100
13 90 66 78 -1 0 13 0.00 0.0 0 3.4 13 30 M M 1 1 17 30
14 92 65 79 0 0 14 0.00 0.0 0 2.5 12 20 M M 1 22 30
15 92 68 80 1 0 15 0.00 0.0 0 7.2 17 160 M M 2 3 25 170
16 90 74 82 3 0 17 T 0.0 0 3.8 9 350 M M 5 1 13 340
17 92 72 82 3 0 17 T 0.0 0 2.9 20 130 M M 4 13 28 120
18 94 71 83 4 0 18 0.00 0.0 0 4.6 14 230 M M 0 20 230
19 94 75 85 6 0 20 0.00 0.0 0 6.6 16 250 M M 1 25 190
20 96 71 84 5 0 19 1.88 0.0 0 5.2 30 250 M M 3 123 40 250
21 93 70 82 3 0 17 0.00 0.0 0 3.5 12 240 M M 2 123 17 250
22 89 74 82 3 0 17 0.19 0.0 0 5.1 15 230 M M 1 13 26 270
23 91 74 83 4 0 18 T 0.0 0 3.9 9 10 M M 3 13 240
24 92 72 82 3 0 17 0.00 0.0 0 2.1 18 40 M M 1 13 25 30
25 92 72 82 3 0 17 0.00 0.0 0 3.5 14 30 M M 2 13 17 30
26 93 74 84 5 0 19 0.00 0.0 0 5.0 10 250 M M 1 16 240
27 93 75 84 5 0 19 0.00 0.0 0 5.8 16 250 M M 1 21 240
28 86 74 80 1 0 15 0.00 0.0 0 1.2 9 30 M M 5 1 13 30
29 91 72 82 3 0 17 0.06 0.0 0 2.6 18 210 M M 3 123 27 210
30 90 75 83 4 0 18 1.05 0.0 0 7.2 17 240 M M 5 138 27 240
31 88 72 80 1 0 15 0.09 0.0 0 3.9 17 240 M M 7 13 22 240
================================================================================
SM 2840 2197 0 511 4.22 0.0 123.9 M 71
================================================================================
AV 91.6 70.9 4.0 FASTST M M 2 MAX(MPH)
MISC ----> 30 250 45 330
================================================================================
NOTES:
# LAST OF SEVERAL OCCURRENCES
COLUMN 17 PEAK WIND IN M.P.H.
PRELIMINARY LOCAL CLIMATOLOGICAL DATA (WS FORM: F-6) , PAGE 2
STATION: PADUCAH KY
MONTH: JULY
YEAR: 2020
LATITUDE: 37 4 N
LONGITUDE: 88 46 W
[TEMPERATURE DATA] [PRECIPITATION DATA] SYMBOLS USED IN COLUMN 16
AVERAGE MONTHLY: 81.2 TOTAL FOR MONTH: 4.22 1 = FOG OR MIST
DPTR FM NORMAL: 2.3 DPTR FM NORMAL: -0.22 2 = FOG REDUCING VISIBILITY
HIGHEST: 96 ON 20 GRTST 24HR 1.88 ON 20-20 TO 1/4 MILE OR LESS
LOWEST: 65 ON 14,11 3 = THUNDER
SNOW, ICE PELLETS, HAIL 4 = ICE PELLETS
TOTAL MONTH: 0.0 INCH 5 = HAIL
GRTST 24HR 0.0 6 = FREEZING RAIN OR DRIZZLE
GRTST DEPTH: 0 7 = DUSTSTORM OR SANDSTORM:
VSBY 1/2 MILE OR LESS
8 = SMOKE OR HAZE
[NO. OF DAYS WITH] [WEATHER - DAYS WITH] 9 = BLOWING SNOW
X = TORNADO
MAX 32 OR BELOW: 0 0.01 INCH OR MORE: 7
MAX 90 OR ABOVE: 26 0.10 INCH OR MORE: 5
MIN 32 OR BELOW: 0 0.50 INCH OR MORE: 3
MIN 0 OR BELOW: 0 1.00 INCH OR MORE: 2
[HDD (BASE 65) ]
TOTAL THIS MO. 0 CLEAR (SCALE 0-3) 21
DPTR FM NORMAL 0 PTCLDY (SCALE 4-7) 10
TOTAL FM JUL 1 0 CLOUDY (SCALE 8-10) 0
DPTR FM NORMAL 0
[CDD (BASE 65) ]
TOTAL THIS MO. 511
DPTR FM NORMAL 80 [PRESSURE DATA]
TOTAL FM JAN 1 1021 HIGHEST SLP 30.13 ON 17
DPTR FM NORMAL 98 LOWEST SLP 29.74 ON 31
[REMARKS]
#FINAL-07-20#