000
CXUS54 KLZK 011330
CF6PBF
PRELIMINARY LOCAL CLIMATOLOGICAL DATA (WS FORM: F-6)
STATION: PINE BLUFF
MONTH: FEBRUARY
YEAR: 2024
LATITUDE: 34 10 N
LONGITUDE: 91 56 W
TEMPERATURE IN F: :PCPN: SNOW: WIND :SUNSHINE: SKY :PK WND
================================================================================
1 2 3 4 5 6A 6B 7 8 9 10 11 12 13 14 15 16 17 18
12Z AVG MX 2MIN
DY MAX MIN AVG DEP HDD CDD WTR SNW DPTH SPD SPD DIR MIN PSBL S-S WX SPD DR
================================================================================
1 70 34 52 8 13 0 0.00 0.0 0 3.9 13 100 M M 0 15 170
2 71 42 57 13 8 0 0.00 0.0 0 3.7 12 110 M M 2 15 100
3 56 50 53 9 12 0 0.74 0.0 0 6.6 15 90 M M 6 1 20 70
4 53 48 51 7 14 0 0.21 0.0 0 7.6 20 30 M M 9 1 26 40
5 62 42 52 8 13 0 T 0.0 0 10.8 21 10 M M 2 28 360
6 62 39 51 6 14 0 0.00 0.0 0 4.6 13 20 M M 0 16 10
7 66 36 51 6 14 0 0.00 0.0 0 4.7 13 110 M M 0 18 100
8 65 49 57 12 8 0 T 0.0 0 12.5 22 180 M M 6 29 200
9 69 63 66 21 0 1 0.01 0.0 0 9.2 15 170 M M 8 3 22 190
10 66 51 59 14 6 0 1.01 0.0 0 6.6 16 80 M M 9 13 21 80
11 51 45 48 2 17 0 0.45 0.0 0 11.5 21 20 M M 10 138 33 20
12 48 38 43 -3 22 0 0.01 0.0 0 9.0 18 320 M M 9 1 28 300
13 62 33 48 2 17 0 0.00 0.0 0 3.2 8 140 M M 0 12 270
14 67 36 52 6 13 0 0.00 0.0 0 3.9 13 170 M M 0 17 190
15 71 43 57 11 8 0 0.00 0.0 0 5.3 13 250 M M 1 21 250
16 70 39 55 8 10 0 0.13 0.0 0 13.1 31 10 M M 6 138 45 340
17 41 31 36 -11 29 0 0.00 0.0 0 11.9 26 10 M M 3 36 360
18 53 26 40 -7 25 0 0.00 0.0 0 3.5 10 290 M M 0 16 220
19 62 29 46 -1 19 0 0.00 0.0 0 4.4 14 170 M M 0 19 170
20 73 39 56 8 9 0 0.00 0.0 0 4.7 15 270 M M 0 21 290
21 77 45 61 13 4 0 0.00 0.0 0 10.1 22 180 M M 1 30 180
22 77 60 69 21 0 4 0.74 0.0 0 10.8 23 320 M M 7 13 33 320
23 70 51 61 13 4 0 0.00 0.0 0 8.3 18 310 M M 0 26 310
24 69 48 59 10 6 0 0.00 0.0 0 7.8 17 330 M M 0 24 360
25 81 45 63 14 2 0 0.00 0.0 0 12.3 28 220 M M 1 39 210
26 79 59 69 20 0 4 0.00 0.0 0 13.8 21 180 M M 4 27 190
27 80 65 73 23 0 8 0.00 0.0 0 15.5 25 190 M M 3 38 200
28 74 43 59 9 6 0 0.01 0.0 0 13.6 29 340 M M 2 39 330
29 47 37 42 -8 23 0 0.03 T 0 6.3 16 90 M M 5 4 21 100
================================================================================
SM 1892 1266 316 17 3.34 T 239.2 M 94
================================================================================
AV 65.2 43.7 8.2 FASTST M M 3 MAX(MPH)
MISC ----> 31 10 45 340
================================================================================
NOTES:
# LAST OF SEVERAL OCCURRENCES
COLUMN 17 PEAK WIND IN M.P.H.
PRELIMINARY LOCAL CLIMATOLOGICAL DATA (WS FORM: F-6) , PAGE 2
STATION: PINE BLUFF
MONTH: FEBRUARY
YEAR: 2024
LATITUDE: 34 10 N
LONGITUDE: 91 56 W
[TEMPERATURE DATA] [PRECIPITATION DATA] SYMBOLS USED IN COLUMN 16
AVERAGE MONTHLY: 54.4 TOTAL FOR MONTH: 3.34 1 = FOG OR MIST
DPTR FM NORMAL: 7.9 DPTR FM NORMAL: -0.93 2 = FOG REDUCING VISIBILITY
HIGHEST: 81 ON 25 GRTST 24HR 1.03 ON 10-11 TO 1/4 MILE OR LESS
LOWEST: 26 ON 18 3 = THUNDER
SNOW, ICE PELLETS, HAIL 4 = ICE PELLETS
TOTAL MONTH: T 5 = HAIL
GRTST 24HR T ON 29-29 6 = FREEZING RAIN OR DRIZZLE
GRTST DEPTH: 0 7 = DUSTSTORM OR SANDSTORM:
VSBY 1/2 MILE OR LESS
8 = SMOKE OR HAZE
[NO. OF DAYS WITH] [WEATHER - DAYS WITH] 9 = BLOWING SNOW
X = TORNADO
MAX 32 OR BELOW: 0 0.01 INCH OR MORE: 10
MAX 90 OR ABOVE: 0 0.10 INCH OR MORE: 6
MIN 32 OR BELOW: 3 0.50 INCH OR MORE: 3
MIN 0 OR BELOW: 0 1.00 INCH OR MORE: 1
[HDD (BASE 65) ]
TOTAL THIS MO. 316 CLEAR (SCALE 0-3) 17
DPTR FM NORMAL -203 PTCLDY (SCALE 4-7) 8
TOTAL FM JUL 1 1966 CLOUDY (SCALE 8-10) 4
DPTR FM NORMAL -413
[CDD (BASE 65) ]
TOTAL THIS MO. 17
DPTR FM NORMAL 14 [PRESSURE DATA]
TOTAL FM JAN 1 17 HIGHEST SLP 30.50 ON 29
DPTR FM NORMAL 12 LOWEST SLP 29.53 ON 4
[REMARKS]
#FINAL-02-24#