000
CXUS52 KMFL 011130
CF6PBI
PRELIMINARY LOCAL CLIMATOLOGICAL DATA (WS FORM: F-6)
STATION: WEST PALM BEACH
MONTH: DECEMBER
YEAR: 2020
LATITUDE: 26 40 N
LONGITUDE: 80 7 W
TEMPERATURE IN F: :PCPN: SNOW: WIND :SUNSHINE: SKY :PK WND
================================================================================
1 2 3 4 5 6A 6B 7 8 9 10 11 12 13 14 15 16 17 18
12Z AVG MX 2MIN
DY MAX MIN AVG DEP HDD CDD WTR SNW DPTH SPD SPD DIR MIN PSBL S-S WX SPD DR
================================================================================
1 66 48 57 -13 8 0 0.00 0.0 0 11.3 23 330 M M 2 30 330
2 73 47 60 -10 5 0 0.00 0.0 0 9.9 18 10 M M 3 24 20
3 76 55 66 -4 0 1 0.00 0.0 0 12.1 20 90 M M 7 25 100
4 80 70 75 5 0 10 0.00 0.0 0 9.2 20 140 M M 7 24 130
5 83 66 75 5 0 10 0.01 0.0 0 5.4 13 360 M M 7 16 360
6 80 65 73 3 0 8 0.00 0.0 0 5.4 12 130 M M 8 14 120
7 78 57 68 -2 0 3 1.40 0.0 0 10.4 24 340 M M 6 13 29 300
8 63 49 56 -13 9 0 0.00 0.0 0 11.5 22 320 M M 1 28 330
9 65 44 55 -14 10 0 0.00 M M 8.4 17 320 M M 0 22 310
10 72 45 59 -10 6 0 0.00 M M 4.6 14 330 M M 3 20 320
11 76 56 66 -3 0 1 0.00 0.0 M 7.6 17 100 M M 8 21 100
12 81 66 74 5 0 9 0.20 0.0 M 8.3 23 120 M M 8 1 28 110
13 82 62 72 4 0 7 0.00 0.0 M 4.1 12 120 M M 4 1 15 110
14 84 63 74 6 0 9 0.00 0.0 M 6.7 16 210 M M 3 1 22 210
15 82 67 75 7 0 10 0.00 0.0 0 3.4 13 320 M M 7 1 17 340
16 84 67 76 8 0 11 0.34 0.0 0 6.6 18 180 M M 6 1 23 300
17 81 59 70 2 0 5 0.02 0.0 0 9.9 21 320 M M 5 18 24 320
18 69 50 60 -8 5 0 0.00 0.0 0 10.1 18 360 M M 4 24 20
19 76 52 64 -4 1 0 0.00 0.0 M 8.6 18 100 M M 6 23 100
20 82 61 72 5 0 7 0.00 0.0 M 6.9 17 150 M M 5 19 150
21 76 59 68 1 0 3 0.04 0.0 M 9.9 20 300 M M 5 1 25 300
22 73 57 65 -2 0 0 0.00 0.0 M 9.0 18 360 M M 4 22 20
23 78 56 67 0 0 2 0.00 0.0 M 9.4 17 110 M M 5 23 100
24 83 72 78 11 0 13 T 0.0 M 13.0 24 170 M M 7 32 190
25 74 45 60 -7 5 0 0.02 0.0 0 13.5 30 330 M M 5 39 300
26 64 41 53 -14 12 0 0.00 0.0 0 9.8 16 320 M M 3 21 20
27 74 47 61 -5 4 0 0.21 0.0 0 7.3 18 30 M M 5 1 25 40
28 76 57 67 1 0 2 0.01 0.0 M 8.0 21 70 M M 7 26 70
29 77 66 72 6 0 7 0.01 0.0 M 14.6 23 70 M M 7 29 70
30 78 71 75 9 0 10 0.01 0.0 0 19.4 26 100 M M 6 8 33 100
31 81 74 78 12 0 13 0.00 0.0 M 18.7 25 130 M M 6 32 120
================================================================================
SM 2367 1794 65 141 2.27 0.0 293.0 M 160
================================================================================
AV 76.4 57.9 9.5 FASTST M M 5 MAX(MPH)
MISC ----> 30 330 39 300
================================================================================
NOTES:
# LAST OF SEVERAL OCCURRENCES
COLUMN 17 PEAK WIND IN M.P.H.
PRELIMINARY LOCAL CLIMATOLOGICAL DATA (WS FORM: F-6) , PAGE 2
STATION: WEST PALM BEACH
MONTH: DECEMBER
YEAR: 2020
LATITUDE: 26 40 N
LONGITUDE: 80 7 W
[TEMPERATURE DATA] [PRECIPITATION DATA] SYMBOLS USED IN COLUMN 16
AVERAGE MONTHLY: 67.1 TOTAL FOR MONTH: 2.27 1 = FOG OR MIST
DPTR FM NORMAL: -1.0 DPTR FM NORMAL: -1.11 2 = FOG REDUCING VISIBILITY
HIGHEST: 84 ON 16,14 GRTST 24HR 1.40 ON 7- 7 TO 1/4 MILE OR LESS
LOWEST: 41 ON 26 3 = THUNDER
SNOW, ICE PELLETS, HAIL 4 = ICE PELLETS
TOTAL MONTH: 0.0 INCH 5 = HAIL
GRTST 24HR 0.0 6 = FREEZING RAIN OR DRIZZLE
GRTST DEPTH: 0 7 = DUSTSTORM OR SANDSTORM:
VSBY 1/2 MILE OR LESS
8 = SMOKE OR HAZE
[NO. OF DAYS WITH] [WEATHER - DAYS WITH] 9 = BLOWING SNOW
X = TORNADO
MAX 32 OR BELOW: 0 0.01 INCH OR MORE: 11
MAX 90 OR ABOVE: 0 0.10 INCH OR MORE: 4
MIN 32 OR BELOW: 0 0.50 INCH OR MORE: 1
MIN 0 OR BELOW: 0 1.00 INCH OR MORE: 1
[HDD (BASE 65) ]
TOTAL THIS MO. 65 CLEAR (SCALE 0-3) 6
DPTR FM NORMAL 6 PTCLDY (SCALE 4-7) 25
TOTAL FM JUL 1 65 CLOUDY (SCALE 8-10) 0
DPTR FM NORMAL -5
[CDD (BASE 65) ]
TOTAL THIS MO. 141
DPTR FM NORMAL -14 [PRESSURE DATA]
TOTAL FM JAN 1 5048 HIGHEST SLP 30.29 ON 29
DPTR FM NORMAL 1027 LOWEST SLP 29.75 ON 7
[REMARKS]
#FINAL-12-20#