000
CXUS56 KPDT 012203
CF6PDT
PRELIMINARY LOCAL CLIMATOLOGICAL DATA (WS FORM: F-6)
STATION: PENDLETON OR
MONTH: MAY
YEAR: 2022
LATITUDE: 45 40 N
LONGITUDE: 118 51 W
TEMPERATURE IN F: :PCPN: SNOW: WIND :SUNSHINE: SKY :PK WND
================================================================================
1 2 3 4 5 6A 6B 7 8 9 10 11 12 13 14 15 16 17 18
12Z AVG MX 2MIN
DY MAX MIN AVG DEP HDD CDD WTR SNW DPTH SPD SPD DIR MIN PSBL S-S WX SPD DR
================================================================================
1 61 44 53 -1 12 0 0.08 0.0 0 7.4 14 290 M M 7 1 18 290
2 56 44 50 -4 15 0 0.22 0.0 0 15.0 38 270 M M 7 1 47 260
3 66 45 56 2 9 0 0.00 0.0 0 12.9 28 260 M M 4 38 260
4 78 41 60 5 5 0 0.00 0.0 0 5.4 15 320 M M 0 20 310
5 60 50 55 0 10 0 0.23 0.0 0 7.1 18 260 M M 6 1 24 260
6 62 47 55 0 10 0 0.45 0.0 0 8.2 32 250 M M 9 13 41 250
7 56 39 48 -8 17 0 0.01 0.0 0 20.8 39 270 M M 5 49 280
8 53 40 47 -9 18 0 T 0.0 0 9.7 23 260 M M 6 29 250
9 57 39 48 -8 17 0 0.00 0.0 0 15.3 24 250 M M 6 33 260
10 61 37 49 -8 16 0 0.00 0.0 0 9.2 20 280 M M 1 26 260
11 63 36 50 -7 15 0 0.00 0.0 0 7.7 17 280 M M 0 23 280
12 62 42 52 -5 13 0 0.17 0.0 0 9.2 37 270 M M 7 1 45 270
13 61 36 49 -8 16 0 T 0.0 0 8.4 20 250 M M 4 26 250
14 69 47 58 0 7 0 0.32 0.0 0 6.9 16 320 M M 7 1 21 300
15 80 52 66 8 0 1 0.03 0.0 0 7.0 25 290 M M 3 3 31 300
16 70 51 61 3 4 0 0.00 0.0 0 12.6 26 280 M M 6 32 280
17 69 45 57 -1 8 0 0.00 0.0 0 9.0 21 250 M M 1 27 260
18 64 47 56 -3 9 0 T 0.0 0 14.2 37 270 M M 5 45 280
19 60 43 52 -7 13 0 T 0.0 0 19.3 32 280 M M 4 42 280
20 66 37 52 -7 13 0 0.00 0.0 0 6.4 16 280 M M 2 25 270
21 69 38 54 -5 11 0 T 0.0 0 7.2 28 360 M M 2 34 360
22 70 40 55 -5 10 0 0.00 0.0 0 6.0 10 100 M M 2 15 310
23 75 48 62 2 3 0 T 0.0 0 9.6 23 270 M M 6 33 260
24 74 46 60 0 5 0 T 0.0 0 5.5 16 290 M M 4 21 290
25 78 52 65 5 0 0 0.00 0.0 0 7.6 20 300 M M 2 29 280
26 79 52 66 6 0 1 0.08 0.0 0 7.3 32 260 M M 2 41 260
27 66 52 59 -2 6 0 0.09 0.0 0 9.4 22 300 M M 6 3 27 290
28 69 49 59 -2 6 0 0.74 0.0 0 6.1 17 20 M M 7 1 22 40
29 59 48 54 -7 11 0 0.61 0.0 0 26.7 36 250 M M 10 1 46 250
30 55 47 51 -10 14 0 0.01 0.0 0 8.9 31 260 M M 9 41 260
31 71 48 60 -1 5 0 0.00 0.0 0 5.1 10 80 M M 6 12 20
================================================================================
SM 2039 1382 298 2 3.04 0.0 311.1 M 146
================================================================================
AV 65.8 44.6 10.0 FASTST M M 5 MAX(MPH)
MISC ----> 39 270 49 280
================================================================================
NOTES:
# LAST OF SEVERAL OCCURRENCES
COLUMN 17 PEAK WIND IN M.P.H.
PRELIMINARY LOCAL CLIMATOLOGICAL DATA (WS FORM: F-6) , PAGE 2
STATION: PENDLETON OR
MONTH: MAY
YEAR: 2022
LATITUDE: 45 40 N
LONGITUDE: 118 51 W
[TEMPERATURE DATA] [PRECIPITATION DATA] SYMBOLS USED IN COLUMN 16
AVERAGE MONTHLY: 55.2 TOTAL FOR MONTH: 3.04 1 = FOG OR MIST
DPTR FM NORMAL: -2.7 DPTR FM NORMAL: 1.59 2 = FOG REDUCING VISIBILITY
HIGHEST: 80 ON 15 GRTST 24HR 1.35 ON 28-29 TO 1/4 MILE OR LESS
LOWEST: 36 ON 13,11 3 = THUNDER
SNOW, ICE PELLETS, HAIL 4 = ICE PELLETS
TOTAL MONTH: 0.0 INCH 5 = HAIL
GRTST 24HR 0.0 6 = FREEZING RAIN OR DRIZZLE
GRTST DEPTH: 0 7 = DUSTSTORM OR SANDSTORM:
VSBY 1/2 MILE OR LESS
8 = SMOKE OR HAZE
[NO. OF DAYS WITH] [WEATHER - DAYS WITH] 9 = BLOWING SNOW
X = TORNADO
MAX 32 OR BELOW: 0 0.01 INCH OR MORE: 13
MAX 90 OR ABOVE: 0 0.10 INCH OR MORE: 7
MIN 32 OR BELOW: 0 0.50 INCH OR MORE: 2
MIN 0 OR BELOW: 0 1.00 INCH OR MORE: 0
[HDD (BASE 65) ]
TOTAL THIS MO. 298 CLEAR (SCALE 0-3) 10
DPTR FM NORMAL 60 PTCLDY (SCALE 4-7) 18
TOTAL FM JUL 1 5149 CLOUDY (SCALE 8-10) 3
DPTR FM NORMAL -105
[CDD (BASE 65) ]
TOTAL THIS MO. 2
DPTR FM NORMAL -18 [PRESSURE DATA]
TOTAL FM JAN 1 2 HIGHEST SLP 30.26 ON 13
DPTR FM NORMAL -19 LOWEST SLP 29.55 ON 28
[REMARKS]
#FINAL-05-22#