000
CXUS56 KPQR 011610
CF6PDX
PRELIMINARY LOCAL CLIMATOLOGICAL DATA (WS FORM: F-6)
STATION: PORTLAND OR
MONTH: JUNE
YEAR: 2022
LATITUDE: 45 35 N
LONGITUDE: 122 36 W
TEMPERATURE IN F: :PCPN: SNOW: WIND :SUNSHINE: SKY :PK WND
================================================================================
1 2 3 4 5 6A 6B 7 8 9 10 11 12 13 14 15 16 17 18
12Z AVG MX 2MIN
DY MAX MIN AVG DEP HDD CDD WTR SNW DPTH SPD SPD DIR MIN PSBL S-S WX SPD DR
================================================================================
1 79 58 69 7 0 4 0.00 0.0 0 3.8 12 330 M M 7 20 340
2 81 56 69 7 0 4 0.09 0.0 0 4.2 10 310 M M 6 138 13 320
3 68 57 63 1 2 0 0.07 0.0 0 6.6 16 240 M M 9 22 210
4 65 56 61 -1 4 0 0.38 0.0 0 8.4 15 100 M M 10 1 18 100
5 72 56 64 2 1 0 0.27 0.0 0 9.5 20 250 M M 9 18 25 240
6 67 54 61 -2 4 0 T 0.0 0 5.2 12 280 M M 6 15 320
7 77 50 64 1 1 0 0.00 0.0 0 5.0 17 200 M M 6 23 210
8 78 62 70 7 0 5 0.00 0.0 0 5.6 13 220 M M 8 15 210
9 69 59 64 1 1 0 0.37 0.0 0 4.9 15 300 M M 9 1 18 300
10 69 59 64 1 1 0 1.42 0.0 0 6.1 13 240 M M 10 1 20 230
11 67 56 62 -1 3 0 0.12 0.0 0 3.8 12 350 M M 9 1 16 360
12 61 53 57 -6 8 0 0.05 0.0 0 8.3 21 310 M M 9 25 320
13 60 52 56 -8 9 0 0.01 0.0 0 5.8 15 260 M M 9 20 250
14 66 52 59 -5 6 0 0.04 0.0 0 6.4 12 320 M M 8 1 15 300
15 71 51 61 -3 4 0 T 0.0 0 4.6 13 300 M M 7 14 310
16 72 57 65 1 0 0 T 0.0 0 6.3 14 300 M M 8 18 320
17 60 54 57 -7 8 0 0.11 0.0 0 3.4 12 320 M M 8 1 13 310
18 66 51 59 -5 6 0 0.15 0.0 0 3.4 14 320 M M 8 22 290
19 68 53 61 -4 4 0 0.01 0.0 0 3.9 13 300 M M 9 1 15 350
20 72 56 64 -1 1 0 0.00 0.0 0 6.2 12 320 M M 7 16 10
21 83 56 70 5 0 5 0.00 0.0 0 6.8 16 320 M M 3 21 300
22 78 55 67 2 0 2 0.00 0.0 0 7.0 16 320 M M 2 22 360
23 76 52 64 -2 1 0 0.00 0.0 0 8.0 15 310 M M 2 22 320
24 84 53 69 3 0 4 0.00 0.0 0 6.6 15 320 M M 1 8 20 320
25 93 57 75 9 0 10 0.00 0.0 0 10.4 26 80 M M 1 32 70
26 99 61 80 14 0 15 0.00 0.0 0 5.1 10 300 M M 0 12 300
27 96 68 82 16 0 17 0.00 0.0 0 7.5 18 220 M M 1 24 230
28 75 58 67 0 0 2 0.00 0.0 0 9.1 18 260 M M 5 22 270
29 77 59 68 1 0 3 0.00 0.0 0 5.5 16 320 M M 5 20 320
30 82 55 69 2 0 4 0.00 0.0 0 6.0 14 310 M M 3 17 320
================================================================================
SM 2231 1676 64 75 3.09 0.0 183.4 M 185
================================================================================
AV 74.4 55.9 6.1 FASTST M M 6 MAX(MPH)
MISC ----> 26 80 32 70
================================================================================
NOTES:
# LAST OF SEVERAL OCCURRENCES
COLUMN 17 PEAK WIND IN M.P.H.
PRELIMINARY LOCAL CLIMATOLOGICAL DATA (WS FORM: F-6) , PAGE 2
STATION: PORTLAND OR
MONTH: JUNE
YEAR: 2022
LATITUDE: 45 35 N
LONGITUDE: 122 36 W
[TEMPERATURE DATA] [PRECIPITATION DATA] SYMBOLS USED IN COLUMN 16
AVERAGE MONTHLY: 65.1 TOTAL FOR MONTH: 3.09 1 = FOG OR MIST
DPTR FM NORMAL: 0.9 DPTR FM NORMAL: 1.46 2 = FOG REDUCING VISIBILITY
HIGHEST: 99 ON 26 GRTST 24HR 1.42 ON 10-10 TO 1/4 MILE OR LESS
LOWEST: 50 ON 7 3 = THUNDER
SNOW, ICE PELLETS, HAIL 4 = ICE PELLETS
TOTAL MONTH: 0.0 INCH 5 = HAIL
GRTST 24HR 0.0 6 = FREEZING RAIN OR DRIZZLE
GRTST DEPTH: 0 7 = DUSTSTORM OR SANDSTORM:
VSBY 1/2 MILE OR LESS
8 = SMOKE OR HAZE
[NO. OF DAYS WITH] [WEATHER - DAYS WITH] 9 = BLOWING SNOW
X = TORNADO
MAX 32 OR BELOW: 0 0.01 INCH OR MORE: 13
MAX 90 OR ABOVE: 3 0.10 INCH OR MORE: 7
MIN 32 OR BELOW: 0 0.50 INCH OR MORE: 1
MIN 0 OR BELOW: 0 1.00 INCH OR MORE: 1
[HDD (BASE 65) ]
TOTAL THIS MO. 64 CLEAR (SCALE 0-3) 7
DPTR FM NORMAL -16 PTCLDY (SCALE 4-7) 13
TOTAL FM JUL 1 4046 CLOUDY (SCALE 8-10) 10
DPTR FM NORMAL -57
[CDD (BASE 65) ]
TOTAL THIS MO. 75
DPTR FM NORMAL 19 [PRESSURE DATA]
TOTAL FM JAN 1 75 HIGHEST SLP 30.34 ON 20
DPTR FM NORMAL -4 LOWEST SLP 29.63 ON 5
[REMARKS]
#FINAL-06-22#