000
CXUS51 KPBZ 010730
CF6PHD
PRELIMINARY LOCAL CLIMATOLOGICAL DATA (WS FORM: F-6)
STATION: NEW PHILADELPHIA OH
MONTH: APRIL
YEAR: 2022
LATITUDE: 40 28 N
LONGITUDE: 81 25 W
TEMPERATURE IN F: :PCPN: SNOW: WIND :SUNSHINE: SKY :PK WND
================================================================================
1 2 3 4 5 6A 6B 7 8 9 10 11 12 13 14 15 16 17 18
12Z AVG MX 2MIN
DY MAX MIN AVG DEP HDD CDD WTR SNW DPTH SPD SPD DIR MIN PSBL S-S WX SPD DR
================================================================================
1 43 35 39 -7 26 0 0.04 M M 9.9 23 310 M M 10 1 33 300
2 52 27 40 -6 25 0 T M M 2.3 12 260 M M 3 21 270
3 46 33 40 -7 25 0 0.01 M M 8.0 20 310 M M 10 26 290
4 49 29 39 -8 26 0 0.05 M M 4.0 14 120 M M 5 1 18 130
5 59 33 46 -2 19 0 0.23 M M 4.4 12 180 M M 4 1 15 130
6 59 47 53 5 12 0 0.42 M M 4.5 16 140 M M 10 12 24 120
7 58 38 48 0 17 0 0.02 M M 5.5 24 250 M M 5 1 37 240
8 50 31 41 -8 24 0 0.03 M M 5.6 21 250 M M 6 30 250
9 45 36 41 -8 24 0 0.07 M M 6.7 20 250 M M 10 1 29 240
10 57 35 46 -3 19 0 0.00 M M 8.1 17 300 M M 4 22 300
11 59 37 48 -2 17 0 0.55 M M 5.1 12 180 M M 7 13 17 160
12 69 49 59 9 6 0 0.13 M M 4.8 16 290 M M 6 1 22 290
13 79 56 68 18 0 3 0.02 M M 7.9 22 220 M M 5 36 220
14 67 48 58 7 7 0 0.10 M M 9.4 22 280 M M 5 1 32 300
15 71 42 57 6 8 0 0.00 M M 10.2 26 250 M M 1 38 220
16 60 38 49 -3 16 0 0.26 M M 9.5 20 330 M M 8 1 29 320
17 49 32 41 -11 24 0 0.00 M M 6.1 17 320 M M 3 22 330
18 45 35 40 -12 25 0 0.69 M M 7.5 18 240 M M 8 18 30 260
19 46 34 40 -13 25 0 0.05 M M 9.4 18 290 M M 8 1 31 280
20 59 27 43 -10 22 0 0.00 M M 4.6 13 130 M M 0 17 120
21 66 49 58 5 7 0 0.11 M M 7.4 18 220 M M 6 8 27 240
22 71 43 57 3 8 0 0.00 M M 3.6 10 100 M M 4 12 15 100
23 85 49 67 13 0 2 0.00 M M 3.8 15 270 M M 0 8 21 210
24 85 52 69 15 0 4 0.00 M M 6.3 15 210 M M 0 22 210
25 83 57 70 15 0 5 0.49 M M 6.4 18 290 M M 6 13 30 270
26 57 43 50 -5 15 0 T M M 7.7 17 300 M M 9 27 270
27 49 32 41 -14 24 0 0.00 M M 9.7 20 310 M M 6 26 280
28 55 29 42 -14 23 0 0.00 M M 3.0 10 300 M M 1 14 290
29 66 31 49 -7 16 0 0.00 M M 3.5 10 30 M M 0 14 100
30 72 42 57 1 8 0 0.00 M M 2.8 13 130 M M 1 17 170
================================================================================
SM 1811 1169 468 14 3.27 M 187.7 M 151
================================================================================
AV 60.4 39.0 6.3 FASTST M M 5 MAX(MPH)
MISC ----> 26 250 38 220
================================================================================
NOTES:
# LAST OF SEVERAL OCCURRENCES
COLUMN 17 PEAK WIND IN M.P.H.
PRELIMINARY LOCAL CLIMATOLOGICAL DATA (WS FORM: F-6) , PAGE 2
STATION: NEW PHILADELPHIA OH
MONTH: APRIL
YEAR: 2022
LATITUDE: 40 28 N
LONGITUDE: 81 25 W
[TEMPERATURE DATA] [PRECIPITATION DATA] SYMBOLS USED IN COLUMN 16
AVERAGE MONTHLY: 49.7 TOTAL FOR MONTH: 3.27 1 = FOG OR MIST
DPTR FM NORMAL: -1.6 DPTR FM NORMAL: -0.51 2 = FOG REDUCING VISIBILITY
HIGHEST: 85 ON 24,23 GRTST 24HR 0.74 ON 18-19 TO 1/4 MILE OR LESS
LOWEST: 27 ON 20, 2 3 = THUNDER
SNOW, ICE PELLETS, HAIL 4 = ICE PELLETS
TOTAL MONTH: M 5 = HAIL
GRTST 24HR M ON M 6 = FREEZING RAIN OR DRIZZLE
GRTST DEPTH: M ON M 7 = DUSTSTORM OR SANDSTORM:
VSBY 1/2 MILE OR LESS
8 = SMOKE OR HAZE
[NO. OF DAYS WITH] [WEATHER - DAYS WITH] 9 = BLOWING SNOW
X = TORNADO
MAX 32 OR BELOW: 0 0.01 INCH OR MORE: 17
MAX 90 OR ABOVE: 0 0.10 INCH OR MORE: 9
MIN 32 OR BELOW: 8 0.50 INCH OR MORE: 2
MIN 0 OR BELOW: 0 1.00 INCH OR MORE: 0
[HDD (BASE 65) ]
TOTAL THIS MO. 468 CLEAR (SCALE 0-3) 8
DPTR FM NORMAL 50 PTCLDY (SCALE 4-7) 16
TOTAL FM JUL 1 5019 CLOUDY (SCALE 8-10) 6
DPTR FM NORMAL -347
[CDD (BASE 65) ]
TOTAL THIS MO. 14
DPTR FM NORMAL 7 [PRESSURE DATA]
TOTAL FM JAN 1 14 HIGHEST SLP M ON M
DPTR FM NORMAL 6 LOWEST SLP 29.56 ON 6
[REMARKS]
#FINAL-04-22#