000
CXUS51 KPHI 010815
CF6PHL
PRELIMINARY LOCAL CLIMATOLOGICAL DATA (WS FORM: F-6)
STATION: PHILADELPHIA PA
MONTH: MARCH
YEAR: 2023
LATITUDE: 39 52 N
LONGITUDE: 75 15 W
TEMPERATURE IN F: :PCPN: SNOW: WIND :SUNSHINE: SKY :PK WND
================================================================================
1 2 3 4 5 6A 6B 7 8 9 10 11 12 13 14 15 16 17 18
12Z AVG MX 2MIN
DY MAX MIN AVG DEP HDD CDD WTR SNW DPTH SPD SPD DIR MIN PSBL S-S WX SPD DR
================================================================================
1 53 31 42 3 23 0 0.00 0.0 0 6.5 17 190 M M 5 1 21 140
2 59 44 52 13 13 0 T 0.0 0 7.9 18 310 M M 10 1 24 330
3 48 36 42 2 23 0 0.51 T 0 11.7 29 90 M M 9 14 37 90
4 54 40 47 7 18 0 0.19 0.0 0 16.1 33 270 M M 8 1 40 280
5 59 34 47 7 18 0 0.00 0.0 0 10.3 25 310 M M 2 32 280
6 56 39 48 8 17 0 0.00 0.0 0 6.9 15 320 M M 4 19 40
7 49 36 43 2 22 0 0.01 T 0 18.7 32 340 M M 6 43 340
8 50 34 42 1 23 0 0.00 0.0 0 17.4 28 330 M M 4 34 310
9 52 32 42 1 23 0 0.00 0.0 0 13.2 21 330 M M 2 29 330
10 48 35 42 0 23 0 0.24 0.0 0 6.4 14 120 M M 9 1 19 320
11 45 35 40 -2 25 0 0.02 0.0 0 14.7 22 330 M M 9 1 28 340
12 47 30 39 -3 26 0 0.00 0.0 0 6.3 15 340 M M 7 19 340
13 45 38 42 0 23 0 0.08 0.0 0 7.5 17 330 M M 10 1 22 330
14 41 34 38 -5 27 0 T T 0 21.8 37 280 M M 9 1 51 290
15 50 34 42 -1 23 0 0.00 0.0 0 19.6 33 330 M M 4 45 300
16 60 32 46 3 19 0 0.00 0.0 0 8.8 18 260 M M 4 23 260
17 61 40 51 7 14 0 0.01 0.0 0 6.6 21 230 M M 9 26 230
18 54 40 47 3 18 0 0.01 0.0 0 15.6 28 320 M M 7 34 290
19 40 28 34 -10 31 0 0.00 0.0 0 16.6 33 300 M M 3 42 300
20 50 28 39 -6 26 0 0.00 0.0 0 8.5 16 220 M M 1 20 220
21 61 32 47 2 18 0 0.00 0.0 0 7.1 16 220 M M 3 21 220
22 64 38 51 6 14 0 0.00 0.0 0 7.5 18 230 M M 7 22 230
23 62 48 55 9 10 0 0.42 0.0 0 8.3 20 230 M M 10 13 22 240
24 59 44 52 6 13 0 0.12 0.0 0 5.6 16 20 M M 10 1 23 350
25 49 44 47 1 18 0 0.23 0.0 0 8.0 28 110 M M 10 13 35 110
26 63 44 54 7 11 0 0.00 0.0 0 9.1 22 250 M M 3 12 32 270
27 66 39 53 6 12 0 0.15 0.0 0 6.4 18 140 M M 5 28 130
28 53 39 46 -2 19 0 0.00 0.0 0 7.9 18 360 M M 6 1 24 350
29 57 37 47 -1 18 0 T 0.0 0 8.5 25 330 M M 5 34 270
30 48 33 41 -7 24 0 0.00 0.0 0 11.8 26 330 M M 1 30 310
31 63 35 49 0 16 0 0.00 0.0 0 8.3 25 220 M M 8 33 220
================================================================================
SM 1666 1133 608 0 1.99 T 329.6 M 190
================================================================================
AV 53.7 36.5 10.6 FASTST M M 6 MAX(MPH)
MISC ----> 37 280 51 290
================================================================================
NOTES:
# LAST OF SEVERAL OCCURRENCES
COLUMN 17 PEAK WIND IN M.P.H.
PRELIMINARY LOCAL CLIMATOLOGICAL DATA (WS FORM: F-6) , PAGE 2
STATION: PHILADELPHIA PA
MONTH: MARCH
YEAR: 2023
LATITUDE: 39 52 N
LONGITUDE: 75 15 W
[TEMPERATURE DATA] [PRECIPITATION DATA] SYMBOLS USED IN COLUMN 16
AVERAGE MONTHLY: 45.1 TOTAL FOR MONTH: 1.99 1 = FOG OR MIST
DPTR FM NORMAL: 1.5 DPTR FM NORMAL: -1.97 2 = FOG REDUCING VISIBILITY
HIGHEST: 66 ON 27 GRTST 24HR 0.70 ON 3- 4 TO 1/4 MILE OR LESS
LOWEST: 28 ON 20,19 3 = THUNDER
SNOW, ICE PELLETS, HAIL 4 = ICE PELLETS
TOTAL MONTH: T 5 = HAIL
GRTST 24HR T ON 3- 3 6 = FREEZING RAIN OR DRIZZLE
GRTST DEPTH: 0 7 = DUSTSTORM OR SANDSTORM:
VSBY 1/2 MILE OR LESS
8 = SMOKE OR HAZE
[NO. OF DAYS WITH] [WEATHER - DAYS WITH] 9 = BLOWING SNOW
X = TORNADO
MAX 32 OR BELOW: 0 0.01 INCH OR MORE: 12
MAX 90 OR ABOVE: 0 0.10 INCH OR MORE: 7
MIN 32 OR BELOW: 7 0.50 INCH OR MORE: 1
MIN 0 OR BELOW: 0 1.00 INCH OR MORE: 0
[HDD (BASE 65) ]
TOTAL THIS MO. 608 CLEAR (SCALE 0-3) 6
DPTR FM NORMAL -58 PTCLDY (SCALE 4-7) 15
TOTAL FM JUL 1 3410 CLOUDY (SCALE 8-10) 10
DPTR FM NORMAL -656
[CDD (BASE 65) ]
TOTAL THIS MO. 0
DPTR FM NORMAL -1 [PRESSURE DATA]
TOTAL FM JAN 1 0 HIGHEST SLP 30.42 ON 21
DPTR FM NORMAL -1 LOWEST SLP 29.25 ON 4
[REMARKS]
#FINAL-03-23#