000
CXUS51 KPHI 010915
CF6PHL
PRELIMINARY LOCAL CLIMATOLOGICAL DATA (WS FORM: F-6)
STATION: PHILADELPHIA PA
MONTH: JANUARY
YEAR: 2023
LATITUDE: 39 52 N
LONGITUDE: 75 15 W
TEMPERATURE IN F: :PCPN: SNOW: WIND :SUNSHINE: SKY :PK WND
================================================================================
1 2 3 4 5 6A 6B 7 8 9 10 11 12 13 14 15 16 17 18
12Z AVG MX 2MIN
DY MAX MIN AVG DEP HDD CDD WTR SNW DPTH SPD SPD DIR MIN PSBL S-S WX SPD DR
================================================================================
1 57 39 48 13 17 0 0.00 0.0 0 7.7 15 240 M M 5 12 26 210
2 56 38 47 12 18 0 T 0.0 0 2.6 9 240 M M 9 14 200
3 62 47 55 20 10 0 0.07 0.0 0 5.1 14 200 M M 9 1 20 210
4 65 52 59 24 6 0 T 0.0 0 6.1 13 210 M M 9 1 17 200
5 64 46 55 21 10 0 0.18 0.0 0 5.1 12 230 M M 9 128 14 350
6 50 41 46 12 19 0 0.06 0.0 0 9.2 23 310 M M 9 1 28 310
7 46 39 43 9 22 0 0.00 0.0 0 11.0 17 310 M M 8 22 310
8 43 31 37 3 28 0 0.00 0.0 0 6.5 13 190 M M 6 15 200
9 45 36 41 7 24 0 0.07 0.0 0 8.1 20 320 M M 5 18 23 320
10 45 32 39 5 26 0 0.00 0.0 0 7.1 16 280 M M 6 19 280
11 46 30 38 4 27 0 0.00 0.0 0 4.5 13 110 M M 6 18 15 110
12 59 37 48 14 17 0 0.09 0.0 0 7.8 17 190 M M 10 13 23 190
13 58 37 48 14 17 0 0.02 0.0 0 15.6 25 340 M M 10 31 340
14 37 30 34 1 31 0 0.00 0.0 0 18.0 29 340 M M 10 35 330
15 44 28 36 3 29 0 0.00 0.0 0 16.1 26 330 M M 3 31 330
16 50 28 39 6 26 0 0.00 0.0 0 10.4 18 340 M M 3 26 330
17 46 33 40 7 25 0 T 0.0 0 5.6 16 230 M M 8 1 20 200
18 55 41 48 15 17 0 0.00 0.0 0 11.5 22 290 M M 7 12 30 290
19 46 37 42 9 23 0 1.10 0.0 0 4.5 20 320 M M 10 1 23 320
20 49 38 44 11 21 0 0.00 0.0 0 13.1 26 300 M M 7 36 290
21 44 38 41 8 24 0 0.00 0.0 0 9.3 21 340 M M 8 27 340
22 43 32 38 5 27 0 0.59 0.0 0 6.0 15 40 M M 9 1 19 40
23 42 37 40 7 25 0 0.20 0.0 0 12.1 23 290 M M 10 1 29 290
24 49 34 42 9 23 0 0.00 0.0 0 11.2 21 250 M M 5 26 270
25 58 29 44 11 21 0 0.71 0.0 0 9.7 24 180 M M 9 1 31 190
26 58 39 49 16 16 0 0.25 0.0 0 15.9 33 260 M M 8 1 44 270
27 43 33 38 5 27 0 0.00 0.0 0 8.0 17 260 M M 3 23 240
28 53 32 43 10 22 0 0.00 0.0 0 8.6 18 240 M M 6 21 230
29 52 33 43 10 22 0 T 0.0 0 7.7 23 220 M M 8 27 220
30 54 37 46 13 19 0 0.00 0.0 0 4.4 10 220 M M 8 1 14 200
31 45 35 40 6 25 0 0.02 T 0 7.1 17 340 M M 10 4 23 360
================================================================================
SM 1564 1119 664 0 3.36 T 275.6 M 233
================================================================================
AV 50.5 36.1 8.9 FASTST M M 8 MAX(MPH)
MISC ----> 33 260 44 270
================================================================================
NOTES:
# LAST OF SEVERAL OCCURRENCES
COLUMN 17 PEAK WIND IN M.P.H.
PRELIMINARY LOCAL CLIMATOLOGICAL DATA (WS FORM: F-6) , PAGE 2
STATION: PHILADELPHIA PA
MONTH: JANUARY
YEAR: 2023
LATITUDE: 39 52 N
LONGITUDE: 75 15 W
[TEMPERATURE DATA] [PRECIPITATION DATA] SYMBOLS USED IN COLUMN 16
AVERAGE MONTHLY: 43.3 TOTAL FOR MONTH: 3.36 1 = FOG OR MIST
DPTR FM NORMAL: 9.6 DPTR FM NORMAL: 0.23 2 = FOG REDUCING VISIBILITY
HIGHEST: 65 ON 4 GRTST 24HR 1.10 ON 19-19 TO 1/4 MILE OR LESS
LOWEST: 28 ON 16,15 3 = THUNDER
SNOW, ICE PELLETS, HAIL 4 = ICE PELLETS
TOTAL MONTH: T 5 = HAIL
GRTST 24HR T ON 31-31 6 = FREEZING RAIN OR DRIZZLE
GRTST DEPTH: 0 7 = DUSTSTORM OR SANDSTORM:
VSBY 1/2 MILE OR LESS
8 = SMOKE OR HAZE
[NO. OF DAYS WITH] [WEATHER - DAYS WITH] 9 = BLOWING SNOW
X = TORNADO
MAX 32 OR BELOW: 0 0.01 INCH OR MORE: 12
MAX 90 OR ABOVE: 0 0.10 INCH OR MORE: 6
MIN 32 OR BELOW: 9 0.50 INCH OR MORE: 3
MIN 0 OR BELOW: 0 1.00 INCH OR MORE: 1
[HDD (BASE 65) ]
TOTAL THIS MO. 664 CLEAR (SCALE 0-3) 2
DPTR FM NORMAL -308 PTCLDY (SCALE 4-7) 14
TOTAL FM JUL 1 2186 CLOUDY (SCALE 8-10) 15
DPTR FM NORMAL -403
[CDD (BASE 65) ]
TOTAL THIS MO. 0
DPTR FM NORMAL 0 [PRESSURE DATA]
TOTAL FM JAN 1 0 HIGHEST SLP 30.36 ON 8
DPTR FM NORMAL 0 LOWEST SLP 29.46 ON 26
[REMARKS]
#FINAL-01-23#