000
CXUS53 KILX 011000
CF6PIA
PRELIMINARY LOCAL CLIMATOLOGICAL DATA (WS FORM: F-6)
STATION: PEORIA IL
MONTH: FEBRUARY
YEAR: 2024
LATITUDE: 40 40 N
LONGITUDE: 89 41 W
TEMPERATURE IN F: :PCPN: SNOW: WIND :SUNSHINE: SKY :PK WND
================================================================================
1 2 3 4 5 6A 6B 7 8 9 10 11 12 13 14 15 16 17 18
12Z AVG MX 2MIN
DY MAX MIN AVG DEP HDD CDD WTR SNW DPTH SPD SPD DIR MIN PSBL S-S WX SPD DR
================================================================================
1 59 32 46 20 19 0 0.00 0.0 0 5.5 16 60 M M 0 22 60
2 46 37 42 16 23 0 0.00 0.0 0 11.5 21 70 M M 9 28 80
3 52 31 42 16 23 0 0.00 0.0 0 10.7 20 70 M M 1 27 70
4 51 30 41 14 24 0 0.00 0.0 0 11.4 17 60 M M 1 23 40
5 54 29 42 15 23 0 0.00 0.0 0 4.0 9 50 M M 0 14 340
6 46 26 36 9 29 0 0.00 0.0 0 4.2 12 80 M M 3 128 15 80
7 49 29 39 11 26 0 0.00 0.0 0 6.7 21 170 M M 0 1 29 170
8 65 43 54 26 11 0 0.06 0.0 0 16.1 30 190 M M 2 3 45 210
9 61 38 50 22 15 0 0.00 0.0 0 6.0 13 260 M M 1 20 10
10 46 30 38 10 27 0 0.00 0.0 0 5.5 15 310 M M 1 23 310
11 45 27 36 7 29 0 0.00 0.0 0 3.9 10 330 M M 0 15 300
12 48 23 36 7 29 0 0.00 0.0 0 2.5 10 40 M M 0 14 330
13 44 29 37 8 28 0 T 0.0 0 4.3 9 80 M M 6 14 330
14 52 28 40 10 25 0 T 0.0 0 6.8 17 170 M M 1 24 180
15 49 35 42 12 23 0 0.02 0.0 0 11.1 22 310 M M 6 41 310
16 35 17 26 -4 39 0 0.25 3.7 T 8.2 16 320 M M 7 1 28 300
17 25 9 17 -14 48 0 0.00 0.0 3 11.6 21 230 M M 0 27 240
18 44 24 34 3 31 0 0.00 0.0 2 9.5 17 240 M M 0 24 260
19 51 23 37 6 28 0 0.00 0.0 T 4.8 14 190 M M 0 19 180
20 60 30 45 13 20 0 0.00 0.0 0 8.0 18 190 M M 0 26 180
21 65 36 51 19 14 0 0.00 0.0 0 6.7 16 200 M M 1 20 210
22 64 46 55 23 10 0 0.27 0.0 0 5.5 28 270 M M 4 13 48 260
23 59 31 45 12 20 0 T T 0 9.7 23 280 M M 3 31 290
24 40 21 31 -2 34 0 0.00 0.0 0 7.3 14 190 M M 2 23 360
25 66 31 49 15 16 0 0.00 0.0 0 7.3 15 200 M M 0 22 170
26 77 33 55 21 10 0 0.00 0.0 0 10.1 28 180 M M 0 38 180
27 78 32 55 21 10 0 T 0.0 0 11.7 25 290 M M 1 1 37 280
28 33 17 25 -10 40 0 0.02 T T 13.6 26 310 M M 3 6 41 310
29 50 20 35 0 30 0 0.00 0.0 0 10.0 22 190 M M 0 29 180
================================================================================
SM 1514 837 704 0 0.62 3.7 234.2 M 52
================================================================================
AV 52.2 28.9 8.1 FASTST M M 2 MAX(MPH)
MISC ----> 30 190 48 260
================================================================================
NOTES:
# LAST OF SEVERAL OCCURRENCES
COLUMN 17 PEAK WIND IN M.P.H.
PRELIMINARY LOCAL CLIMATOLOGICAL DATA (WS FORM: F-6) , PAGE 2
STATION: PEORIA IL
MONTH: FEBRUARY
YEAR: 2024
LATITUDE: 40 40 N
LONGITUDE: 89 41 W
[TEMPERATURE DATA] [PRECIPITATION DATA] SYMBOLS USED IN COLUMN 16
AVERAGE MONTHLY: 40.5 TOTAL FOR MONTH: 0.62 1 = FOG OR MIST
DPTR FM NORMAL: 10.5 DPTR FM NORMAL: -1.37 2 = FOG REDUCING VISIBILITY
HIGHEST: 78 ON 27 GRTST 24HR 0.30 ON 16-16 TO 1/4 MILE OR LESS
LOWEST: 9 ON 17 3 = THUNDER
SNOW, ICE PELLETS, HAIL 4 = ICE PELLETS
TOTAL MONTH: 3.7 INCHES 5 = HAIL
GRTST 24HR 3.7 ON 16-16 6 = FREEZING RAIN OR DRIZZLE
GRTST DEPTH: 3 ON 17 7 = DUSTSTORM OR SANDSTORM:
VSBY 1/2 MILE OR LESS
8 = SMOKE OR HAZE
[NO. OF DAYS WITH] [WEATHER - DAYS WITH] 9 = BLOWING SNOW
X = TORNADO
MAX 32 OR BELOW: 1 0.01 INCH OR MORE: 5
MAX 90 OR ABOVE: 0 0.10 INCH OR MORE: 2
MIN 32 OR BELOW: 22 0.50 INCH OR MORE: 0
MIN 0 OR BELOW: 0 1.00 INCH OR MORE: 0
[HDD (BASE 65) ]
TOTAL THIS MO. 704 CLEAR (SCALE 0-3) 23
DPTR FM NORMAL -274 PTCLDY (SCALE 4-7) 5
TOTAL FM JUL 1 3615 CLOUDY (SCALE 8-10) 1
DPTR FM NORMAL -801
[CDD (BASE 65) ]
TOTAL THIS MO. 0
DPTR FM NORMAL 0 [PRESSURE DATA]
TOTAL FM JAN 1 0 HIGHEST SLP 30.52 ON 29
DPTR FM NORMAL 0 LOWEST SLP 29.20 ON 27
[REMARKS]
#FINAL-02-24#