000
CXUS53 KABR 030338
CF6PIR
PRELIMINARY LOCAL CLIMATOLOGICAL DATA (WS FORM: F-6)
STATION: PIERRE SD
MONTH: MARCH
YEAR: 2024
LATITUDE: 44 22 N
LONGITUDE: 100 17 W
TEMPERATURE IN F: :PCPN: SNOW: WIND :SUNSHINE: SKY :PK WND
================================================================================
1 2 3 4 5 6A 6B 7 8 9 10 11 12 13 14 15 16 17 18
12Z AVG MX 2MIN
DY MAX MIN AVG DEP HDD CDD WTR SNW DPTH SPD SPD DIR MIN PSBL S-S WX SPD DR
================================================================================
1 69 28 49 21 16 0 0.00 0.0 0 9.5 20 350 M M 0 27 350
2 48 26 37 9 28 0 0.00 0.0 0 9.4 20 70 M M 1 26 50
3 51 30 41 12 24 0 0.00 0.0 0 17.4 41 300 M M 5 12 58 310
4 38 23 31 2 34 0 0.00 0.0 0 9.3 18 340 M M 7 23 340
5 43 24 34 4 31 0 T T T 13.5 26 300 M M 2 32 300
6 50 21 36 6 29 0 0.00 0.0 0 13.2 28 310 M M 5 33 310
7 37 20 29 -1 36 0 0.00 0.0 0 7.9 15 10 M M 8 18 20
8 49 18 34 3 31 0 0.00 0.0 0 7.1 17 340 M M 3 23 340
9 55 17 36 5 29 0 0.00 0.0 0 6.6 15 140 M M 0 20 140
10 64 25 45 13 20 0 0.00 0.0 0 5.8 14 140 M M 0 20 140
11 66 27 47 15 18 0 0.00 0.0 0 6.1 22 340 M M 0 28 330
12 68 24 46 13 19 0 0.00 0.0 0 9.6 23 150 M M 0 32 140
13 60 35 48 15 17 0 0.00 0.0 0 10.9 20 40 M M 1 27 10
14 53 35 44 10 21 0 0.00 0.0 0 17.8 30 350 M M 8 39 350
15 62 30 46 12 19 0 0.00 0.0 0 11.2 22 290 M M 4 28 280
16 50 29 40 6 25 0 0.00 0.0 0 18.5 32 330 M M 1 47 310
17 35 13 24 -11 41 0 0.00 0.0 0 14.1 28 340 M M 4 36 350
18 57 8 33 -2 32 0 0.00 0.0 0 8.9 20 210 M M 0 27 220
19 65 32 49 13 16 0 0.00 0.0 0 14.1 30 40 M M 3 39 60
20 36 22 29 -7 36 0 0.00 0.0 0 11.8 20 30 M M 8 25 90
21 46 21 34 -2 31 0 0.00 0.0 0 16.0 29 50 M M 4 48 50
22 34 22 28 -9 37 0 0.00 0.0 0 9.6 16 20 M M 8 20 10
23 29 19 24 -13 41 0 0.04 0.5 T 15.4 24 130 M M 10 1 33 120
24 30 25 28 -10 37 0 0.27 2.7 2 18.4 28 40 M M 10 16 47 50
25 28 17 23 -15 42 0 T T 3 25.1 32 360 M M 10 189 42 360
26 24 9 17 -21 48 0 T T 3 16.1 25 320 M M 1 1 32 320
27 34 4 19 -20 46 0 0.00 0.0 2 4.9 9 190 M M 0 14 200
28 47 16 32 -7 33 0 0.00 0.0 1 15.0 28 120 M M 2 35 110
29 48 27 38 -2 27 0 0.00 0.0 1 16.0 28 330 M M 7 1 36 330
30 41 33 37 -3 28 0 0.02 T 1 6.6 16 330 M M 10 1 21 330
31 36 32 34 -6 31 0 0.21 0.2 T 12.9 22 80 M M 10 12 28 90
================================================================================
SM 1453 712 923 0 0.54 3.4 378.7 M 132
================================================================================
AV 46.9 23.0 12.2 FASTST M M 4 MAX(MPH)
MISC ----> 41 300 58 310
================================================================================
NOTES:
# LAST OF SEVERAL OCCURRENCES
COLUMN 17 PEAK WIND IN M.P.H.
PRELIMINARY LOCAL CLIMATOLOGICAL DATA (WS FORM: F-6) , PAGE 2
STATION: PIERRE SD
MONTH: MARCH
YEAR: 2024
LATITUDE: 44 22 N
LONGITUDE: 100 17 W
[TEMPERATURE DATA] [PRECIPITATION DATA] SYMBOLS USED IN COLUMN 16
AVERAGE MONTHLY: 34.9 TOTAL FOR MONTH: 0.54 1 = FOG OR MIST
DPTR FM NORMAL: 0.6 DPTR FM NORMAL: -0.42 2 = FOG REDUCING VISIBILITY
HIGHEST: 69 ON 1 GRTST 24HR 0.27 ON 24-24 TO 1/4 MILE OR LESS
LOWEST: 4 ON 27 3 = THUNDER
SNOW, ICE PELLETS, HAIL 4 = ICE PELLETS
TOTAL MONTH: 3.4 INCHES 5 = HAIL
GRTST 24HR 2.7 ON 24-24 6 = FREEZING RAIN OR DRIZZLE
GRTST DEPTH: 3 ON 26,25 7 = DUSTSTORM OR SANDSTORM:
VSBY 1/2 MILE OR LESS
8 = SMOKE OR HAZE
[NO. OF DAYS WITH] [WEATHER - DAYS WITH] 9 = BLOWING SNOW
X = TORNADO
MAX 32 OR BELOW: 4 0.01 INCH OR MORE: 4
MAX 90 OR ABOVE: 0 0.10 INCH OR MORE: 2
MIN 32 OR BELOW: 28 0.50 INCH OR MORE: 0
MIN 0 OR BELOW: 0 1.00 INCH OR MORE: 0
[HDD (BASE 65) ]
TOTAL THIS MO. 923 CLEAR (SCALE 0-3) 14
DPTR FM NORMAL -29 PTCLDY (SCALE 4-7) 9
TOTAL FM JUL 1 5804 CLOUDY (SCALE 8-10) 8
DPTR FM NORMAL -651
[CDD (BASE 65) ]
TOTAL THIS MO. 0
DPTR FM NORMAL 0 [PRESSURE DATA]
TOTAL FM JAN 1 0 HIGHEST SLP 30.43 ON 18
DPTR FM NORMAL 0 LOWEST SLP 29.28 ON 3
[REMARKS]
#FINAL-03-24#
#FINAL-03-24 (UPDATED M`S FOR 3/31)#